000
CDUS43 KTOP 200638
CLITOP


CLIMATE REPORT
NATIONAL WEATHER SERVICE TOPEKA KS
1236 AM CST TUE FEB 20 2018


...................................

...THE TOPEKA KS CLIMATE SUMMARY FOR FEBRUARY 19 2018...

CLIMATE NORMAL PERIOD 1981 TO 2010
CLIMATE RECORD PERIOD 1887 TO 2018


WEATHER ITEM   OBSERVED TIME   RECORD YEAR NORMAL DEPARTURE LAST
                VALUE   (LST)  VALUE       VALUE  FROM      YEAR
                                                  NORMAL
..................................................................
TEMPERATURE (F)
 YESTERDAY
  MAXIMUM         65    731 AM  77    1930  46     19       69
  MINIMUM         28   1159 PM -11    1978  25      3       38
  AVERAGE         47                        36     11       54

PRECIPITATION (IN)
  YESTERDAY        T             1.38 1891   0.05  -0.05     0.00
  MONTH TO DATE    0.11                      0.85  -0.74     T
  SINCE DEC 1      1.36                      3.06  -1.70     2.33
  SINCE JAN 1      1.05                      1.71  -0.66     1.28

SNOWFALL (IN)
  YESTERDAY        0.0           5.6  1938   0.2   -0.2      0.0
  MONTH TO DATE    2.0                       3.5   -1.5      T
  SINCE JAN 1      5.1                       8.4   -3.3      2.2
  SINCE JUL 1      7.2                      14.9   -7.7      5.3
  SNOW DEPTH       0

DEGREE DAYS
 HEATING
  YESTERDAY       18                        29    -11       11
  MONTH TO DATE  636                       608     28      426
  SINCE DEC 1   2706                      2724    -18     2460
  SINCE JUL 1   3529                      3718   -189     3033

 COOLING
  YESTERDAY        0                         0      0        0
  MONTH TO DATE    0                         0      0        0
  SINCE DEC 1      0                         0      0        0
  SINCE JAN 1      0                         0      0        0
..................................................................


WIND (MPH)
  HIGHEST WIND SPEED    25   HIGHEST WIND DIRECTION     W (260)
  HIGHEST GUST SPEED    43   HIGHEST GUST DIRECTION     W (270)
  AVERAGE WIND SPEED    12.1


SKY COVER
  AVERAGE SKY COVER 1.0


WEATHER CONDITIONS
 THE FOLLOWING WEATHER WAS RECORDED YESTERDAY.
  FOG


RELATIVE HUMIDITY (PERCENT)
 HIGHEST   100           300 AM
 LOWEST     78           600 PM
 AVERAGE    89

..........................................................


THE TOPEKA KS CLIMATE NORMALS FOR TODAY
                         NORMAL    RECORD    YEAR
 MAXIMUM TEMPERATURE (F)   47        76      2016
 MINIMUM TEMPERATURE (F)   25       -13      1889


SUNRISE AND SUNSET
FEBRUARY 20 2018......SUNRISE   707 AM CST   SUNSET   605 PM CST
FEBRUARY 21 2018......SUNRISE   706 AM CST   SUNSET   607 PM CST


-  INDICATES NEGATIVE NUMBERS.
R  INDICATES RECORD WAS SET OR TIED.
MM INDICATES DATA IS MISSING.
T  INDICATES TRACE AMOUNT.




$$
