000
CDUS43 KTOP 292132
CLITOP


CLIMATE REPORT
NATIONAL WEATHER SERVICE TOPEKA KS
431 PM CDT SAT AUG 29 2015


...................................

...THE TOPEKA KS CLIMATE SUMMARY FOR AUGUST 29 2015...
VALID TODAY AS OF 0400 PM LOCAL TIME.

CLIMATE NORMAL PERIOD 1981 TO 2010
CLIMATE RECORD PERIOD 1887 TO 2015


WEATHER ITEM   OBSERVED TIME   RECORD YEAR NORMAL DEPARTURE LAST
                VALUE   (LST)  VALUE       VALUE  FROM      YEAR
                                                  NORMAL
..................................................................
TEMPERATURE (F)
 TODAY
  MAXIMUM         76    259 PM 110    1984  87    -11       89
  MINIMUM         62    621 AM  41    1988  64     -2       71
  AVERAGE         69                        75     -6       80

PRECIPITATION (IN)
  TODAY            0.00          3.02 1994   0.13  -0.13     0.13
  MONTH TO DATE    3.10                      3.97  -0.87     4.25
  SINCE JUN 1     18.65                     13.19   5.46    11.43
  SINCE JAN 1     33.24                     26.30   6.94    18.90

SNOWFALL (IN)
  TODAY            0.0           0.0    MM   0.0    0.0      0.0
  MONTH TO DATE    0.0                       0.0    0.0       T
  SINCE JAN 1      7.9                      11.3   -3.4     23.1
  SINCE JUL 1      0.0                       0.0    0.0       T
  SNOW DEPTH       0

DEGREE DAYS
 HEATING
  TODAY            0                         0      0        0
  MONTH TO DATE    0                         0      0        0
  SINCE JUN 1      0                         8     -8        0
  SINCE JUL 1      0                         0      0        0

 COOLING
  TODAY            4                        10     -6       15
  MONTH TO DATE  302                       366    -64      454
  SINCE JUN 1   1116                      1082     34     1160
  SINCE JAN 1   1198                      1208    -10     1377
..................................................................


WIND (MPH)
  HIGHEST WIND SPEED     9   HIGHEST WIND DIRECTION     W (290)
  HIGHEST GUST SPEED    11   HIGHEST GUST DIRECTION     N (340)
  AVERAGE WIND SPEED     5.1



WEATHER CONDITIONS
 THE FOLLOWING WEATHER WAS RECORDED TODAY.
  FOG


RELATIVE HUMIDITY (PERCENT)
 HIGHEST   100           500 AM
 LOWEST     69           200 PM
 AVERAGE    85

..........................................................


THE TOPEKA KS CLIMATE NORMALS FOR TOMORROW
                         NORMAL    RECORD    YEAR
 MAXIMUM TEMPERATURE (F)   86       107      1947
                                             1939
 MINIMUM TEMPERATURE (F)   63        45      1915


SUNRISE AND SUNSET
AUGUST 29 2015........SUNRISE   648 AM CDT   SUNSET   758 PM CDT
AUGUST 30 2015........SUNRISE   649 AM CDT   SUNSET   756 PM CDT


-  INDICATES NEGATIVE NUMBERS.
R  INDICATES RECORD WAS SET OR TIED.
MM INDICATES DATA IS MISSING.
T  INDICATES TRACE AMOUNT.




$$
