000
CDUS43 KTOP 120640
CLITOP


CLIMATE REPORT
NATIONAL WEATHER SERVICE TOPEKA KS
139 AM CDT MON JUN 12 2017


...................................

...THE TOPEKA KS CLIMATE SUMMARY FOR JUNE 11 2017...

CLIMATE NORMAL PERIOD 1981 TO 2010
CLIMATE RECORD PERIOD 1887 TO 2017


WEATHER ITEM   OBSERVED TIME   RECORD YEAR NORMAL DEPARTURE LAST
                VALUE   (LST)  VALUE       VALUE  FROM      YEAR
                                                  NORMAL
..................................................................
TEMPERATURE (F)
 YESTERDAY
  MAXIMUM         93    317 PM 105    1953  84      9       93
  MINIMUM         74    613 AM  43    1988  63     11       75
                                      1889
  AVERAGE         84                        73     11       84

PRECIPITATION (IN)
  YESTERDAY        0.00          2.72 1969   0.19  -0.19     0.00
  MONTH TO DATE    0.31                      1.98  -1.67     0.75
  SINCE JUN 1      0.31                      1.98  -1.67     0.75
  SINCE JAN 1     15.46                     15.09   0.37    20.06

SNOWFALL (IN)
  YESTERDAY        0.0           T    1987   0.0    0.0      0.0
  MONTH TO DATE    0.0                       0.0    0.0      0.0
  SINCE JAN 1      3.5                      11.3   -7.8      3.7
  SINCE JUL 1      6.6                      17.8  -11.2      4.9
  SNOW DEPTH       0

DEGREE DAYS
 HEATING
  YESTERDAY        0                         0      0        0
  MONTH TO DATE    0                         6     -6        0
  SINCE JUN 1      0                         6     -6        0
  SINCE JUL 1   4007                      5019  -1012     4002

 COOLING
  YESTERDAY       19                         8     11       19
  MONTH TO DATE  108                        78     30      112
  SINCE JUN 1    108                        78     30      112
  SINCE JAN 1    237                       204     33      204
..................................................................


WIND (MPH)
  HIGHEST WIND SPEED    28   HIGHEST WIND DIRECTION     S (170)
  HIGHEST GUST SPEED    40   HIGHEST GUST DIRECTION     S (160)
  AVERAGE WIND SPEED    16.9


SKY COVER
  AVERAGE SKY COVER 0.0


WEATHER CONDITIONS
 THE FOLLOWING WEATHER WAS RECORDED YESTERDAY.
  NO SIGNIFICANT WEATHER WAS OBSERVED.


RELATIVE HUMIDITY (PERCENT)
 HIGHEST    79           500 AM
 LOWEST     46           300 PM
 AVERAGE    63

..........................................................


THE TOPEKA KS CLIMATE NORMALS FOR TODAY
                         NORMAL    RECORD    YEAR
 MAXIMUM TEMPERATURE (F)   84       102      1953
 MINIMUM TEMPERATURE (F)   63        48      1896


SUNRISE AND SUNSET
JUNE 12 2017..........SUNRISE   556 AM CDT   SUNSET   849 PM CDT
JUNE 13 2017..........SUNRISE   556 AM CDT   SUNSET   849 PM CDT


-  INDICATES NEGATIVE NUMBERS.
R  INDICATES RECORD WAS SET OR TIED.
MM INDICATES DATA IS MISSING.
T  INDICATES TRACE AMOUNT.




$$
