000
CDUS43 KTOP 230633
CLITOP


CLIMATE REPORT
NATIONAL WEATHER SERVICE TOPEKA KS
132 AM CDT SAT APR 23 2016


...................................

...THE TOPEKA KS CLIMATE SUMMARY FOR APRIL 22 2016...

CLIMATE NORMAL PERIOD 1981 TO 2010
CLIMATE RECORD PERIOD 1887 TO 2016


WEATHER ITEM   OBSERVED TIME   RECORD YEAR NORMAL DEPARTURE LAST
                VALUE   (LST)  VALUE       VALUE  FROM      YEAR
                                                  NORMAL
..................................................................
TEMPERATURE (F)
 YESTERDAY
  MAXIMUM         71    530 PM  94    1953  69      2       59
  MINIMUM         48    450 AM  26    1986  46      2       37
  AVERAGE         60                        57      3       48

PRECIPITATION (IN)
  YESTERDAY        0.00          2.36 1944   0.13  -0.13     0.00
  MONTH TO DATE    2.55                      2.42   0.13     1.85
  SINCE MAR 1      4.85                      4.91  -0.06     2.62
  SINCE JAN 1      6.12                      7.09  -0.97     4.61

SNOWFALL (IN)
  YESTERDAY        0.0           T    1930   0.0    0.0      0.0
  MONTH TO DATE    0.0                       0.3   -0.3      0.0
  SINCE JAN 1      3.7                      11.3   -7.6      7.9
  SINCE JUL 1      4.9                      17.8  -12.9     10.3
  SNOW DEPTH       0

DEGREE DAYS
 HEATING
  YESTERDAY        5                         9     -4       17
  MONTH TO DATE  174                       262    -88      162
  SINCE MAR 1    602                       890   -288      715
  SINCE JUL 1   3854                      4857  -1003     4716

 COOLING
  YESTERDAY        0                         1     -1        0
  MONTH TO DATE    3                        15    -12        5
  SINCE MAR 1      6                        18    -12        5
  SINCE JAN 1      6                        18    -12        5
..................................................................


WIND (MPH)
  HIGHEST WIND SPEED    13   HIGHEST WIND DIRECTION     N (10)
  HIGHEST GUST SPEED    17   HIGHEST GUST DIRECTION     N (360)
  AVERAGE WIND SPEED     3.4


SKY COVER
  AVERAGE SKY COVER 0.5


WEATHER CONDITIONS
 THE FOLLOWING WEATHER WAS RECORDED YESTERDAY.
  FOG


RELATIVE HUMIDITY (PERCENT)
 HIGHEST    93           500 AM
 LOWEST     47           500 PM
 AVERAGE    70

..........................................................


THE TOPEKA KS CLIMATE NORMALS FOR TODAY
                         NORMAL    RECORD    YEAR
 MAXIMUM TEMPERATURE (F)   69        92      1939
 MINIMUM TEMPERATURE (F)   46        30      1982
                                             1956


SUNRISE AND SUNSET
APRIL 23 2016.........SUNRISE   634 AM CDT   SUNSET   808 PM CDT
APRIL 24 2016.........SUNRISE   633 AM CDT   SUNSET   809 PM CDT


-  INDICATES NEGATIVE NUMBERS.
R  INDICATES RECORD WAS SET OR TIED.
MM INDICATES DATA IS MISSING.
T  INDICATES TRACE AMOUNT.




$$
