000
CDUS43 KTOP 162134
CLITOP


CLIMATE REPORT
NATIONAL WEATHER SERVICE TOPEKA KS
433 PM CDT SUN JUL 16 2017


...................................

...THE TOPEKA KS CLIMATE SUMMARY FOR JULY 16 2017...
VALID TODAY AS OF 0400 PM LOCAL TIME.

CLIMATE NORMAL PERIOD 1981 TO 2010
CLIMATE RECORD PERIOD 1887 TO 2017


WEATHER ITEM   OBSERVED TIME   RECORD YEAR NORMAL DEPARTURE LAST
                VALUE   (LST)  VALUE       VALUE  FROM      YEAR
                                                  NORMAL
..................................................................
TEMPERATURE (F)
 TODAY
  MAXIMUM         92    259 PM 109    1936  90      2       89
  MINIMUM         71    603 AM  50    2014  69      2       67
  AVERAGE         82                        79      3       78

PRECIPITATION (IN)
  TODAY            0.00          1.81 1968   0.11  -0.11     0.00
  MONTH TO DATE    2.21                      2.11   0.10     4.50
  SINCE JUN 1      8.80                      7.51   1.29     6.89
  SINCE JAN 1     23.95                     20.62   3.33    26.20

SNOWFALL (IN)
  TODAY            0.0           T    1953   0.0    0.0      0.0
  MONTH TO DATE    0.0                       0.0    0.0       T
  SINCE JAN 1      3.5                      11.3   -7.8      3.7
  SINCE JUL 1      0.0                       0.0    0.0       T
  SNOW DEPTH       0

DEGREE DAYS
 HEATING
  TODAY            0                         0      0        0
  MONTH TO DATE    0                         0      0        0
  SINCE JUN 1      0                         8     -8        0
  SINCE JUL 1      0                         0      0        0

 COOLING
  TODAY           17                        14      3       13
  MONTH TO DATE  241                       219     22      212
  SINCE JUN 1    565                       503     62      651
  SINCE JAN 1    694                       629     65      743
..................................................................


WIND (MPH)
  HIGHEST WIND SPEED     8   HIGHEST WIND DIRECTION    SE (150)
  HIGHEST GUST SPEED    13   HIGHEST GUST DIRECTION    SE (130)
  AVERAGE WIND SPEED     1.9



WEATHER CONDITIONS
 THE FOLLOWING WEATHER WAS RECORDED TODAY.
  NO SIGNIFICANT WEATHER WAS OBSERVED.


RELATIVE HUMIDITY (PERCENT)
 HIGHEST   100           300 AM
 LOWEST     49           300 PM
 AVERAGE    75

..........................................................


THE TOPEKA KS CLIMATE NORMALS FOR TOMORROW
                         NORMAL    RECORD    YEAR
 MAXIMUM TEMPERATURE (F)   90       108      1936
                                             1934
 MINIMUM TEMPERATURE (F)   69        57      2009
                                             1967


SUNRISE AND SUNSET
JULY 16 2017..........SUNRISE   610 AM CDT   SUNSET   847 PM CDT
JULY 17 2017..........SUNRISE   611 AM CDT   SUNSET   846 PM CDT


-  INDICATES NEGATIVE NUMBERS.
R  INDICATES RECORD WAS SET OR TIED.
MM INDICATES DATA IS MISSING.
T  INDICATES TRACE AMOUNT.




$$
