000
CDUS43 KTOP 222133
CLITOP


CLIMATE REPORT
NATIONAL WEATHER SERVICE TOPEKA KS
433 PM CDT SAT AUG 22 2015


...................................

...THE TOPEKA KS CLIMATE SUMMARY FOR AUGUST 22 2015...
VALID TODAY AS OF 0400 PM LOCAL TIME.

CLIMATE NORMAL PERIOD 1981 TO 2010
CLIMATE RECORD PERIOD 1887 TO 2015


WEATHER ITEM   OBSERVED TIME   RECORD YEAR NORMAL DEPARTURE LAST
                VALUE   (LST)  VALUE       VALUE  FROM      YEAR
                                                  NORMAL
..................................................................
TEMPERATURE (F)
 TODAY
  MAXIMUM         87    254 PM 103    1936  88     -1       94
  MINIMUM         68    644 AM  48    1889  65      3       79
  AVERAGE         78                        77      1       87

PRECIPITATION (IN)
  TODAY            0.00          3.20 2001   0.14  -0.14      T
  MONTH TO DATE    2.21                      3.00  -0.79     3.32
  SINCE JUN 1     17.76                     12.22   5.54    10.50
  SINCE JAN 1     32.35                     25.33   7.02    17.97

SNOWFALL (IN)
  TODAY            0.0           0.0    MM   0.0    0.0      0.0
  MONTH TO DATE    0.0                       0.0    0.0       T
  SINCE JAN 1      7.9                      11.3   -3.4     23.1
  SINCE JUL 1      0.0                       0.0    0.0       T
  SNOW DEPTH       0

DEGREE DAYS
 HEATING
  TODAY            0                         0      0        0
  MONTH TO DATE    0                         0      0        0
  SINCE JUN 1      0                         8     -8        0
  SINCE JUL 1      0                         0      0        0

 COOLING
  TODAY           13                        12      1       22
  MONTH TO DATE  264                       290    -26      315
  SINCE JUN 1   1078                      1006     72     1021
  SINCE JAN 1   1160                      1132     28     1238
..................................................................


WIND (MPH)
  HIGHEST WIND SPEED    21   HIGHEST WIND DIRECTION     S (160)
  HIGHEST GUST SPEED    26   HIGHEST GUST DIRECTION     S (160)
  AVERAGE WIND SPEED     9.8



WEATHER CONDITIONS
 THE FOLLOWING WEATHER WAS RECORDED TODAY.
  NO SIGNIFICANT WEATHER WAS OBSERVED.


RELATIVE HUMIDITY (PERCENT)
 HIGHEST    93           600 AM
 LOWEST     57           200 PM
 AVERAGE    75

..........................................................


THE TOPEKA KS CLIMATE NORMALS FOR TOMORROW
                         NORMAL    RECORD    YEAR
 MAXIMUM TEMPERATURE (F)   88       105      1936
 MINIMUM TEMPERATURE (F)   65        43      1891


SUNRISE AND SUNSET
AUGUST 22 2015........SUNRISE   642 AM CDT   SUNSET   808 PM CDT
AUGUST 23 2015........SUNRISE   643 AM CDT   SUNSET   807 PM CDT


-  INDICATES NEGATIVE NUMBERS.
R  INDICATES RECORD WAS SET OR TIED.
MM INDICATES DATA IS MISSING.
T  INDICATES TRACE AMOUNT.




$$
