000
CDUS43 KTOP 110633
CLITOP


CLIMATE REPORT
NATIONAL WEATHER SERVICE TOPEKA KS
1233 AM CST THU JAN 11 2018


...................................

...THE TOPEKA KS CLIMATE SUMMARY FOR JANUARY 10 2018...

CLIMATE NORMAL PERIOD 1981 TO 2010
CLIMATE RECORD PERIOD 1887 TO 2018


WEATHER ITEM   OBSERVED TIME   RECORD YEAR NORMAL DEPARTURE LAST
                VALUE   (LST)  VALUE       VALUE  FROM      YEAR
                                                  NORMAL
..................................................................
TEMPERATURE (F)
 YESTERDAY
  MAXIMUM         55    400 PM  71    1990  40     15       54
  MINIMUM         39    239 AM -15    1982  20     19       28
  AVERAGE         47                        30     17       41

PRECIPITATION (IN)
  YESTERDAY        0.00          0.56 2011   0.02  -0.02      T
  MONTH TO DATE    0.01                      0.25  -0.24     0.33
  SINCE DEC 1      0.32                      1.60  -1.28     1.38
  SINCE JAN 1      0.01                      0.25  -0.24     0.33

SNOWFALL (IN)
  YESTERDAY        0.0           7.9  2011   0.2   -0.2      0.0
  MONTH TO DATE    0.0                       1.6   -1.6      2.2
  SINCE JAN 1      0.0                       1.6   -1.6      2.2
  SINCE JUL 1      2.1                       8.1   -6.0      5.3
  SNOW DEPTH       0

DEGREE DAYS
 HEATING
  YESTERDAY       18                        36    -18       24
  MONTH TO DATE  397                       353     44      399
  SINCE DEC 1   1370                      1376     -6     1458
  SINCE JUL 1   2193                      2370   -177     2031

 COOLING
  YESTERDAY        0                         0      0        0
  MONTH TO DATE    0                         0      0        0
  SINCE DEC 1      0                         0      0        0
  SINCE JAN 1      0                         0      0        0
..................................................................


WIND (MPH)
  HIGHEST WIND SPEED    22   HIGHEST WIND DIRECTION     S (170)
  HIGHEST GUST SPEED    29   HIGHEST GUST DIRECTION     S (170)
  AVERAGE WIND SPEED    14.3


SKY COVER
  AVERAGE SKY COVER 0.5


WEATHER CONDITIONS
 THE FOLLOWING WEATHER WAS RECORDED YESTERDAY.
  NO SIGNIFICANT WEATHER WAS OBSERVED.


RELATIVE HUMIDITY (PERCENT)
 HIGHEST    93           500 AM
 LOWEST     61           200 PM
 AVERAGE    77

..........................................................


THE TOPEKA KS CLIMATE NORMALS FOR TODAY
                         NORMAL    RECORD    YEAR
 MAXIMUM TEMPERATURE (F)   40        66      2007
                                             1911
 MINIMUM TEMPERATURE (F)   19       -15      1977
                                             1918


SUNRISE AND SUNSET
JANUARY 11 2018.......SUNRISE   741 AM CST   SUNSET   520 PM CST
JANUARY 12 2018.......SUNRISE   741 AM CST   SUNSET   521 PM CST


-  INDICATES NEGATIVE NUMBERS.
R  INDICATES RECORD WAS SET OR TIED.
MM INDICATES DATA IS MISSING.
T  INDICATES TRACE AMOUNT.




$$
