000
CDUS43 KTOP 022152
CLITOP


CLIMATE REPORT
NATIONAL WEATHER SERVICE TOPEKA KS
450 PM CDT THU NOV 2 2017


...................................

...THE TOPEKA KS CLIMATE SUMMARY FOR NOVEMBER 2 2017...
VALID TODAY AS OF 0400 PM LOCAL TIME.

CLIMATE NORMAL PERIOD 1981 TO 2010
CLIMATE RECORD PERIOD 1887 TO 2017


WEATHER ITEM   OBSERVED TIME   RECORD YEAR NORMAL DEPARTURE LAST
                VALUE   (LST)  VALUE       VALUE  FROM      YEAR
                                                  NORMAL
..................................................................
TEMPERATURE (F)
 TODAY
  MAXIMUM         54    844 AM  82    1964  62     -8       78
                                      1887
  MINIMUM         48    116 AM  14    1991  39      9       58
                                      1966
  AVERAGE         51                        50      1       68

PRECIPITATION (IN)
  TODAY            0.00          0.64 1903   0.07  -0.07     0.04
  MONTH TO DATE    0.00                      0.15  -0.15     0.04
  SINCE SEP 1      4.72                      6.84  -2.12     9.14
  SINCE JAN 1     38.19                     33.41   4.78    42.03

SNOWFALL (IN)
  TODAY            0.0           0.1  1995   0.0    0.0      0.0
  MONTH TO DATE    0.0                       0.0    0.0      0.0
  SINCE JAN 1      3.9                      11.6   -7.7      3.7
  SINCE JUL 1      0.4                       0.3    0.1       T
  SNOW DEPTH       0

DEGREE DAYS
 HEATING
  TODAY           14                        15     -1        0
  MONTH TO DATE   37                        29      8        0
  SINCE SEP 1    292                       383    -91      156
  SINCE JUL 1    292                       385    -93      156

 COOLING
  TODAY            0                         0      0        3
  MONTH TO DATE    0                         0      0        7
  SINCE SEP 1    283                       192     91      304
  SINCE JAN 1   1473                      1420     53     1705
..................................................................


WIND (MPH)
  HIGHEST WIND SPEED    22   HIGHEST WIND DIRECTION     N (10)
  HIGHEST GUST SPEED    28   HIGHEST GUST DIRECTION     N (360)
  AVERAGE WIND SPEED     9.4



WEATHER CONDITIONS
 THE FOLLOWING WEATHER WAS RECORDED TODAY.
  FOG
  FOG W/VISIBILITY <= 1/4 MILE


RELATIVE HUMIDITY (PERCENT)
 HIGHEST   100          1200 AM
 LOWEST     77           300 PM
 AVERAGE    89

..........................................................


THE TOPEKA KS CLIMATE NORMALS FOR TOMORROW
                         NORMAL    RECORD    YEAR
 MAXIMUM TEMPERATURE (F)   61        84      1924
 MINIMUM TEMPERATURE (F)   39        10      1966


SUNRISE AND SUNSET
NOVEMBER  2 2017......SUNRISE   751 AM CDT   SUNSET   620 PM CDT
NOVEMBER  3 2017......SUNRISE   753 AM CDT   SUNSET   619 PM CDT


-  INDICATES NEGATIVE NUMBERS.
R  INDICATES RECORD WAS SET OR TIED.
MM INDICATES DATA IS MISSING.
T  INDICATES TRACE AMOUNT.




$$
