000
CDUS43 KTOP 110631
CLITOP


CLIMATE REPORT
NATIONAL WEATHER SERVICE TOPEKA KS
131 AM CDT WED MAY 11 2016


...................................

...THE TOPEKA KS CLIMATE SUMMARY FOR MAY 10 2016...

CLIMATE NORMAL PERIOD 1981 TO 2010
CLIMATE RECORD PERIOD 1887 TO 2016


WEATHER ITEM   OBSERVED TIME   RECORD YEAR NORMAL DEPARTURE LAST
                VALUE   (LST)  VALUE       VALUE  FROM      YEAR
                                                  NORMAL
..................................................................
TEMPERATURE (F)
 YESTERDAY
  MAXIMUM         83    439 PM  92    2011  74      9       74
  MINIMUM         53    553 AM  35    1981  52      1       52
  AVERAGE         68                        63      5       63

PRECIPITATION (IN)
  YESTERDAY        0.00          1.67 2003   0.16  -0.16     0.28
  MONTH TO DATE    0.50                      1.54  -1.04     2.06
  SINCE MAR 1      9.72                      7.56   2.16     5.23
  SINCE JAN 1     10.99                      9.74   1.25     7.22

SNOWFALL (IN)
  YESTERDAY        0.0           T    1971   0.0    0.0      0.0
  MONTH TO DATE    0.0                       0.0    0.0      0.0
  SINCE JAN 1      3.7                      11.3   -7.6      7.9
  SINCE JUL 1      4.9                      17.8  -12.9     10.3
  SNOW DEPTH       0

DEGREE DAYS
 HEATING
  YESTERDAY        0                         4     -4        2
  MONTH TO DATE   42                        50     -8        6
  SINCE MAR 1    679                      1000   -321      787
  SINCE JUL 1   3931                      4967  -1036     4788

 COOLING
  YESTERDAY        3                         2      1        0
  MONTH TO DATE   18                        18      0       34
  SINCE MAR 1     36                        46    -10       39
  SINCE JAN 1     36                        46    -10       39
..................................................................


WIND (MPH)
  HIGHEST WIND SPEED    10   HIGHEST WIND DIRECTION    SE (130)
  HIGHEST GUST SPEED    14   HIGHEST GUST DIRECTION    SE (140)
  AVERAGE WIND SPEED     3.8


SKY COVER
  AVERAGE SKY COVER 0.0


WEATHER CONDITIONS
 THE FOLLOWING WEATHER WAS RECORDED YESTERDAY.
  FOG


RELATIVE HUMIDITY (PERCENT)
 HIGHEST    93          1200 AM
 LOWEST     43           500 PM
 AVERAGE    68

..........................................................


THE TOPEKA KS CLIMATE NORMALS FOR TODAY
                         NORMAL    RECORD    YEAR
 MAXIMUM TEMPERATURE (F)   74        95      2000
 MINIMUM TEMPERATURE (F)   53        31      1981


SUNRISE AND SUNSET
MAY 11 2016...........SUNRISE   613 AM CDT   SUNSET   825 PM CDT
MAY 12 2016...........SUNRISE   612 AM CDT   SUNSET   826 PM CDT


-  INDICATES NEGATIVE NUMBERS.
R  INDICATES RECORD WAS SET OR TIED.
MM INDICATES DATA IS MISSING.
T  INDICATES TRACE AMOUNT.




$$
