000
CDUS43 KTOP 120634
CLITOP


CLIMATE REPORT
NATIONAL WEATHER SERVICE TOPEKA KS
1233 AM CST FRI DEC 12 2014


...................................

...THE TOPEKA KS CLIMATE SUMMARY FOR DECEMBER 11 2014...

CLIMATE NORMAL PERIOD 1981 TO 2010
CLIMATE RECORD PERIOD 1887 TO 2014


WEATHER ITEM   OBSERVED TIME   RECORD YEAR NORMAL DEPARTURE LAST
                VALUE   (LST)  VALUE       VALUE  FROM      YEAR
                                                  NORMAL
..................................................................
TEMPERATURE (F)
 YESTERDAY
  MAXIMUM         40   1159 PM  69    1939  42     -2       28
                                      1896
  MINIMUM         35    655 AM   0    1917  23     12       10
  AVERAGE         38                        33      5       19

PRECIPITATION (IN)
  YESTERDAY        0.00          1.98 2007   0.05  -0.05     0.00
  MONTH TO DATE    1.09                      0.57   0.52     0.08
  SINCE DEC 1      1.09                      0.57   0.52     0.08
  SINCE JAN 1     29.97                     35.68  -5.71    33.53

SNOWFALL (IN)
  YESTERDAY        0.0           5.5  1960   0.2   -0.2      0.0
  MONTH TO DATE    0.0                       1.6   -1.6      1.0
  SINCE JAN 1     23.5                      14.2    9.3     25.2
  SINCE JUL 1      0.4                       2.9   -2.5      1.0
  SNOW DEPTH       0

DEGREE DAYS
 HEATING
  YESTERDAY       27                        32     -5       46
  MONTH TO DATE  314                       337    -23      428
  SINCE DEC 1    314                       337    -23      428
  SINCE JUL 1   1345                      1331     14     1424

 COOLING
  YESTERDAY        0                         0      0        0
  MONTH TO DATE    0                         0      0        0
  SINCE DEC 1      0                         0      0        0
  SINCE JAN 1   1611                      1422    189     1586
..................................................................


WIND (MPH)
  HIGHEST WIND SPEED     8   HIGHEST WIND DIRECTION     E (80)
  HIGHEST GUST SPEED     9   HIGHEST GUST DIRECTION     E (70)
  AVERAGE WIND SPEED     3.8


SKY COVER
  AVERAGE SKY COVER 1.0


WEATHER CONDITIONS
 THE FOLLOWING WEATHER WAS RECORDED YESTERDAY.
  FOG


RELATIVE HUMIDITY (PERCENT)
 HIGHEST   100           900 PM
 LOWEST     92          1200 AM
 AVERAGE    96

..........................................................


THE TOPEKA KS CLIMATE NORMALS FOR TODAY
                         NORMAL    RECORD    YEAR
 MAXIMUM TEMPERATURE (F)   42        74      1889
 MINIMUM TEMPERATURE (F)   23        -7      1932


SUNRISE AND SUNSET
DECEMBER 12 2014......SUNRISE   732 AM CST   SUNSET   500 PM CST
DECEMBER 13 2014......SUNRISE   733 AM CST   SUNSET   500 PM CST


-  INDICATES NEGATIVE NUMBERS.
R  INDICATES RECORD WAS SET OR TIED.
MM INDICATES DATA IS MISSING.
T  INDICATES TRACE AMOUNT.




$$
