000
CDUS43 KTOP 240633
CLITOP


CLIMATE REPORT
NATIONAL WEATHER SERVICE TOPEKA KS
1232 AM CST SAT JAN 24 2015


...................................

...THE TOPEKA KS CLIMATE SUMMARY FOR JANUARY 23 2015...

CLIMATE NORMAL PERIOD 1981 TO 2010
CLIMATE RECORD PERIOD 1887 TO 2015


WEATHER ITEM   OBSERVED TIME   RECORD YEAR NORMAL DEPARTURE LAST
                VALUE   (LST)  VALUE       VALUE  FROM      YEAR
                                                  NORMAL
..................................................................
TEMPERATURE (F)
 YESTERDAY
  MAXIMUM         50    406 PM  73    1967  40     10       19
  MINIMUM         17    557 AM -10    1962  20     -3        2
  AVERAGE         34                        30      4       11

PRECIPITATION (IN)
  YESTERDAY        0.00          1.11 1938   0.03  -0.03     0.00
  MONTH TO DATE    0.08                      0.58  -0.50     0.34
  SINCE DEC 1      2.35                      1.93   0.42     0.90
  SINCE JAN 1      0.08                      0.58  -0.50     0.34

SNOWFALL (IN)
  YESTERDAY        0.0           3.6  1939   0.2   -0.2      0.0
  MONTH TO DATE    1.2                       3.6   -2.4      3.8
  SINCE JAN 1      1.2                       3.6   -2.4      3.8
  SINCE JUL 1      3.6                      10.1   -6.5      8.1
  SNOW DEPTH       0

DEGREE DAYS
 HEATING
  YESTERDAY       31                        35     -4       54
  MONTH TO DATE  838                       812     26      869
  SINCE DEC 1   1721                      1835   -114     1977
  SINCE JUL 1   2752                      2829    -77     2973

 COOLING
  YESTERDAY        0                         0      0        0
  MONTH TO DATE    0                         0      0        0
  SINCE DEC 1      0                         0      0        0
  SINCE JAN 1      0                         0      0        0
..................................................................


WIND (MPH)
  HIGHEST WIND SPEED    17   HIGHEST WIND DIRECTION    SW (240)
  HIGHEST GUST SPEED    25   HIGHEST GUST DIRECTION    SW (210)
  AVERAGE WIND SPEED     4.5


SKY COVER
  AVERAGE SKY COVER 0.1


WEATHER CONDITIONS
 THE FOLLOWING WEATHER WAS RECORDED YESTERDAY.
  FOG
  HAZE


RELATIVE HUMIDITY (PERCENT)
 HIGHEST    92           100 AM
 LOWEST     26           600 PM
 AVERAGE    59

..........................................................


THE TOPEKA KS CLIMATE NORMALS FOR TODAY
                         NORMAL    RECORD    YEAR
 MAXIMUM TEMPERATURE (F)   40        72      1981
 MINIMUM TEMPERATURE (F)   20       -14      1894


SUNRISE AND SUNSET
JANUARY 24 2015.......SUNRISE   735 AM CST   SUNSET   534 PM CST
JANUARY 25 2015.......SUNRISE   735 AM CST   SUNSET   535 PM CST


-  INDICATES NEGATIVE NUMBERS.
R  INDICATES RECORD WAS SET OR TIED.
MM INDICATES DATA IS MISSING.
T  INDICATES TRACE AMOUNT.




$$
