000
CDUS43 KTOP 022135
CLITOP


CLIMATE REPORT
NATIONAL WEATHER SERVICE TOPEKA KS
434 PM CDT WED APR 2 2014


...................................

...THE TOPEKA KS CLIMATE SUMMARY FOR APRIL 2 2014...
VALID TODAY AS OF 0400 PM LOCAL TIME.

CLIMATE NORMAL PERIOD 1981 TO 2010
CLIMATE RECORD PERIOD 1887 TO 2014


WEATHER ITEM   OBSERVED TIME   RECORD YEAR NORMAL DEPARTURE LAST
                VALUE   (LST)  VALUE       VALUE  FROM      YEAR
                                                  NORMAL
..................................................................
TEMPERATURE (F)
 TODAY
  MAXIMUM         52    255 PM  90    1889  63    -11       54
  MINIMUM         45    850 AM  14    1970  39      6       27
  AVERAGE         49                        51     -2       41

PRECIPITATION (IN)
  TODAY            0.24          1.06 1956   0.10   0.14     0.00
  MONTH TO DATE    0.24                      0.20   0.04     0.00
  SINCE MAR 1      0.97                      2.69  -1.72     2.01
  SINCE JAN 1      2.63                      4.87  -2.24     4.45

SNOWFALL (IN)
  TODAY            0.0           7.0  1926   0.1   -0.1      0.0
  MONTH TO DATE    0.0                       0.1   -0.1      0.0
  SINCE JAN 1     23.0                      11.1   11.9     23.9
  SINCE JUL 1     27.3                      17.6    9.7     29.3
  SNOW DEPTH       0

DEGREE DAYS
 HEATING
  TODAY           16                        15      1       24
  MONTH TO DATE   40                        30     10       48
  SINCE MAR 1    750                       658     92      812
  SINCE JUL 1   5072                      4625    447     4369

 COOLING
  TODAY            0                         0      0        0
  MONTH TO DATE    0                         0      0        0
  SINCE MAR 1      0                         3     -3        0
  SINCE JAN 1      0                         3     -3        0
..................................................................


WIND (MPH)
  HIGHEST WIND SPEED    17   HIGHEST WIND DIRECTION     E (80)
  HIGHEST GUST SPEED    23   HIGHEST GUST DIRECTION     E (70)
  AVERAGE WIND SPEED     9.4



WEATHER CONDITIONS
 THE FOLLOWING WEATHER WAS RECORDED TODAY.
  THUNDERSTORM
  LIGHT RAIN
  FOG


RELATIVE HUMIDITY (PERCENT)
 HIGHEST    93          1100 AM
 LOWEST     42          1200 AM
 AVERAGE    68

..........................................................


THE TOPEKA KS CLIMATE NORMALS FOR TOMORROW
                         NORMAL    RECORD    YEAR
 MAXIMUM TEMPERATURE (F)   63        92      2011
 MINIMUM TEMPERATURE (F)   39        10      1975


SUNRISE AND SUNSET
APRIL  2 2014.........SUNRISE   706 AM CDT   SUNSET   747 PM CDT
APRIL  3 2014.........SUNRISE   704 AM CDT   SUNSET   748 PM CDT


-  INDICATES NEGATIVE NUMBERS.
R  INDICATES RECORD WAS SET OR TIED.
MM INDICATES DATA IS MISSING.
T  INDICATES TRACE AMOUNT.




$$
