000
CDUS43 KTOP 160633
CLITOP


CLIMATE REPORT
NATIONAL WEATHER SERVICE TOPEKA KS
132 AM CDT WED JUL 16 2014


...................................

...THE TOPEKA KS CLIMATE SUMMARY FOR JULY 15 2014...

CLIMATE NORMAL PERIOD 1981 TO 2010
CLIMATE RECORD PERIOD 1887 TO 2014


WEATHER ITEM   OBSERVED TIME   RECORD YEAR NORMAL DEPARTURE LAST
                VALUE   (LST)  VALUE       VALUE  FROM      YEAR
                                                  NORMAL
..................................................................
TEMPERATURE (F)
 YESTERDAY
  MAXIMUM         78    416 PM 111    1934  90    -12       92
  MINIMUM         54    455 AM  52    1967  69    -15       66
  AVERAGE         66                        79    -13       79

PRECIPITATION (IN)
  YESTERDAY        0.00          2.21 1894   0.12  -0.12     0.00
  MONTH TO DATE    0.95                      2.00  -1.05     0.07
  SINCE JUN 1      7.18                      7.40  -0.22     3.22
  SINCE JAN 1     14.65                     20.51  -5.86    17.55

SNOWFALL (IN)
  YESTERDAY        0.0           0.0    MM   0.0    0.0      0.0
  MONTH TO DATE    0.0                       0.0    0.0      0.0
  SINCE JAN 1     23.1                      11.3   11.8     24.2
  SINCE JUL 1      0.0                       0.0    0.0      0.0
  SNOW DEPTH       0

DEGREE DAYS
 HEATING
  YESTERDAY        0                         0      0        0
  MONTH TO DATE    0                         0      0        0
  SINCE JUN 1      0                         8     -8        5
  SINCE JUL 1      0                         0      0        0

 COOLING
  YESTERDAY        1                        14    -13       14
  MONTH TO DATE  173                       205    -32      222
  SINCE JUN 1    509                       489     20      559
  SINCE JAN 1    726                       615    111      704
..................................................................


WIND (MPH)
  HIGHEST WIND SPEED    17   HIGHEST WIND DIRECTION     N (350)
  HIGHEST GUST SPEED    23   HIGHEST GUST DIRECTION     N (20)
  AVERAGE WIND SPEED     6.9


SKY COVER
  AVERAGE SKY COVER 0.2


WEATHER CONDITIONS
 THE FOLLOWING WEATHER WAS RECORDED YESTERDAY.
  NO SIGNIFICANT WEATHER WAS OBSERVED.


RELATIVE HUMIDITY (PERCENT)
 HIGHEST    89           500 AM
 LOWEST     39           400 PM
 AVERAGE    64

..........................................................


THE TOPEKA KS CLIMATE NORMALS FOR TODAY
                         NORMAL    RECORD    YEAR
 MAXIMUM TEMPERATURE (F)   90       109      1936
 MINIMUM TEMPERATURE (F)   69        54      1970
                                             1889


SUNRISE AND SUNSET
JULY 16 2014..........SUNRISE   610 AM CDT   SUNSET   847 PM CDT
JULY 17 2014..........SUNRISE   611 AM CDT   SUNSET   846 PM CDT


-  INDICATES NEGATIVE NUMBERS.
R  INDICATES RECORD WAS SET OR TIED.
MM INDICATES DATA IS MISSING.
T  INDICATES TRACE AMOUNT.

$$
