000
CDUS43 KTOP 170645
CLITOP


CLIMATE REPORT
NATIONAL WEATHER SERVICE TOPEKA KS
145 AM CDT SAT SEP 17 2016


...................................

...THE TOPEKA KS CLIMATE SUMMARY FOR SEPTEMBER 16 2016...

CLIMATE NORMAL PERIOD 1981 TO 2010
CLIMATE RECORD PERIOD 1887 TO 2016


WEATHER ITEM   OBSERVED TIME   RECORD YEAR NORMAL DEPARTURE LAST
                VALUE   (LST)  VALUE       VALUE  FROM      YEAR
                                                  NORMAL
..................................................................
TEMPERATURE (F)
 YESTERDAY
  MAXIMUM         72   1234 AM 101    1978  80     -8       90
  MINIMUM         64    708 AM  40    1889  56      8       68
  AVERAGE         68                        68      0       79

PRECIPITATION (IN)
  YESTERDAY        0.28          1.26 1905   0.11   0.17     0.00
  MONTH TO DATE    5.40                      1.95   3.45     6.74
  SINCE SEP 1      5.40                      1.95   3.45     6.74
  SINCE JAN 1     38.29                     28.52   9.77    39.98

SNOWFALL (IN)
  YESTERDAY        0.0           0.0    MM   0.0    0.0      0.0
  MONTH TO DATE    0.0                       0.0    0.0      0.0
  SINCE JAN 1      3.7                      11.3   -7.6      7.9
  SINCE JUL 1      T                         0.0    0.0      0.0
  SNOW DEPTH       0

DEGREE DAYS
 HEATING
  YESTERDAY        0                         2     -2        0
  MONTH TO DATE    0                        14    -14        7
  SINCE SEP 1      0                        14    -14        7
  SINCE JUL 1      0                        16    -16        7

 COOLING
  YESTERDAY        3                         5     -2       14
  MONTH TO DATE  144                       115     29      195
  SINCE SEP 1    144                       115     29      195
  SINCE JAN 1   1545                      1343    202     1413
..................................................................


WIND (MPH)
  HIGHEST WIND SPEED    28   HIGHEST WIND DIRECTION     N (340)
  HIGHEST GUST SPEED    36   HIGHEST GUST DIRECTION     N (350)
  AVERAGE WIND SPEED     5.4


SKY COVER
  AVERAGE SKY COVER 0.5


WEATHER CONDITIONS
 THE FOLLOWING WEATHER WAS RECORDED YESTERDAY.
  THUNDERSTORM
  HEAVY RAIN
  RAIN
  LIGHT RAIN
  FOG


RELATIVE HUMIDITY (PERCENT)
 HIGHEST    93           700 PM
 LOWEST     84          1200 AM
 AVERAGE    89

..........................................................


THE TOPEKA KS CLIMATE NORMALS FOR TODAY
                         NORMAL    RECORD    YEAR
 MAXIMUM TEMPERATURE (F)   80       103      1953
 MINIMUM TEMPERATURE (F)   56        39      1981


SUNRISE AND SUNSET
SEPTEMBER 17 2016.....SUNRISE   706 AM CDT   SUNSET   727 PM CDT
SEPTEMBER 18 2016.....SUNRISE   707 AM CDT   SUNSET   725 PM CDT


-  INDICATES NEGATIVE NUMBERS.
R  INDICATES RECORD WAS SET OR TIED.
MM INDICATES DATA IS MISSING.
T  INDICATES TRACE AMOUNT.




$$
