000
CDUS43 KTOP 300633
CLITOP


CLIMATE REPORT
NATIONAL WEATHER SERVICE TOPEKA KS
132 AM CDT MON JUN 30 2014


...................................

...THE TOPEKA KS CLIMATE SUMMARY FOR JUNE 29 2014...

CLIMATE NORMAL PERIOD 1981 TO 2010
CLIMATE RECORD PERIOD 1887 TO 2014


WEATHER ITEM   OBSERVED TIME   RECORD YEAR NORMAL DEPARTURE LAST
                VALUE   (LST)  VALUE       VALUE  FROM      YEAR
                                                  NORMAL
..................................................................
TEMPERATURE (F)
 YESTERDAY
  MAXIMUM         89    506 PM 106    1933  88      1       86
  MINIMUM         68    358 AM  50    1923  67      1       65
  AVERAGE         79                        78      1       76

PRECIPITATION (IN)
  YESTERDAY        0.08          2.34 1988   0.17  -0.09     T
  MONTH TO DATE    6.23                      5.24   0.99     3.15
  SINCE JUN 1      6.23                      5.24   0.99     3.15
  SINCE JAN 1     13.70                     18.35  -4.65    17.48

SNOWFALL (IN)
  YESTERDAY        0.0           0.0    MM   0.0    0.0      0.0
  MONTH TO DATE    0.0                       0.0    0.0      T
  SINCE JAN 1     23.1                      11.3   11.8     24.2
  SINCE JUL 1     27.4                      17.8    9.6     29.6
  SNOW DEPTH       0

DEGREE DAYS
 HEATING
  YESTERDAY        0                         0      0        0
  MONTH TO DATE    0                         6     -6        5
  SINCE JUN 1      0                         6     -6        5
  SINCE JUL 1   5440                      5019    421     4901

 COOLING
  YESTERDAY       14                        13      1       11
  MONTH TO DATE  319                       271     48      331
  SINCE JUN 1    319                       271     48      331
  SINCE JAN 1    536                       397    139      476
..................................................................


WIND (MPH)
  HIGHEST WIND SPEED    20   HIGHEST WIND DIRECTION     S (180)
  HIGHEST GUST SPEED    28   HIGHEST GUST DIRECTION     S (180)
  AVERAGE WIND SPEED     8.4


SKY COVER
  AVERAGE SKY COVER 0.2


WEATHER CONDITIONS
 THE FOLLOWING WEATHER WAS RECORDED YESTERDAY.
  THUNDERSTORM
  RAIN
  FOG
  HAZE


RELATIVE HUMIDITY (PERCENT)
 HIGHEST    93           100 AM
 LOWEST     68           400 PM
 AVERAGE    81

..........................................................


THE TOPEKA KS CLIMATE NORMALS FOR TODAY
                         NORMAL    RECORD    YEAR
 MAXIMUM TEMPERATURE (F)   88       105      1933
 MINIMUM TEMPERATURE (F)   67        52      1924


SUNRISE AND SUNSET
JUNE 30 2014..........SUNRISE   600 AM CDT   SUNSET   852 PM CDT
JULY  1 2014..........SUNRISE   600 AM CDT   SUNSET   852 PM CDT


-  INDICATES NEGATIVE NUMBERS.
R  INDICATES RECORD WAS SET OR TIED.
MM INDICATES DATA IS MISSING.
T  INDICATES TRACE AMOUNT.




$$
