000
CDUS43 KTOP 220631
CLITOP


CLIMATE REPORT
NATIONAL WEATHER SERVICE TOPEKA KS
131 AM CDT MON SEP 22 2014


...................................

...THE TOPEKA KS CLIMATE SUMMARY FOR SEPTEMBER 21 2014...

CLIMATE NORMAL PERIOD 1981 TO 2010
CLIMATE RECORD PERIOD 1887 TO 2014


WEATHER ITEM   OBSERVED TIME   RECORD YEAR NORMAL DEPARTURE LAST
                VALUE   (LST)  VALUE       VALUE  FROM      YEAR
                                                  NORMAL
..................................................................
TEMPERATURE (F)
 YESTERDAY
  MAXIMUM         79    147 PM  98    1956  78      1       80
  MINIMUM         55    615 AM  36    1999  54      1       48
                                      1995
                                      1982
  AVERAGE         67                        66      1       64

PRECIPITATION (IN)
  YESTERDAY        0.00          2.29 1970   0.12  -0.12     0.00
  MONTH TO DATE    4.10                      2.57   1.53     3.09
  SINCE SEP 1      4.10                      2.57   1.53     3.09
  SINCE JAN 1     23.94                     29.14  -5.20    27.56

SNOWFALL (IN)
  YESTERDAY        0.0           T    1932   0.0    0.0      0.0
  MONTH TO DATE    0.0                       0.0    0.0      0.0
  SINCE JAN 1     23.1                      11.3   11.8     24.2
  SINCE JUL 1      T                         0.0    0.0      0.0
  SNOW DEPTH       0

DEGREE DAYS
 HEATING
  YESTERDAY        0                         3     -3        1
  MONTH TO DATE   46                        27     19        5
  SINCE SEP 1     46                        27     19        5
  SINCE JUL 1     46                        29     17        5

 COOLING
  YESTERDAY        2                         4     -2        0
  MONTH TO DATE  129                       137     -8      225
  SINCE SEP 1    129                       137     -8      225
  SINCE JAN 1   1539                      1365    174     1519
..................................................................


WIND (MPH)
  HIGHEST WIND SPEED    20   HIGHEST WIND DIRECTION     N (350)
  HIGHEST GUST SPEED    27   HIGHEST GUST DIRECTION    NW (320)
  AVERAGE WIND SPEED     7.7


SKY COVER
  AVERAGE SKY COVER 0.0


WEATHER CONDITIONS
 THE FOLLOWING WEATHER WAS RECORDED YESTERDAY.
  FOG


RELATIVE HUMIDITY (PERCENT)
 HIGHEST    93          1200 AM
 LOWEST     32           100 PM
 AVERAGE    63

..........................................................


THE TOPEKA KS CLIMATE NORMALS FOR TODAY
                         NORMAL    RECORD    YEAR
 MAXIMUM TEMPERATURE (F)   78        99      1937
 MINIMUM TEMPERATURE (F)   53        31      1995


SUNRISE AND SUNSET
SEPTEMBER 22 2014.....SUNRISE   710 AM CDT   SUNSET   720 PM CDT
SEPTEMBER 23 2014.....SUNRISE   711 AM CDT   SUNSET   718 PM CDT


-  INDICATES NEGATIVE NUMBERS.
R  INDICATES RECORD WAS SET OR TIED.
MM INDICATES DATA IS MISSING.
T  INDICATES TRACE AMOUNT.




$$
