000
CDUS43 KTOP 250634
CLITOP


CLIMATE REPORT
NATIONAL WEATHER SERVICE TOPEKA KS
1233 AM CST FRI NOV 25 2016


...................................

...THE TOPEKA KS CLIMATE SUMMARY FOR NOVEMBER 24 2016...

CLIMATE NORMAL PERIOD 1981 TO 2010
CLIMATE RECORD PERIOD 1887 TO 2016


WEATHER ITEM   OBSERVED TIME   RECORD YEAR NORMAL DEPARTURE LAST
                VALUE   (LST)  VALUE       VALUE  FROM      YEAR
                                                  NORMAL
..................................................................
TEMPERATURE (F)
 YESTERDAY
  MAXIMUM         52    257 PM  76    1990  50      2       62
  MINIMUM         39    655 AM   9    1898  29     10       38
  AVERAGE         46                        40      6       50

PRECIPITATION (IN)
  YESTERDAY        0.00          0.68 2001   0.06  -0.06     0.00
  MONTH TO DATE    0.15                      1.53  -1.38     2.15
  SINCE SEP 1      9.25                      8.22   1.03    10.48
  SINCE JAN 1     42.14                     34.79   7.35    43.72

SNOWFALL (IN)
  YESTERDAY        0.0           2.7  2004   0.1   -0.1      0.0
  MONTH TO DATE    0.0                       0.6   -0.6       T
  SINCE JAN 1      3.7                      12.2   -8.5      7.9
  SINCE JUL 1      T                         0.9   -0.9       T
  SNOW DEPTH       0

DEGREE DAYS
 HEATING
  YESTERDAY       19                        26     -7       15
  MONTH TO DATE  296                       473   -177      336
  SINCE SEP 1    452                       827   -375      583
  SINCE JUL 1    452                       829   -377      583

 COOLING
  YESTERDAY        0                         0      0        0
  MONTH TO DATE   13                         0     13        0
  SINCE SEP 1    310                       192    118      318
  SINCE JAN 1   1711                      1420    291     1536
..................................................................


WIND (MPH)
  HIGHEST WIND SPEED    16   HIGHEST WIND DIRECTION    SE (140)
  HIGHEST GUST SPEED    21   HIGHEST GUST DIRECTION     S (160)
  AVERAGE WIND SPEED     7.6


SKY COVER
  AVERAGE SKY COVER 0.8


WEATHER CONDITIONS
 THE FOLLOWING WEATHER WAS RECORDED YESTERDAY.
  NO SIGNIFICANT WEATHER WAS OBSERVED.


RELATIVE HUMIDITY (PERCENT)
 HIGHEST    83           900 PM
 LOWEST     59           200 PM
 AVERAGE    71

..........................................................


THE TOPEKA KS CLIMATE NORMALS FOR TODAY
                         NORMAL    RECORD    YEAR
 MAXIMUM TEMPERATURE (F)   49        71      1981
 MINIMUM TEMPERATURE (F)   29        11      1993


SUNRISE AND SUNSET
NOVEMBER 25 2016......SUNRISE   717 AM CST   SUNSET   502 PM CST
NOVEMBER 26 2016......SUNRISE   718 AM CST   SUNSET   502 PM CST


-  INDICATES NEGATIVE NUMBERS.
R  INDICATES RECORD WAS SET OR TIED.
MM INDICATES DATA IS MISSING.
T  INDICATES TRACE AMOUNT.




$$
