000
CDUS43 KTOP 050633
CLITOP


CLIMATE REPORT
NATIONAL WEATHER SERVICE TOPEKA KS
131 AM CDT SUN NOV 5 2017


...................................

...THE TOPEKA KS CLIMATE SUMMARY FOR NOVEMBER 4 2017...

CLIMATE NORMAL PERIOD 1981 TO 2010
CLIMATE RECORD PERIOD 1887 TO 2017


WEATHER ITEM   OBSERVED TIME   RECORD YEAR NORMAL DEPARTURE LAST
                VALUE   (LST)  VALUE       VALUE  FROM      YEAR
                                                  NORMAL
..................................................................
TEMPERATURE (F)
 YESTERDAY
  MAXIMUM         53    343 PM  82    1978  61     -8       74
                                      1909
  MINIMUM         43    810 AM   9    1991  38      5       42
  AVERAGE         48                        50     -2       58

PRECIPITATION (IN)
  YESTERDAY        0.00          1.59 1956   0.07  -0.07     0.00
  MONTH TO DATE    0.00                      0.30  -0.30     0.04
  SINCE SEP 1      4.72                      6.99  -2.27     9.14
  SINCE JAN 1     38.19                     33.56   4.63    42.03

SNOWFALL (IN)
  YESTERDAY        0.0           T    1992   0.1   -0.1      0.0
  MONTH TO DATE    0.0                       0.1   -0.1      0.0
  SINCE JAN 1      3.9                      11.7   -7.8      3.7
  SINCE JUL 1      0.4                       0.4    0.0      T
  SNOW DEPTH       0

DEGREE DAYS
 HEATING
  YESTERDAY       17                        16      1        7
  MONTH TO DATE   78                        60     18       12
  SINCE SEP 1    333                       414    -81      168
  SINCE JUL 1    333                       416    -83      168

 COOLING
  YESTERDAY        0                         0      0        0
  MONTH TO DATE    0                         0      0        7
  SINCE SEP 1    283                       192     91      304
  SINCE JAN 1   1473                      1420     53     1705
..................................................................


WIND (MPH)
  HIGHEST WIND SPEED     9   HIGHEST WIND DIRECTION    SE (150)
  HIGHEST GUST SPEED    11   HIGHEST GUST DIRECTION     S (200)
  AVERAGE WIND SPEED     4.6


SKY COVER
  AVERAGE SKY COVER 0.9


WEATHER CONDITIONS
 THE FOLLOWING WEATHER WAS RECORDED YESTERDAY.
  FOG


RELATIVE HUMIDITY (PERCENT)
 HIGHEST   100           100 AM
 LOWEST     80           200 PM
 AVERAGE    90

..........................................................


THE TOPEKA KS CLIMATE NORMALS FOR TODAY
                         NORMAL    RECORD    YEAR
 MAXIMUM TEMPERATURE (F)   60        82      1924
 MINIMUM TEMPERATURE (F)   38        17      1959


SUNRISE AND SUNSET
NOVEMBER  5 2017......SUNRISE   655 AM CST   SUNSET   517 PM CST
NOVEMBER  6 2017......SUNRISE   656 AM CST   SUNSET   516 PM CST


-  INDICATES NEGATIVE NUMBERS.
R  INDICATES RECORD WAS SET OR TIED.
MM INDICATES DATA IS MISSING.
T  INDICATES TRACE AMOUNT.




$$
