105
CDUS43 KTOP 260642
CLITOP


CLIMATE REPORT
NATIONAL WEATHER SERVICE TOPEKA KS
140 AM CDT FRI MAY 26 2017


...................................

...THE TOPEKA KS CLIMATE SUMMARY FOR MAY 25 2017...

CLIMATE NORMAL PERIOD 1981 TO 2010
CLIMATE RECORD PERIOD 1887 TO 2017


WEATHER ITEM   OBSERVED TIME   RECORD YEAR NORMAL DEPARTURE LAST
                VALUE   (LST)  VALUE       VALUE  FROM      YEAR
                                                  NORMAL
..................................................................
TEMPERATURE (F)
 YESTERDAY
  MAXIMUM         79    219 PM  95    1953  79      0       83
  MINIMUM         47    548 AM  39    1925  57    -10       63
  AVERAGE         63                        68     -5       73

PRECIPITATION (IN)
  YESTERDAY        0.00          1.42 2011   0.16  -0.16     0.73
  MONTH TO DATE    3.07                      3.96  -0.89     5.16
  SINCE MAR 1     13.14                      9.98   3.16    14.38
  SINCE JAN 1     14.53                     12.16   2.37    15.65

SNOWFALL (IN)
  YESTERDAY        0.0           0.0    MM   0.0    0.0      0.0
  MONTH TO DATE    T                         0.0    0.0       T
  SINCE JAN 1      3.5                      11.3   -7.8      3.7
  SINCE JUL 1      6.6                      17.8  -11.2      4.9
  SNOW DEPTH       0

DEGREE DAYS
 HEATING
  YESTERDAY        2                         2      0        0
  MONTH TO DATE   81                        90     -9      113
  SINCE MAR 1    826                      1040   -214      750
  SINCE JUL 1   4007                      5007  -1000     4002

 COOLING
  YESTERDAY        0                         5     -5        8
  MONTH TO DATE   66                        68     -2       40
  SINCE MAR 1    103                        96      7       58
  SINCE JAN 1    103                        96      7       58
..................................................................


WIND (MPH)
  HIGHEST WIND SPEED    22   HIGHEST WIND DIRECTION    SE (150)
  HIGHEST GUST SPEED    31   HIGHEST GUST DIRECTION    SE (130)
  AVERAGE WIND SPEED     9.7


SKY COVER
  AVERAGE SKY COVER 0.1


WEATHER CONDITIONS
 THE FOLLOWING WEATHER WAS RECORDED YESTERDAY.
  FOG


RELATIVE HUMIDITY (PERCENT)
 HIGHEST   100          1200 AM
 LOWEST     43           200 PM
 AVERAGE    72

..........................................................


THE TOPEKA KS CLIMATE NORMALS FOR TODAY
                         NORMAL    RECORD    YEAR
 MAXIMUM TEMPERATURE (F)   79        95      1964
                                             1953
 MINIMUM TEMPERATURE (F)   57        40      1901


SUNRISE AND SUNSET
MAY 26 2017...........SUNRISE   601 AM CDT   SUNSET   838 PM CDT
MAY 27 2017...........SUNRISE   601 AM CDT   SUNSET   839 PM CDT


-  INDICATES NEGATIVE NUMBERS.
R  INDICATES RECORD WAS SET OR TIED.
MM INDICATES DATA IS MISSING.
T  INDICATES TRACE AMOUNT.

$$
