292
CDUS43 KTOP 110641
CLITOP


CLIMATE REPORT
NATIONAL WEATHER SERVICE TOPEKA KS
1239 AM CST SUN FEB 11 2018


...................................

...THE TOPEKA KS CLIMATE SUMMARY FOR FEBRUARY 10 2018...

CLIMATE NORMAL PERIOD 1981 TO 2010
CLIMATE RECORD PERIOD 1887 TO 2018


WEATHER ITEM   OBSERVED TIME   RECORD YEAR NORMAL DEPARTURE LAST
                VALUE   (LST)  VALUE       VALUE  FROM      YEAR
                                                  NORMAL
..................................................................
TEMPERATURE (F)
 YESTERDAY
  MAXIMUM         23    439 PM  78    1932  43    -20       73
  MINIMUM         11    818 AM  -9    2011  22    -11       30
  AVERAGE         17                        33    -16       52

PRECIPITATION (IN)
  YESTERDAY        T             1.20 1898   0.05  -0.05     0.00
  MONTH TO DATE    0.11                      0.43  -0.32      T
  SINCE DEC 1      1.36                      2.64  -1.28     2.33
  SINCE JAN 1      1.05                      1.29  -0.24     1.28

SNOWFALL (IN)
  YESTERDAY        T             4.4  1985   0.1   -0.1      0.0
  MONTH TO DATE    2.0                       1.8    0.2       T
  SINCE JAN 1      5.1                       6.7   -1.6      2.2
  SINCE JUL 1      7.2                      13.2   -6.0      5.3
  SNOW DEPTH       0

DEGREE DAYS
 HEATING
  YESTERDAY       48                        32     16       13
  MONTH TO DATE  403                       332     71      291
  SINCE DEC 1   2473                      2448     25     2325
  SINCE JUL 1   3296                      3442   -146     2898

 COOLING
  YESTERDAY        0                         0      0        0
  MONTH TO DATE    0                         0      0        0
  SINCE DEC 1      0                         0      0        0
  SINCE JAN 1      0                         0      0        0
..................................................................


WIND (MPH)
  HIGHEST WIND SPEED    20   HIGHEST WIND DIRECTION     N (360)
  HIGHEST GUST SPEED    27   HIGHEST GUST DIRECTION     N (10)
  AVERAGE WIND SPEED    13.1


SKY COVER
  AVERAGE SKY COVER 1.0


WEATHER CONDITIONS
 THE FOLLOWING WEATHER WAS RECORDED YESTERDAY.
  LT FREEZING RAIN
  FOG


RELATIVE HUMIDITY (PERCENT)
 HIGHEST    83           800 AM
 LOWEST     57           200 PM
 AVERAGE    70

..........................................................


THE TOPEKA KS CLIMATE NORMALS FOR TODAY
                         NORMAL    RECORD    YEAR
 MAXIMUM TEMPERATURE (F)   44        75      1951
 MINIMUM TEMPERATURE (F)   23       -19      1899


SUNRISE AND SUNSET
FEBRUARY 11 2018......SUNRISE   719 AM CST   SUNSET   555 PM CST
FEBRUARY 12 2018......SUNRISE   718 AM CST   SUNSET   556 PM CST


-  INDICATES NEGATIVE NUMBERS.
R  INDICATES RECORD WAS SET OR TIED.
MM INDICATES DATA IS MISSING.
T  INDICATES TRACE AMOUNT.




$$
