000
CDUS43 KTOP 070633
CLITOP


CLIMATE REPORT
NATIONAL WEATHER SERVICE TOPEKA KS
132 AM CDT SAT OCT 7 2017


...................................

...THE TOPEKA KS CLIMATE SUMMARY FOR OCTOBER 6 2017...

CLIMATE NORMAL PERIOD 1981 TO 2010
CLIMATE RECORD PERIOD 1887 TO 2017


WEATHER ITEM   OBSERVED TIME   RECORD YEAR NORMAL DEPARTURE LAST
                VALUE   (LST)  VALUE       VALUE  FROM      YEAR
                                                  NORMAL
..................................................................
TEMPERATURE (F)
 YESTERDAY
  MAXIMUM         81    420 PM  96    1939  72      9       78
  MINIMUM         68   1159 PM  26    1952  48     20       49
                                      1889
  AVERAGE         75                        60     15       64

PRECIPITATION (IN)
  YESTERDAY        0.63          1.90 1967   0.10   0.53     0.19
  MONTH TO DATE    0.88                      0.70   0.18     0.76
  SINCE SEP 1      2.66                      4.36  -1.70     8.54
  SINCE JAN 1     36.13                     30.93   5.20    41.43

SNOWFALL (IN)
  YESTERDAY        0.0           T    1941   0.0    0.0      0.0
  MONTH TO DATE    0.0                       0.0    0.0      0.0
  SINCE JAN 1      3.5                      11.3   -7.8      3.7
  SINCE JUL 1      T                         0.0    0.0       T
  SNOW DEPTH       0

DEGREE DAYS
 HEATING
  YESTERDAY        0                         7     -7        1
  MONTH TO DATE    3                        36    -33        6
  SINCE SEP 1     16                       101    -85       26
  SINCE JUL 1     16                       103    -87       26

 COOLING
  YESTERDAY       10                         2      8        0
  MONTH TO DATE   44                        12     32        9
  SINCE SEP 1    272                       177     95      253
  SINCE JAN 1   1462                      1405     57     1654
..................................................................


WIND (MPH)
  HIGHEST WIND SPEED    25   HIGHEST WIND DIRECTION     S (160)
  HIGHEST GUST SPEED    34   HIGHEST GUST DIRECTION     S (180)
  AVERAGE WIND SPEED    11.7


SKY COVER
  AVERAGE SKY COVER 0.7


WEATHER CONDITIONS
 THE FOLLOWING WEATHER WAS RECORDED YESTERDAY.
  THUNDERSTORM
  HEAVY RAIN
  RAIN
  LIGHT RAIN
  FOG


RELATIVE HUMIDITY (PERCENT)
 HIGHEST   100           100 AM
 LOWEST     64          1000 PM
 AVERAGE    82

..........................................................


THE TOPEKA KS CLIMATE NORMALS FOR TODAY
                         NORMAL    RECORD    YEAR
 MAXIMUM TEMPERATURE (F)   72        97      1939
 MINIMUM TEMPERATURE (F)   48        23      1952


SUNRISE AND SUNSET
OCTOBER  7 2017.......SUNRISE   724 AM CDT   SUNSET   655 PM CDT
OCTOBER  8 2017.......SUNRISE   725 AM CDT   SUNSET   654 PM CDT


-  INDICATES NEGATIVE NUMBERS.
R  INDICATES RECORD WAS SET OR TIED.
MM INDICATES DATA IS MISSING.
T  INDICATES TRACE AMOUNT.




$$
