000
CDUS43 KTOP 180637
CLITOP


CLIMATE REPORT
NATIONAL WEATHER SERVICE TOPEKA KS
1235 AM CST WED FEB 18 2015


...................................

...THE TOPEKA KS CLIMATE SUMMARY FOR FEBRUARY 17 2015...

CLIMATE NORMAL PERIOD 1981 TO 2010
CLIMATE RECORD PERIOD 1887 TO 2015


WEATHER ITEM   OBSERVED TIME   RECORD YEAR NORMAL DEPARTURE LAST
                VALUE   (LST)  VALUE       VALUE  FROM      YEAR
                                                  NORMAL
..................................................................
TEMPERATURE (F)
 YESTERDAY
  MAXIMUM         32   1200 PM  76    2011  46    -14       56
  MINIMUM         11   1159 PM -10    1903  24    -13       35
  AVERAGE         22                        35    -13       46

PRECIPITATION (IN)
  YESTERDAY        0.11          1.38 1911   0.05   0.06     0.00
  MONTH TO DATE    0.61                      0.75  -0.14     0.99
  SINCE DEC 1      4.00                      2.96   1.04     1.92
  SINCE JAN 1      1.73                      1.61   0.12     1.36

SNOWFALL (IN)
  YESTERDAY        1.8           9.0  1893   0.1    1.7      0.0
  MONTH TO DATE    4.7                       3.1    1.6     14.8
  SINCE JAN 1      6.1                       8.0   -1.9     18.7
  SINCE JUL 1      8.5                      14.5   -6.0     23.0
  SNOW DEPTH       1

DEGREE DAYS
 HEATING
  YESTERDAY       43                        30     13       19
  MONTH TO DATE  586                       549     37      737
  SINCE DEC 1   2498                      2665   -167     3002
  SINCE JUL 1   3529                      3659   -130     3998

 COOLING
  YESTERDAY        0                         0      0        0
  MONTH TO DATE    0                         0      0        0
  SINCE DEC 1      0                         0      0        0
  SINCE JAN 1      0                         0      0        0
..................................................................


WIND (MPH)
  HIGHEST WIND SPEED    22   HIGHEST WIND DIRECTION    NW (310)
  HIGHEST GUST SPEED    28   HIGHEST GUST DIRECTION    NW (320)
  AVERAGE WIND SPEED     6.7


SKY COVER
  AVERAGE SKY COVER 0.6


WEATHER CONDITIONS
 THE FOLLOWING WEATHER WAS RECORDED YESTERDAY.
  SNOW
  LIGHT SNOW
  FOG


RELATIVE HUMIDITY (PERCENT)
 HIGHEST    92           700 AM
 LOWEST     53          1000 PM
 AVERAGE    73

..........................................................


THE TOPEKA KS CLIMATE NORMALS FOR TODAY
                         NORMAL    RECORD    YEAR
 MAXIMUM TEMPERATURE (F)   46        77      1930
 MINIMUM TEMPERATURE (F)   25        -9      1978


SUNRISE AND SUNSET
FEBRUARY 18 2015......SUNRISE   710 AM CST   SUNSET   603 PM CST
FEBRUARY 19 2015......SUNRISE   709 AM CST   SUNSET   604 PM CST


-  INDICATES NEGATIVE NUMBERS.
R  INDICATES RECORD WAS SET OR TIED.
MM INDICATES DATA IS MISSING.
T  INDICATES TRACE AMOUNT.




$$
