000
CDUS43 KTOP 262238
CLITOP


CLIMATE REPORT
NATIONAL WEATHER SERVICE TOPEKA KS
437 PM CST SAT NOV 26 2016


...................................

...THE TOPEKA KS CLIMATE SUMMARY FOR NOVEMBER 26 2016...
VALID TODAY AS OF 430 PM LOCAL TIME.

CLIMATE NORMAL PERIOD 1981 TO 2010
CLIMATE RECORD PERIOD 1887 TO 2016


WEATHER ITEM   OBSERVED TIME   RECORD YEAR NORMAL DEPARTURE LAST
                VALUE   (LST)  VALUE       VALUE  FROM      YEAR
                                                  NORMAL
..................................................................
TEMPERATURE (F)
 TODAY
  MAXIMUM         62    304 PM  77    1990  49     13       65
  MINIMUM         28    728 AM   7    1887  28      0       32
  AVERAGE         45                        38      7       49

PRECIPITATION (IN)
  TODAY            0.00          1.35 2015   0.05  -0.05     1.35
  MONTH TO DATE    0.15                      1.63  -1.48     3.50
  SINCE SEP 1      9.25                      8.32   0.93    11.83
  SINCE JAN 1     42.14                     34.89   7.25    45.07

SNOWFALL (IN)
  TODAY            0.0           2.0  1975   0.1   -0.1      0.0
  MONTH TO DATE    0.0                       0.7   -0.7       T
  SINCE JAN 1      3.7                      12.3   -8.6      7.9
  SINCE JUL 1      T                         1.0   -1.0       T
  SNOW DEPTH       0

DEGREE DAYS
 HEATING
  TODAY           20                        27     -7       16
  MONTH TO DATE  337                       526   -189      360
  SINCE SEP 1    493                       880   -387      607
  SINCE JUL 1    493                       882   -389      607

 COOLING
  TODAY            0                         0      0        0
  MONTH TO DATE   13                         0     13        0
  SINCE SEP 1    310                       192    118      318
  SINCE JAN 1   1711                      1420    291     1536
..................................................................


WIND (MPH)
  HIGHEST WIND SPEED    21   HIGHEST WIND DIRECTION    SW (220)
  HIGHEST GUST SPEED    29   HIGHEST GUST DIRECTION     S (200)
  AVERAGE WIND SPEED     8.3



WEATHER CONDITIONS
 THE FOLLOWING WEATHER WAS RECORDED TODAY.
  NO SIGNIFICANT WEATHER WAS OBSERVED.


RELATIVE HUMIDITY (PERCENT)
 HIGHEST    92           600 AM
 LOWEST     30           300 PM
 AVERAGE    61

..........................................................


THE TOPEKA KS CLIMATE NORMALS FOR TOMORROW
                         NORMAL    RECORD    YEAR
 MAXIMUM TEMPERATURE (F)   48        71      1998
                                             1960
 MINIMUM TEMPERATURE (F)   28        -5      1887


SUNRISE AND SUNSET
NOVEMBER 26 2016......SUNRISE   718 AM CST   SUNSET   502 PM CST
NOVEMBER 27 2016......SUNRISE   719 AM CST   SUNSET   501 PM CST


-  INDICATES NEGATIVE NUMBERS.
R  INDICATES RECORD WAS SET OR TIED.
MM INDICATES DATA IS MISSING.
T  INDICATES TRACE AMOUNT.




$$
