000
CDUS43 KTOP 280637
CLITOP


CLIMATE REPORT
NATIONAL WEATHER SERVICE TOPEKA KS
136 AM CDT THU SEP 28 2017


...................................

...THE TOPEKA KS CLIMATE SUMMARY FOR SEPTEMBER 27 2017...

CLIMATE NORMAL PERIOD 1981 TO 2010
CLIMATE RECORD PERIOD 1887 TO 2017


WEATHER ITEM   OBSERVED TIME   RECORD YEAR NORMAL DEPARTURE LAST
                VALUE   (LST)  VALUE       VALUE  FROM      YEAR
                                                  NORMAL
..................................................................
TEMPERATURE (F)
 YESTERDAY
  MAXIMUM         69    442 PM  95    1911  76     -7       82
  MINIMUM         53   1158 PM  33    1942  51      2       49
                                      1889
  AVERAGE         61                        63     -2       66

PRECIPITATION (IN)
  YESTERDAY        0.00          2.00 1900   0.12  -0.12     0.00
  MONTH TO DATE    1.78                      3.31  -1.53     7.78
  SINCE SEP 1      1.78                      3.31  -1.53     7.78
  SINCE JAN 1     35.25                     29.88   5.37    40.67

SNOWFALL (IN)
  YESTERDAY        0.0           T    1923   0.0    0.0      0.0
  MONTH TO DATE    0.0                       0.0    0.0      0.0
  SINCE JAN 1      3.5                      11.3   -7.8      3.7
  SINCE JUL 1      T                         0.0    0.0       T
  SNOW DEPTH       0

DEGREE DAYS
 HEATING
  YESTERDAY        4                         4      0        0
  MONTH TO DATE   11                        49    -38        6
  SINCE SEP 1     11                        49    -38        6
  SINCE JUL 1     11                        51    -40        6

 COOLING
  YESTERDAY        0                         3     -3        1
  MONTH TO DATE  223                       157     66      244
  SINCE SEP 1    223                       157     66      244
  SINCE JAN 1   1413                      1385     28     1645
..................................................................


WIND (MPH)
  HIGHEST WIND SPEED    12   HIGHEST WIND DIRECTION    NE (30)
  HIGHEST GUST SPEED    14   HIGHEST GUST DIRECTION    NE (30)
  AVERAGE WIND SPEED     4.5


SKY COVER
  AVERAGE SKY COVER 0.2


WEATHER CONDITIONS
 THE FOLLOWING WEATHER WAS RECORDED YESTERDAY.
  HAZE


RELATIVE HUMIDITY (PERCENT)
 HIGHEST   100          1000 PM
 LOWEST     53           400 PM
 AVERAGE    77

..........................................................


THE TOPEKA KS CLIMATE NORMALS FOR TODAY
                         NORMAL    RECORD    YEAR
 MAXIMUM TEMPERATURE (F)   75       104      1953
 MINIMUM TEMPERATURE (F)   51        33      1888


SUNRISE AND SUNSET
SEPTEMBER 28 2017.....SUNRISE   716 AM CDT   SUNSET   709 PM CDT
SEPTEMBER 29 2017.....SUNRISE   717 AM CDT   SUNSET   708 PM CDT


-  INDICATES NEGATIVE NUMBERS.
R  INDICATES RECORD WAS SET OR TIED.
MM INDICATES DATA IS MISSING.
T  INDICATES TRACE AMOUNT.




$$
