000
CDUS43 KTOP 140631
CLITOP


CLIMATE REPORT
NATIONAL WEATHER SERVICE TOPEKA KS
130 AM CDT SUN MAY 14 2017


...................................

...THE TOPEKA KS CLIMATE SUMMARY FOR MAY 13 2017...

CLIMATE NORMAL PERIOD 1981 TO 2010
CLIMATE RECORD PERIOD 1887 TO 2017


WEATHER ITEM   OBSERVED TIME   RECORD YEAR NORMAL DEPARTURE LAST
                VALUE   (LST)  VALUE       VALUE  FROM      YEAR
                                                  NORMAL
..................................................................
TEMPERATURE (F)
 YESTERDAY
  MAXIMUM         79    337 PM  92    1940  75      4       80
  MINIMUM         46    500 AM  35    1997  53     -7       46
  AVERAGE         63                        64     -1       63

PRECIPITATION (IN)
  YESTERDAY        0.00          1.22 1985   0.16  -0.16     1.02
  MONTH TO DATE    0.37                      2.02  -1.65     2.67
  SINCE MAR 1     10.44                      8.04   2.40    11.89
  SINCE JAN 1     11.83                     10.22   1.61    13.16

SNOWFALL (IN)
  YESTERDAY        0.0           T    2016   0.0    0.0       T
                                      1991
  MONTH TO DATE    0.0                       0.0    0.0       T
  SINCE JAN 1      3.5                      11.3   -7.8      3.7
  SINCE JUL 1      6.6                      17.8  -11.2      4.9
  SNOW DEPTH       0

DEGREE DAYS
 HEATING
  YESTERDAY        2                         3     -1        2
  MONTH TO DATE   53                        61     -8       47
  SINCE MAR 1    798                      1011   -213      684
  SINCE JUL 1   3979                      4978   -999     3936

 COOLING
  YESTERDAY        0                         3     -3        0
  MONTH TO DATE   25                        25      0       18
  SINCE MAR 1     62                        53      9       36
  SINCE JAN 1     62                        53      9       36
..................................................................


WIND (MPH)
  HIGHEST WIND SPEED    20   HIGHEST WIND DIRECTION    SE (150)
  HIGHEST GUST SPEED    24   HIGHEST GUST DIRECTION     S (160)
  AVERAGE WIND SPEED     6.2


SKY COVER
  AVERAGE SKY COVER 0.0


WEATHER CONDITIONS
 THE FOLLOWING WEATHER WAS RECORDED YESTERDAY.
  FOG


RELATIVE HUMIDITY (PERCENT)
 HIGHEST   100           200 AM
 LOWEST     39           200 PM
 AVERAGE    70

..........................................................


THE TOPEKA KS CLIMATE NORMALS FOR TODAY
                         NORMAL    RECORD    YEAR
 MAXIMUM TEMPERATURE (F)   75        95      2013
                                             1941
 MINIMUM TEMPERATURE (F)   54        33      1888


SUNRISE AND SUNSET
MAY 14 2017...........SUNRISE   610 AM CDT   SUNSET   828 PM CDT
MAY 15 2017...........SUNRISE   609 AM CDT   SUNSET   829 PM CDT


-  INDICATES NEGATIVE NUMBERS.
R  INDICATES RECORD WAS SET OR TIED.
MM INDICATES DATA IS MISSING.
T  INDICATES TRACE AMOUNT.




$$
