000
CDUS43 KTOP 282238
CLITOP


CLIMATE REPORT
NATIONAL WEATHER SERVICE TOPEKA KS
437 PM CST WED DEC 28 2016


...................................

...THE TOPEKA KS CLIMATE SUMMARY FOR DECEMBER 28 2016...
VALID TODAY AS OF 430 PM LOCAL TIME.

CLIMATE NORMAL PERIOD 1981 TO 2010
CLIMATE RECORD PERIOD 1887 TO 2016


WEATHER ITEM   OBSERVED TIME   RECORD YEAR NORMAL DEPARTURE LAST
                VALUE   (LST)  VALUE       VALUE  FROM      YEAR
                                                  NORMAL
..................................................................
TEMPERATURE (F)
 TODAY
  MAXIMUM         56    251 PM  73    1984  40     16       28
  MINIMUM         25    812 AM  -9    1924  20      5       22
                                      1887
  AVERAGE         41                        30     11       25

PRECIPITATION (IN)
  TODAY            0.00          0.28 1990   0.03  -0.03     0.17
  MONTH TO DATE    1.05                      1.26  -0.21     2.68
  SINCE DEC 1      1.05                      1.26  -0.21     2.68
  SINCE JAN 1     43.23                     36.37   6.86    49.36

SNOWFALL (IN)
  TODAY            0.0           4.1  1943   0.2   -0.2      0.8
  MONTH TO DATE    3.1                       4.7   -1.6      0.8
  SINCE JAN 1      6.8                      17.3  -10.5      8.8
  SINCE JUL 1      3.1                       6.0   -2.9      0.9
  SNOW DEPTH       0

DEGREE DAYS
 HEATING
  TODAY           24                        35    -11       40
  MONTH TO DATE  976                       918     58      661
  SINCE DEC 1    976                       918     58      661
  SINCE JUL 1   1549                      1912   -363     1397

 COOLING
  TODAY            0                         0      0        0
  MONTH TO DATE    0                         0      0        0
  SINCE DEC 1      0                         0      0        0
  SINCE JAN 1   1711                      1422    289     1536
..................................................................


WIND (MPH)
  HIGHEST WIND SPEED    15   HIGHEST WIND DIRECTION    NW (330)
  HIGHEST GUST SPEED    20   HIGHEST GUST DIRECTION    NW (310)
  AVERAGE WIND SPEED     4.8



WEATHER CONDITIONS
 THE FOLLOWING WEATHER WAS RECORDED TODAY.
  NO SIGNIFICANT WEATHER WAS OBSERVED.


RELATIVE HUMIDITY (PERCENT)
 HIGHEST    85           200 AM
 LOWEST     27           300 PM
 AVERAGE    56

..........................................................


THE TOPEKA KS CLIMATE NORMALS FOR TOMORROW
                         NORMAL    RECORD    YEAR
 MAXIMUM TEMPERATURE (F)   40        70      1999
 MINIMUM TEMPERATURE (F)   20        -9      1917


SUNRISE AND SUNSET
DECEMBER 28 2016......SUNRISE   741 AM CST   SUNSET   508 PM CST
DECEMBER 29 2016......SUNRISE   741 AM CST   SUNSET   509 PM CST


-  INDICATES NEGATIVE NUMBERS.
R  INDICATES RECORD WAS SET OR TIED.
MM INDICATES DATA IS MISSING.
T  INDICATES TRACE AMOUNT.




$$
