000
CDUS43 KTOP 190632
CLITOP


CLIMATE REPORT
NATIONAL WEATHER SERVICE TOPEKA KS
1232 AM CST SAT NOV 19 2016


...................................

...THE TOPEKA KS CLIMATE SUMMARY FOR NOVEMBER 18 2016...

CLIMATE NORMAL PERIOD 1981 TO 2010
CLIMATE RECORD PERIOD 1887 TO 2016


WEATHER ITEM   OBSERVED TIME   RECORD YEAR NORMAL DEPARTURE LAST
                VALUE   (LST)  VALUE       VALUE  FROM      YEAR
                                                  NORMAL
..................................................................
TEMPERATURE (F)
 YESTERDAY
  MAXIMUM         68   1256 AM  79    1976  53     15       56
                                      1908
  MINIMUM         31   1159 PM   7    2014  32     -1       43
  AVERAGE         50                        43      7       50

PRECIPITATION (IN)
  YESTERDAY        0.00          0.48 1992   0.05  -0.05     0.01
  MONTH TO DATE    0.06                      1.21  -1.15     2.10
  SINCE SEP 1      9.16                      7.90   1.26    10.43
  SINCE JAN 1     42.05                     34.47   7.58    43.67

SNOWFALL (IN)
  YESTERDAY        0.0           2.0  1972   0.0    0.0      0.0
  MONTH TO DATE    0.0                       0.3   -0.3       T
  SINCE JAN 1      3.7                      11.9   -8.2      7.9
  SINCE JUL 1      T                         0.6   -0.6       T
  SNOW DEPTH       0

DEGREE DAYS
 HEATING
  YESTERDAY       15                        22     -7       15
  MONTH TO DATE  178                       327   -149      200
  SINCE SEP 1    334                       681   -347      447
  SINCE JUL 1    334                       683   -349      447

 COOLING
  YESTERDAY        0                         0      0        0
  MONTH TO DATE   13                         0     13        0
  SINCE SEP 1    310                       192    118      318
  SINCE JAN 1   1711                      1420    291     1536
..................................................................


WIND (MPH)
  HIGHEST WIND SPEED    30   HIGHEST WIND DIRECTION     W (270)
  HIGHEST GUST SPEED    46   HIGHEST GUST DIRECTION     W (280)
  AVERAGE WIND SPEED    18.1


SKY COVER
  AVERAGE SKY COVER 0.7


WEATHER CONDITIONS
 THE FOLLOWING WEATHER WAS RECORDED YESTERDAY.
  NO SIGNIFICANT WEATHER WAS OBSERVED.


RELATIVE HUMIDITY (PERCENT)
 HIGHEST    77           500 AM
 LOWEST     53           400 PM
 AVERAGE    65

..........................................................


THE TOPEKA KS CLIMATE NORMALS FOR TODAY
                         NORMAL    RECORD    YEAR
 MAXIMUM TEMPERATURE (F)   53        79      2007
                                             1942
 MINIMUM TEMPERATURE (F)   31         9      1914


SUNRISE AND SUNSET
NOVEMBER 19 2016......SUNRISE   711 AM CST   SUNSET   505 PM CST
NOVEMBER 20 2016......SUNRISE   712 AM CST   SUNSET   505 PM CST


-  INDICATES NEGATIVE NUMBERS.
R  INDICATES RECORD WAS SET OR TIED.
MM INDICATES DATA IS MISSING.
T  INDICATES TRACE AMOUNT.




$$
