000
CDUS43 KTOP 200647
CLITOP


CLIMATE REPORT
NATIONAL WEATHER SERVICE TOPEKA KS
145 AM CDT THU AUG 20 2015


...................................

...THE TOPEKA KS CLIMATE SUMMARY FOR AUGUST 19 2015...

CLIMATE NORMAL PERIOD 1981 TO 2010
CLIMATE RECORD PERIOD 1887 TO 2015


WEATHER ITEM   OBSERVED TIME   RECORD YEAR NORMAL DEPARTURE LAST
                VALUE   (LST)  VALUE       VALUE  FROM      YEAR
                                                  NORMAL
..................................................................
TEMPERATURE (F)
 YESTERDAY
  MAXIMUM         75    327 PM 109    1936  89    -14       96
  MINIMUM         57   1159 PM  52    1950  66     -9       72
  AVERAGE         66                        77    -11       84

PRECIPITATION (IN)
  YESTERDAY        0.00          3.50 2005   0.14  -0.14     1.02
  MONTH TO DATE    2.21                      2.59  -0.38     3.32
  SINCE JUN 1     17.76                     11.81   5.95    10.50
  SINCE JAN 1     32.35                     24.92   7.43    17.97

SNOWFALL (IN)
  YESTERDAY        0.0           T    1987   0.0    0.0      0.0
  MONTH TO DATE    0.0                       0.0    0.0       T
  SINCE JAN 1      7.9                      11.3   -3.4     23.1
  SINCE JUL 1      0.0                       0.0    0.0       T
  SNOW DEPTH       0

DEGREE DAYS
 HEATING
  YESTERDAY        0                         0      0        0
  MONTH TO DATE    0                         0      0        0
  SINCE JUN 1      0                         8     -8        0
  SINCE JUL 1      0                         0      0        0

 COOLING
  YESTERDAY        1                        12    -11       19
  MONTH TO DATE  242                       254    -12      249
  SINCE JUN 1   1056                       970     86      955
  SINCE JAN 1   1138                      1096     42     1172
..................................................................


WIND (MPH)
  HIGHEST WIND SPEED    20   HIGHEST WIND DIRECTION    NW (310)
  HIGHEST GUST SPEED    28   HIGHEST GUST DIRECTION    NW (300)
  AVERAGE WIND SPEED     8.9


SKY COVER
  AVERAGE SKY COVER 0.1


WEATHER CONDITIONS
 THE FOLLOWING WEATHER WAS RECORDED YESTERDAY.
  NO SIGNIFICANT WEATHER WAS OBSERVED.


RELATIVE HUMIDITY (PERCENT)
 HIGHEST    93          1100 PM
 LOWEST     46           300 PM
 AVERAGE    70

..........................................................


THE TOPEKA KS CLIMATE NORMALS FOR TODAY
                         NORMAL    RECORD    YEAR
 MAXIMUM TEMPERATURE (F)   88       104      1936
 MINIMUM TEMPERATURE (F)   66        45      1950


SUNRISE AND SUNSET
AUGUST 20 2015........SUNRISE   640 AM CDT   SUNSET   811 PM CDT
AUGUST 21 2015........SUNRISE   641 AM CDT   SUNSET   810 PM CDT


-  INDICATES NEGATIVE NUMBERS.
R  INDICATES RECORD WAS SET OR TIED.
MM INDICATES DATA IS MISSING.
T  INDICATES TRACE AMOUNT.




$$
