000
CDUS43 KTOP 090635
CLITOP


CLIMATE REPORT
NATIONAL WEATHER SERVICE TOPEKA KS
1235 AM CST THU MAR 9 2017


...................................

...THE TOPEKA KS CLIMATE SUMMARY FOR MARCH 8 2017...

CLIMATE NORMAL PERIOD 1981 TO 2010
CLIMATE RECORD PERIOD 1887 TO 2017


WEATHER ITEM   OBSERVED TIME   RECORD YEAR NORMAL DEPARTURE LAST
                VALUE   (LST)  VALUE       VALUE  FROM      YEAR
                                                  NORMAL
..................................................................
TEMPERATURE (F)
 YESTERDAY
  MAXIMUM         70    437 PM  82    1977  53     17       67
  MINIMUM         28    444 AM  -4    1967  31     -3       52
  AVERAGE         49                        42      7       60

PRECIPITATION (IN)
  YESTERDAY        0.00          0.64 2009   0.06  -0.06     0.48
  MONTH TO DATE    0.15                      0.52  -0.37     0.49
  SINCE MAR 1      0.15                      0.52  -0.37     0.49
  SINCE JAN 1      1.54                      2.70  -1.16     1.76

SNOWFALL (IN)
  YESTERDAY        0.0           3.3  1998   0.1   -0.1      0.0
  MONTH TO DATE    T                         0.6   -0.6       T
  SINCE JAN 1      2.2                      10.0   -7.8      2.3
  SINCE JUL 1      5.3                      16.5  -11.2      3.5
  SNOW DEPTH       0

DEGREE DAYS
 HEATING
  YESTERDAY       16                        23     -7        5
  MONTH TO DATE  118                       195    -77      109
  SINCE MAR 1    118                       195    -77      109
  SINCE JUL 1   3299                      4162   -863     3361

 COOLING
  YESTERDAY        0                         0      0        0
  MONTH TO DATE    0                         0      0        3
  SINCE MAR 1      0                         0      0        3
  SINCE JAN 1      0                         0      0        3
..................................................................


WIND (MPH)
  HIGHEST WIND SPEED    20   HIGHEST WIND DIRECTION    SW (230)
  HIGHEST GUST SPEED    26   HIGHEST GUST DIRECTION    SW (240)
  AVERAGE WIND SPEED     4.6


SKY COVER
  AVERAGE SKY COVER 0.0


WEATHER CONDITIONS
 THE FOLLOWING WEATHER WAS RECORDED YESTERDAY.
  NO SIGNIFICANT WEATHER WAS OBSERVED.


RELATIVE HUMIDITY (PERCENT)
 HIGHEST    76          1100 PM
 LOWEST     16           100 PM
 AVERAGE    46

..........................................................


THE TOPEKA KS CLIMATE NORMALS FOR TODAY
                         NORMAL    RECORD    YEAR
 MAXIMUM TEMPERATURE (F)   54        80      1986
 MINIMUM TEMPERATURE (F)   31         3      1891


SUNRISE AND SUNSET
MARCH  9 2017.........SUNRISE   643 AM CST   SUNSET   624 PM CST
MARCH 10 2017.........SUNRISE   641 AM CST   SUNSET   625 PM CST


-  INDICATES NEGATIVE NUMBERS.
R  INDICATES RECORD WAS SET OR TIED.
MM INDICATES DATA IS MISSING.
T  INDICATES TRACE AMOUNT.




$$
