000
CDUS43 KTOP 070634
CLITOP


CLIMATE REPORT
NATIONAL WEATHER SERVICE TOPEKA KS
132 AM CDT SUN MAY 7 2017


...................................

...THE TOPEKA KS CLIMATE SUMMARY FOR MAY 6 2017...

CLIMATE NORMAL PERIOD 1981 TO 2010
CLIMATE RECORD PERIOD 1887 TO 2017


WEATHER ITEM   OBSERVED TIME   RECORD YEAR NORMAL DEPARTURE LAST
                VALUE   (LST)  VALUE       VALUE  FROM      YEAR
                                                  NORMAL
..................................................................
TEMPERATURE (F)
 YESTERDAY
  MAXIMUM         81    518 PM  92    1916  73      8       83
  MINIMUM         49    353 AM  30    1944  51     -2       48
  AVERAGE         65                        62      3       66

PRECIPITATION (IN)
  YESTERDAY        0.00          5.10 2007   0.16  -0.16     0.00
  MONTH TO DATE    0.25                      0.92  -0.67      T
  SINCE MAR 1     10.32                      6.94   3.38     9.22
  SINCE JAN 1     11.71                      9.12   2.59    10.49

SNOWFALL (IN)
  YESTERDAY        0.0           T    2001   0.0    0.0      0.0
  MONTH TO DATE    0.0                       0.0    0.0      0.0
  SINCE JAN 1      3.5                      11.3   -7.8      3.7
  SINCE JUL 1      6.6                      17.8  -11.2      4.9
  SNOW DEPTH       0

DEGREE DAYS
 HEATING
  YESTERDAY        0                         5     -5        0
  MONTH TO DATE   49                        33     16       42
  SINCE MAR 1    794                       983   -189      679
  SINCE JUL 1   3975                      4950   -975     3931

 COOLING
  YESTERDAY        0                         2     -2        1
  MONTH TO DATE    0                        10    -10        1
  SINCE MAR 1     37                        38     -1       19
  SINCE JAN 1     37                        38     -1       19
..................................................................


WIND (MPH)
  HIGHEST WIND SPEED    15   HIGHEST WIND DIRECTION    NW (320)
  HIGHEST GUST SPEED    20   HIGHEST GUST DIRECTION     W (280)
  AVERAGE WIND SPEED     5.4


SKY COVER
  AVERAGE SKY COVER 0.0


WEATHER CONDITIONS
 THE FOLLOWING WEATHER WAS RECORDED YESTERDAY.
  NO SIGNIFICANT WEATHER WAS OBSERVED.


RELATIVE HUMIDITY (PERCENT)
 HIGHEST   100           100 AM
 LOWEST     30           400 PM
 AVERAGE    65

..........................................................


THE TOPEKA KS CLIMATE NORMALS FOR TODAY
                         NORMAL    RECORD    YEAR
 MAXIMUM TEMPERATURE (F)   73        94      1934
 MINIMUM TEMPERATURE (F)   51        32      1989
                                             1890


SUNRISE AND SUNSET
MAY  7 2017...........SUNRISE   617 AM CDT   SUNSET   821 PM CDT
MAY  8 2017...........SUNRISE   616 AM CDT   SUNSET   822 PM CDT


-  INDICATES NEGATIVE NUMBERS.
R  INDICATES RECORD WAS SET OR TIED.
MM INDICATES DATA IS MISSING.
T  INDICATES TRACE AMOUNT.




$$
