000
CDUS43 KTOP 070634
CLITOP


CLIMATE REPORT
NATIONAL WEATHER SERVICE TOPEKA KS
133 AM CDT THU APR 7 2016


...................................

...THE TOPEKA KS CLIMATE SUMMARY FOR APRIL 6 2016...

CLIMATE NORMAL PERIOD 1981 TO 2010
CLIMATE RECORD PERIOD 1887 TO 2016


WEATHER ITEM   OBSERVED TIME   RECORD YEAR NORMAL DEPARTURE LAST
                VALUE   (LST)  VALUE       VALUE  FROM      YEAR
                                                  NORMAL
..................................................................
TEMPERATURE (F)
 YESTERDAY
  MAXIMUM         65    449 PM  97    1893  64      1       69
  MINIMUM         47   1017 PM  20    1982  40      7       51
                                      1936
  AVERAGE         56                        52      4       60

PRECIPITATION (IN)
  YESTERDAY        0.12          1.81 1942   0.11   0.01     0.00
  MONTH TO DATE    0.15                      0.61  -0.46     0.19
  SINCE MAR 1      2.45                      3.10  -0.65     0.96
  SINCE JAN 1      3.72                      5.28  -1.56     2.95

SNOWFALL (IN)
  YESTERDAY        0.0           1.4  1994   0.0    0.0      0.0
  MONTH TO DATE    0.0                       0.1   -0.1      0.0
  SINCE JAN 1      3.7                      11.1   -7.4      7.9
  SINCE JUL 1      4.9                      17.6  -12.7     10.3
  SNOW DEPTH       0

DEGREE DAYS
 HEATING
  YESTERDAY        9                        14     -5        5
  MONTH TO DATE   58                        86    -28       58
  SINCE MAR 1    486                       714   -228      611
  SINCE JUL 1   3738                      4681   -943     4612

 COOLING
  YESTERDAY        0                         0      0        0
  MONTH TO DATE    0                         0      0        1
  SINCE MAR 1      3                         3      0        1
  SINCE JAN 1      3                         3      0        1
..................................................................


WIND (MPH)
  HIGHEST WIND SPEED    32   HIGHEST WIND DIRECTION    NW (310)
  HIGHEST GUST SPEED    43   HIGHEST GUST DIRECTION    NW (310)
  AVERAGE WIND SPEED    11.7


SKY COVER
  AVERAGE SKY COVER 0.3


WEATHER CONDITIONS
 THE FOLLOWING WEATHER WAS RECORDED YESTERDAY.
  LIGHT RAIN


RELATIVE HUMIDITY (PERCENT)
 HIGHEST    86           200 AM
 LOWEST     27           600 PM
 AVERAGE    57

..........................................................


THE TOPEKA KS CLIMATE NORMALS FOR TODAY
                         NORMAL    RECORD    YEAR
 MAXIMUM TEMPERATURE (F)   64        89      1893
                                             1890
 MINIMUM TEMPERATURE (F)   40        19      2007


SUNRISE AND SUNSET
APRIL  7 2016.........SUNRISE   657 AM CDT   SUNSET   753 PM CDT
APRIL  8 2016.........SUNRISE   655 AM CDT   SUNSET   754 PM CDT


-  INDICATES NEGATIVE NUMBERS.
R  INDICATES RECORD WAS SET OR TIED.
MM INDICATES DATA IS MISSING.
T  INDICATES TRACE AMOUNT.




$$
