000
CDUS43 KTOP 070642
CLITOP


CLIMATE REPORT
NATIONAL WEATHER SERVICE TOPEKA KS
1241 AM CST TUE NOV 7 2017


...................................

...THE TOPEKA KS CLIMATE SUMMARY FOR NOVEMBER 6 2017...

CLIMATE NORMAL PERIOD 1981 TO 2010
CLIMATE RECORD PERIOD 1887 TO 2017


WEATHER ITEM   OBSERVED TIME   RECORD YEAR NORMAL DEPARTURE LAST
                VALUE   (LST)  VALUE       VALUE  FROM      YEAR
                                                  NORMAL
..................................................................
TEMPERATURE (F)
 YESTERDAY
  MAXIMUM         47    418 PM  83    1980  60    -13       67
                                      1915
                                      1891
  MINIMUM         31    736 AM  13    1959  37     -6       42
  AVERAGE         39                        49    -10       55

PRECIPITATION (IN)
  YESTERDAY        T             1.20 1920   0.07  -0.07     0.00
  MONTH TO DATE    T                         0.45  -0.45     0.04
  SINCE SEP 1      4.72                      7.14  -2.42     9.14
  SINCE JAN 1     38.19                     33.71   4.48    42.03

SNOWFALL (IN)
  YESTERDAY        T             1.1  1991   0.0    0.0      0.0
  MONTH TO DATE    T                         0.1   -0.1      0.0
  SINCE JAN 1      3.9                      11.7   -7.8      3.7
  SINCE JUL 1      0.4                       0.4    0.0       T
  SNOW DEPTH       0

DEGREE DAYS
 HEATING
  YESTERDAY       26                        17      9       10
  MONTH TO DATE  123                        93     30       27
  SINCE SEP 1    378                       447    -69      183
  SINCE JUL 1    378                       449    -71      183

 COOLING
  YESTERDAY        0                         0      0        0
  MONTH TO DATE    0                         0      0        7
  SINCE SEP 1    283                       192     91      304
  SINCE JAN 1   1473                      1420     53     1705
..................................................................


WIND (MPH)
  HIGHEST WIND SPEED    15   HIGHEST WIND DIRECTION    NE (40)
  HIGHEST GUST SPEED    19   HIGHEST GUST DIRECTION    NE (60)
  AVERAGE WIND SPEED     8.1


SKY COVER
  AVERAGE SKY COVER 0.2


WEATHER CONDITIONS
 THE FOLLOWING WEATHER WAS RECORDED YESTERDAY.
  LIGHT SNOW


RELATIVE HUMIDITY (PERCENT)
 HIGHEST    85           700 AM
 LOWEST     49           300 PM
 AVERAGE    67

..........................................................


THE TOPEKA KS CLIMATE NORMALS FOR TODAY
                         NORMAL    RECORD    YEAR
 MAXIMUM TEMPERATURE (F)   59        79      2001
 MINIMUM TEMPERATURE (F)   37         8      1991


SUNRISE AND SUNSET
NOVEMBER  7 2017......SUNRISE   657 AM CST   SUNSET   515 PM CST
NOVEMBER  8 2017......SUNRISE   658 AM CST   SUNSET   514 PM CST


-  INDICATES NEGATIVE NUMBERS.
R  INDICATES RECORD WAS SET OR TIED.
MM INDICATES DATA IS MISSING.
T  INDICATES TRACE AMOUNT.




$$
