000
CDUS43 KTOP 040631
CLITOP


CLIMATE REPORT
NATIONAL WEATHER SERVICE TOPEKA KS
131 AM CDT SUN JUN 4 2017


...................................

...THE TOPEKA KS CLIMATE SUMMARY FOR JUNE 3 2017...

CLIMATE NORMAL PERIOD 1981 TO 2010
CLIMATE RECORD PERIOD 1887 TO 2017


WEATHER ITEM   OBSERVED TIME   RECORD YEAR NORMAL DEPARTURE LAST
                VALUE   (LST)  VALUE       VALUE  FROM      YEAR
                                                  NORMAL
..................................................................
TEMPERATURE (F)
 YESTERDAY
  MAXIMUM         85    436 PM  97    1972  81      4       85
                                      1942
  MINIMUM         64    511 AM  45    1969  60      4       58
  AVERAGE         75                        71      4       72

PRECIPITATION (IN)
  YESTERDAY        0.00          2.95 2005   0.17  -0.17     0.00
  MONTH TO DATE    0.29                      0.51  -0.22     0.00
  SINCE JUN 1      0.29                      0.51  -0.22     0.00
  SINCE JAN 1     15.44                     13.62   1.82    19.31

SNOWFALL (IN)
  YESTERDAY        0.0           T    2005   0.0    0.0      0.0
  MONTH TO DATE    0.0                       0.0    0.0      0.0
  SINCE JAN 1      3.5                      11.3   -7.8      3.7
  SINCE JUL 1      6.6                      17.8  -11.2      4.9
  SNOW DEPTH       0

DEGREE DAYS
 HEATING
  YESTERDAY        0                         1     -1        0
  MONTH TO DATE    0                         3     -3        0
  SINCE JUN 1      0                         3     -3        0
  SINCE JUL 1   4007                      5016  -1009     4002

 COOLING
  YESTERDAY       10                         6      4        7
  MONTH TO DATE   25                        18      7       19
  SINCE JUN 1     25                        18      7       19
  SINCE JAN 1    154                       144     10      111
..................................................................


WIND (MPH)
  HIGHEST WIND SPEED    14   HIGHEST WIND DIRECTION    SE (130)
  HIGHEST GUST SPEED    19   HIGHEST GUST DIRECTION    SE (130)
  AVERAGE WIND SPEED     4.0


SKY COVER
  AVERAGE SKY COVER 0.1


WEATHER CONDITIONS
 THE FOLLOWING WEATHER WAS RECORDED YESTERDAY.
  NO SIGNIFICANT WEATHER WAS OBSERVED.


RELATIVE HUMIDITY (PERCENT)
 HIGHEST   100           100 AM
 LOWEST     51           400 PM
 AVERAGE    76

..........................................................


THE TOPEKA KS CLIMATE NORMALS FOR TODAY
                         NORMAL    RECORD    YEAR
 MAXIMUM TEMPERATURE (F)   82       100      1933
 MINIMUM TEMPERATURE (F)   60        44      1990
                                             1950
                                             1945


SUNRISE AND SUNSET
JUNE  4 2017..........SUNRISE   557 AM CDT   SUNSET   845 PM CDT
JUNE  5 2017..........SUNRISE   557 AM CDT   SUNSET   845 PM CDT


-  INDICATES NEGATIVE NUMBERS.
R  INDICATES RECORD WAS SET OR TIED.
MM INDICATES DATA IS MISSING.
T  INDICATES TRACE AMOUNT.




$$
