000
CDUS43 KTOP 070634
CLITOP


CLIMATE REPORT
NATIONAL WEATHER SERVICE TOPEKA KS
132 AM CDT SUN SEP 7 2014


...................................

...THE TOPEKA KS CLIMATE SUMMARY FOR SEPTEMBER 6 2014...

CLIMATE NORMAL PERIOD 1981 TO 2010
CLIMATE RECORD PERIOD 1887 TO 2014


WEATHER ITEM   OBSERVED TIME   RECORD YEAR NORMAL DEPARTURE LAST
                VALUE   (LST)  VALUE       VALUE  FROM      YEAR
                                                  NORMAL
..................................................................
TEMPERATURE (F)
 YESTERDAY
  MAXIMUM         76    420 PM 105    1936  84     -8       94
  MINIMUM         56    623 AM  41    1988  61     -5       68
  AVERAGE         66                        72     -6       81

PRECIPITATION (IN)
  YESTERDAY        0.00          4.29 1909   0.12  -0.12      T
  MONTH TO DATE    3.72                      0.72   3.00     0.29
  SINCE SEP 1      3.72                      0.72   3.00     0.29
  SINCE JAN 1     23.56                     27.29  -3.73    24.76

SNOWFALL (IN)
  YESTERDAY        0.0           T    1923   0.0    0.0      0.0
  MONTH TO DATE    0.0                       0.0    0.0      0.0
  SINCE JAN 1     23.1                      11.3   11.8     24.2
  SINCE JUL 1      T                         0.0    0.0      0.0
  SNOW DEPTH       0

DEGREE DAYS
 HEATING
  YESTERDAY        0                         1     -1        0
  MONTH TO DATE    0                         1     -1        0
  SINCE SEP 1      0                         1     -1        0
  SINCE JUL 1      0                         3     -3        0

 COOLING
  YESTERDAY        1                         8     -7       16
  MONTH TO DATE   67                        52     15       61
  SINCE SEP 1     67                        52     15       61
  SINCE JAN 1   1477                      1280    197     1355
..................................................................


WIND (MPH)
  HIGHEST WIND SPEED    13   HIGHEST WIND DIRECTION     N (20)
  HIGHEST GUST SPEED    18   HIGHEST GUST DIRECTION     N (20)
  AVERAGE WIND SPEED     5.5


SKY COVER
  AVERAGE SKY COVER 0.0


WEATHER CONDITIONS
 THE FOLLOWING WEATHER WAS RECORDED YESTERDAY.
  HAZE


RELATIVE HUMIDITY (PERCENT)
 HIGHEST    93           100 AM
 LOWEST     41           400 PM
 AVERAGE    67

..........................................................


THE TOPEKA KS CLIMATE NORMALS FOR TODAY
                         NORMAL    RECORD    YEAR
 MAXIMUM TEMPERATURE (F)   84       106      1947
 MINIMUM TEMPERATURE (F)   60        42      1956


SUNRISE AND SUNSET
SEPTEMBER  7 2014.....SUNRISE   657 AM CDT   SUNSET   744 PM CDT
SEPTEMBER  8 2014.....SUNRISE   658 AM CDT   SUNSET   742 PM CDT


-  INDICATES NEGATIVE NUMBERS.
R  INDICATES RECORD WAS SET OR TIED.
MM INDICATES DATA IS MISSING.
T  INDICATES TRACE AMOUNT.




$$
