000
CDUS43 KTOP 232152
CLITOP


CLIMATE REPORT
NATIONAL WEATHER SERVICE TOPEKA KS
451 PM CDT SAT MAY 23 2015


...................................

...THE TOPEKA KS CLIMATE SUMMARY FOR MAY 23 2015...
VALID TODAY AS OF 430 PM LOCAL TIME.

CLIMATE NORMAL PERIOD 1981 TO 2010
CLIMATE RECORD PERIOD 1887 TO 2015


WEATHER ITEM   OBSERVED TIME   RECORD YEAR NORMAL DEPARTURE LAST
                VALUE   (LST)  VALUE       VALUE  FROM      YEAR
                                                  NORMAL
..................................................................
TEMPERATURE (F)
 TODAY
  MAXIMUM         67    130 PM  95    1939  78    -11       81
  MINIMUM         57    455 AM  39    1963  57      0       62
  AVERAGE         62                        67     -5       72

PRECIPITATION (IN)
  TODAY            0.05          2.42 1995   0.16  -0.11      T
  MONTH TO DATE    6.12                      3.64   2.48     1.11
  SINCE MAR 1      9.29                      9.66  -0.37     5.29
  SINCE JAN 1     11.28                     11.84  -0.56     6.95

SNOWFALL (IN)
  TODAY            0.0           T    1949   0.0    0.0      0.0
  MONTH TO DATE    0.0                       0.0    0.0       T
  SINCE JAN 1      7.9                      11.3   -3.4     23.1
  SINCE JUL 1     10.3                      17.8   -7.5     27.4
  SNOW DEPTH       0

DEGREE DAYS
 HEATING
  TODAY            3                         2      1        0
  MONTH TO DATE   87                        86      1       96
  SINCE MAR 1    868                      1036   -168     1118
  SINCE JUL 1   4869                      5003   -134     5440

 COOLING
  TODAY            0                         4     -4        7
  MONTH TO DATE   52                        59     -7      107
  SINCE MAR 1     57                        87    -30      130
  SINCE JAN 1     57                        87    -30      130
..................................................................


WIND (MPH)
  HIGHEST WIND SPEED    16   HIGHEST WIND DIRECTION    SE (130)
  HIGHEST GUST SPEED    20   HIGHEST GUST DIRECTION    SE (130)
  AVERAGE WIND SPEED     9.2



WEATHER CONDITIONS
 THE FOLLOWING WEATHER WAS RECORDED TODAY.
  RAIN
  LIGHT RAIN
  FOG


RELATIVE HUMIDITY (PERCENT)
 HIGHEST    86           600 AM
 LOWEST     72          1200 AM
 AVERAGE    79

..........................................................


THE TOPEKA KS CLIMATE NORMALS FOR TOMORROW
                         NORMAL    RECORD    YEAR
 MAXIMUM TEMPERATURE (F)   78        97      1939
 MINIMUM TEMPERATURE (F)   57        39      1966


SUNRISE AND SUNSET
MAY 23 2015...........SUNRISE   604 AM CDT   SUNSET   835 PM CDT
MAY 24 2015...........SUNRISE   603 AM CDT   SUNSET   836 PM CDT


-  INDICATES NEGATIVE NUMBERS.
R  INDICATES RECORD WAS SET OR TIED.
MM INDICATES DATA IS MISSING.
T  INDICATES TRACE AMOUNT.




$$
