000
CDUS43 KTOP 160639
CLITOP


CLIMATE REPORT
NATIONAL WEATHER SERVICE TOPEKA KS
1237 AM CST MON FEB 16 2015


...................................

...THE TOPEKA KS CLIMATE SUMMARY FOR FEBRUARY 15 2015...

CLIMATE NORMAL PERIOD 1981 TO 2010
CLIMATE RECORD PERIOD 1887 TO 2015


WEATHER ITEM   OBSERVED TIME   RECORD YEAR NORMAL DEPARTURE LAST
                VALUE   (LST)  VALUE       VALUE  FROM      YEAR
                                                  NORMAL
..................................................................
TEMPERATURE (F)
 YESTERDAY
  MAXIMUM         22    240 PM  72    1947  45    -23       48
                                      1921
  MINIMUM         15   1159 PM  -7    1936  24     -9       16
  AVERAGE         19                        34    -15       32

PRECIPITATION (IN)
  YESTERDAY        0.11          0.56 1984   0.05   0.06     0.00
  MONTH TO DATE    0.46                      0.66  -0.20     0.99
  SINCE DEC 1      3.85                      2.87   0.98     1.92
  SINCE JAN 1      1.58                      1.52   0.06     1.36

SNOWFALL (IN)
  YESTERDAY        0.8           6.9  1993   0.2    0.6      0.0
  MONTH TO DATE    2.3                       2.8   -0.5     14.8
  SINCE JAN 1      3.7                       7.7   -4.0     18.7
  SINCE JUL 1      6.1                      14.2   -8.1     23.0
  SNOW DEPTH       0

DEGREE DAYS
 HEATING
  YESTERDAY       46                        31     15       33
  MONTH TO DATE  498                       489      9      684
  SINCE DEC 1   2410                      2605   -195     2949
  SINCE JUL 1   3441                      3599   -158     3945

 COOLING
  YESTERDAY        0                         0      0        0
  MONTH TO DATE    0                         0      0        0
  SINCE DEC 1      0                         0      0        0
  SINCE JAN 1      0                         0      0        0
..................................................................


WIND (MPH)
  HIGHEST WIND SPEED    20   HIGHEST WIND DIRECTION    NE (60)
  HIGHEST GUST SPEED    22   HIGHEST GUST DIRECTION    NE (60)
  AVERAGE WIND SPEED    12.2


SKY COVER
  AVERAGE SKY COVER 0.6


WEATHER CONDITIONS
 THE FOLLOWING WEATHER WAS RECORDED YESTERDAY.
  LIGHT SNOW
  FOG


RELATIVE HUMIDITY (PERCENT)
 HIGHEST    88           900 PM
 LOWEST     39           100 AM
 AVERAGE    64

..........................................................


THE TOPEKA KS CLIMATE NORMALS FOR TODAY
                         NORMAL    RECORD    YEAR
 MAXIMUM TEMPERATURE (F)   45        74      1961
 MINIMUM TEMPERATURE (F)   24        -9      1903


SUNRISE AND SUNSET
FEBRUARY 16 2015......SUNRISE   713 AM CST   SUNSET   601 PM CST
FEBRUARY 17 2015......SUNRISE   712 AM CST   SUNSET   602 PM CST


-  INDICATES NEGATIVE NUMBERS.
R  INDICATES RECORD WAS SET OR TIED.
MM INDICATES DATA IS MISSING.
T  INDICATES TRACE AMOUNT.




$$
