000
CDUS43 KTOP 310635
CLITOP


CLIMATE REPORT
NATIONAL WEATHER SERVICE TOPEKA KS
1235 AM CST TUE JAN 31 2017


...................................

...THE TOPEKA KS CLIMATE SUMMARY FOR JANUARY 30 2017...

CLIMATE NORMAL PERIOD 1981 TO 2010
CLIMATE RECORD PERIOD 1887 TO 2017


WEATHER ITEM   OBSERVED TIME   RECORD YEAR NORMAL DEPARTURE LAST
                VALUE   (LST)  VALUE       VALUE  FROM      YEAR
                                                  NORMAL
..................................................................
TEMPERATURE (F)
 YESTERDAY
  MAXIMUM         65    358 PM  70    2012  41     24       59
  MINIMUM         25    700 AM  -6    1991  20      5       29
                                      1966
                                      1918
  AVERAGE         45                        31     14       44

PRECIPITATION (IN)
  YESTERDAY        0.00          1.26 2002   0.03  -0.03     0.00
  MONTH TO DATE    1.28                      0.82   0.46     0.90
  SINCE DEC 1      2.33                      2.17   0.16     3.61
  SINCE JAN 1      1.28                      0.82   0.46     0.90

SNOWFALL (IN)
  YESTERDAY        0.0           3.1  1979   0.1   -0.1      0.0
  MONTH TO DATE    2.2                       4.7   -2.5      2.1
  SINCE JAN 1      2.2                       4.7   -2.5      2.1
  SINCE JUL 1      5.3                      11.2   -5.9      3.3
  SNOW DEPTH       0

DEGREE DAYS
 HEATING
  YESTERDAY       20                        34    -14       21
  MONTH TO DATE  950                      1056   -106     1029
  SINCE DEC 1   2009                      2079    -70     1800
  SINCE JUL 1   2582                      3073   -491     2536

 COOLING
  YESTERDAY        0                         0      0        0
  MONTH TO DATE    0                         0      0        0
  SINCE DEC 1      0                         0      0        0
  SINCE JAN 1      0                         0      0        0
..................................................................


WIND (MPH)
  HIGHEST WIND SPEED    21   HIGHEST WIND DIRECTION     W (290)
  HIGHEST GUST SPEED    26   HIGHEST GUST DIRECTION     W (290)
  AVERAGE WIND SPEED     5.5


SKY COVER
  AVERAGE SKY COVER 0.0


WEATHER CONDITIONS
 THE FOLLOWING WEATHER WAS RECORDED YESTERDAY.
  FOG


RELATIVE HUMIDITY (PERCENT)
 HIGHEST    85          1200 AM
 LOWEST     25           500 PM
 AVERAGE    55

..........................................................


THE TOPEKA KS CLIMATE NORMALS FOR TODAY
                         NORMAL    RECORD    YEAR
 MAXIMUM TEMPERATURE (F)   41        73      2009
 MINIMUM TEMPERATURE (F)   20       -14      1979


SUNRISE AND SUNSET
JANUARY 31 2017.......SUNRISE   730 AM CST   SUNSET   543 PM CST
FEBRUARY  1 2017......SUNRISE   729 AM CST   SUNSET   544 PM CST


-  INDICATES NEGATIVE NUMBERS.
R  INDICATES RECORD WAS SET OR TIED.
MM INDICATES DATA IS MISSING.
T  INDICATES TRACE AMOUNT.




$$
