856
CDUS43 KTOP 080637
CLITOP


CLIMATE REPORT
NATIONAL WEATHER SERVICE TOPEKA KS
1237 AM CST MON FEB 8 2016


...................................

...THE TOPEKA KS CLIMATE SUMMARY FOR FEBRUARY 7 2016...

CLIMATE NORMAL PERIOD 1981 TO 2010
CLIMATE RECORD PERIOD 1887 TO 2016


WEATHER ITEM   OBSERVED TIME   RECORD YEAR NORMAL DEPARTURE LAST
                VALUE   (LST)  VALUE       VALUE  FROM      YEAR
                                                  NORMAL
..................................................................
TEMPERATURE (F)
 YESTERDAY
  MAXIMUM         54    127 PM  71    2009  43     11       68
  MINIMUM         38    841 AM -14    1895  22     16       29
  AVERAGE         46                        32     14       49

PRECIPITATION (IN)
  YESTERDAY        T             0.53 2013   0.05  -0.05     0.00
  MONTH TO DATE    0.35                      0.29   0.06     0.35
  SINCE DEC 1      3.96                      2.50   1.46     3.74
  SINCE JAN 1      1.25                      1.15   0.10     1.47

SNOWFALL (IN)
  YESTERDAY        T             5.1  1980   0.2   -0.2      0.0
  MONTH TO DATE    T                         1.3   -1.3      1.5
  SINCE JAN 1      2.1                       6.2   -4.1      2.9
  SINCE JUL 1      3.3                      12.7   -9.4      5.3
  SNOW DEPTH       0

DEGREE DAYS
 HEATING
  YESTERDAY       19                        33    -14       16
  MONTH TO DATE  189                       235    -46      247
  SINCE DEC 1   2009                      2351   -342     2159
  SINCE JUL 1   2745                      3345   -600     3190

 COOLING
  YESTERDAY        0                         0      0        0
  MONTH TO DATE    0                         0      0        0
  SINCE DEC 1      0                         0      0        0
  SINCE JAN 1      0                         0      0        0
..................................................................


WIND (MPH)
  HIGHEST WIND SPEED    39   HIGHEST WIND DIRECTION    NW (320)
  HIGHEST GUST SPEED    49   HIGHEST GUST DIRECTION    NW (320)
  AVERAGE WIND SPEED    15.0


SKY COVER
  AVERAGE SKY COVER 0.4


WEATHER CONDITIONS
 THE FOLLOWING WEATHER WAS RECORDED YESTERDAY.
  LIGHT RAIN


RELATIVE HUMIDITY (PERCENT)
 HIGHEST    64           800 AM
 LOWEST     19           400 PM
 AVERAGE    42

..........................................................


THE TOPEKA KS CLIMATE NORMALS FOR TODAY
                         NORMAL    RECORD    YEAR
 MAXIMUM TEMPERATURE (F)   43        72      1938
 MINIMUM TEMPERATURE (F)   22       -20      1971


SUNRISE AND SUNSET
FEBRUARY  8 2016......SUNRISE   723 AM CST   SUNSET   551 PM CST
FEBRUARY  9 2016......SUNRISE   721 AM CST   SUNSET   552 PM CST


-  INDICATES NEGATIVE NUMBERS.
R  INDICATES RECORD WAS SET OR TIED.
MM INDICATES DATA IS MISSING.
T  INDICATES TRACE AMOUNT.




$$
