000
CDUS43 KTOP 010633
CLITOP


CLIMATE REPORT
NATIONAL WEATHER SERVICE TOPEKA KS
132 AM CDT WED OCT 1 2014


...................................

...THE TOPEKA KS CLIMATE SUMMARY FOR SEPTEMBER 30 2014...

CLIMATE NORMAL PERIOD 1981 TO 2010
CLIMATE RECORD PERIOD 1887 TO 2014


WEATHER ITEM   OBSERVED TIME   RECORD YEAR NORMAL DEPARTURE LAST
                VALUE   (LST)  VALUE       VALUE  FROM      YEAR
                                                  NORMAL
..................................................................
TEMPERATURE (F)
 YESTERDAY
  MAXIMUM         87    233 PM  97    1938  74     13       80
  MINIMUM         60    638 AM  29    1984  50     10       45
  AVERAGE         74                        62     12       63

PRECIPITATION (IN)
  YESTERDAY        0.00          1.78 1904   0.11  -0.11     0.00
  MONTH TO DATE    4.14                      3.66   0.48     3.27
  SINCE SEP 1      4.14                      3.66   0.48     3.27
  SINCE JAN 1     23.98                     30.23  -6.25    27.74

SNOWFALL (IN)
  YESTERDAY        0.0           0.0    MM   0.0    0.0      0.0
  MONTH TO DATE    0.0                       0.0    0.0      0.0
  SINCE JAN 1     23.1                      11.3   11.8     24.2
  SINCE JUL 1      T                         0.0    0.0      0.0
  SNOW DEPTH       0

DEGREE DAYS
 HEATING
  YESTERDAY        0                         5     -5        2
  MONTH TO DATE   49                        64    -15       14
  SINCE SEP 1     49                        65    -16       14
  SINCE JUL 1     49                        67    -18       14

 COOLING
  YESTERDAY        9                         2      7        0
  MONTH TO DATE  173                       165      8      255
  SINCE SEP 1    173                       165      8      255
  SINCE JAN 1   1583                      1393    190     1549
..................................................................


WIND (MPH)
  HIGHEST WIND SPEED    22   HIGHEST WIND DIRECTION     S (160)
  HIGHEST GUST SPEED    29   HIGHEST GUST DIRECTION    SE (140)
  AVERAGE WIND SPEED     9.3


SKY COVER
  AVERAGE SKY COVER 0.2


WEATHER CONDITIONS
 THE FOLLOWING WEATHER WAS RECORDED YESTERDAY.
  FOG


RELATIVE HUMIDITY (PERCENT)
 HIGHEST   100           600 AM
 LOWEST     36           200 PM
 AVERAGE    68

..........................................................


THE TOPEKA KS CLIMATE NORMALS FOR TODAY
                         NORMAL    RECORD    YEAR
 MAXIMUM TEMPERATURE (F)   74        95      1976
 MINIMUM TEMPERATURE (F)   50        29      1985
                                             1984


SUNRISE AND SUNSET
OCTOBER  1 2014.......SUNRISE   719 AM CDT   SUNSET   705 PM CDT
OCTOBER  2 2014.......SUNRISE   719 AM CDT   SUNSET   704 PM CDT


-  INDICATES NEGATIVE NUMBERS.
R  INDICATES RECORD WAS SET OR TIED.
MM INDICATES DATA IS MISSING.
T  INDICATES TRACE AMOUNT.




$$
