000
CDUS43 KTOP 150633
CLITOP


CLIMATE REPORT
NATIONAL WEATHER SERVICE TOPEKA KS
131 AM CDT TUE APR 15 2014


...................................

...THE TOPEKA KS CLIMATE SUMMARY FOR APRIL 14 2014...

CLIMATE NORMAL PERIOD 1981 TO 2010
CLIMATE RECORD PERIOD 1887 TO 2014


WEATHER ITEM   OBSERVED TIME   RECORD YEAR NORMAL DEPARTURE LAST
                VALUE   (LST)  VALUE       VALUE  FROM      YEAR
                                                  NORMAL
..................................................................
TEMPERATURE (F)
 YESTERDAY
  MAXIMUM         48    346 PM  92    2006  66    -18       72
  MINIMUM         32    631 AM  21    1950  43    -11       52
  AVERAGE         40                        55    -15       62

PRECIPITATION (IN)
  YESTERDAY        0.02          1.93 2001   0.12  -0.10      T
  MONTH TO DATE    1.29                      1.49  -0.20     1.31
  SINCE MAR 1      2.02                      3.98  -1.96     3.32
  SINCE JAN 1      3.68                      6.16  -2.48     5.76

SNOWFALL (IN)
  YESTERDAY        0.1 R         T    2007   0.0    0.1      0.0
                                      2001
  MONTH TO DATE    0.1                       0.2   -0.1      0.0
  SINCE JAN 1     23.1                      11.2   11.9     23.9
  SINCE JUL 1     27.4                      17.7    9.7     29.3
  SNOW DEPTH       0

DEGREE DAYS
 HEATING
  YESTERDAY       25                        11     14        3
  MONTH TO DATE  192                       183      9      206
  SINCE MAR 1    902                       811     91      970
  SINCE JUL 1   5224                      4778    446     4527

 COOLING
  YESTERDAY        0                         1     -1        0
  MONTH TO DATE    5                         7     -2        0
  SINCE MAR 1      5                        10     -5        0
  SINCE JAN 1      5                        10     -5        0
..................................................................


WIND (MPH)
  HIGHEST WIND SPEED    26   HIGHEST WIND DIRECTION    NW (330)
  HIGHEST GUST SPEED    42   HIGHEST GUST DIRECTION     N (340)
  AVERAGE WIND SPEED    14.4


SKY COVER
  AVERAGE SKY COVER 0.7


WEATHER CONDITIONS
 THE FOLLOWING WEATHER WAS RECORDED YESTERDAY.
  LIGHT SNOW
  FOG


RELATIVE HUMIDITY (PERCENT)
 HIGHEST    82          1200 AM
 LOWEST     34           300 PM
 AVERAGE    58

..........................................................


THE TOPEKA KS CLIMATE NORMALS FOR TODAY
                         NORMAL    RECORD    YEAR
 MAXIMUM TEMPERATURE (F)   67        90      1924
                                             1896
 MINIMUM TEMPERATURE (F)   43        25      1928


SUNRISE AND SUNSET
APRIL 15 2014.........SUNRISE   646 AM CDT   SUNSET   800 PM CDT
APRIL 16 2014.........SUNRISE   644 AM CDT   SUNSET   801 PM CDT


-  INDICATES NEGATIVE NUMBERS.
R  INDICATES RECORD WAS SET OR TIED.
MM INDICATES DATA IS MISSING.
T  INDICATES TRACE AMOUNT.




$$
