000
CDUS43 KTOP 180631
CLITOP


CLIMATE REPORT
NATIONAL WEATHER SERVICE TOPEKA KS
1231 AM CST THU JAN 18 2018


...................................

...THE TOPEKA KS CLIMATE SUMMARY FOR JANUARY 17 2018...

CLIMATE NORMAL PERIOD 1981 TO 2010
CLIMATE RECORD PERIOD 1887 TO 2018


WEATHER ITEM   OBSERVED TIME   RECORD YEAR NORMAL DEPARTURE LAST
                VALUE   (LST)  VALUE       VALUE  FROM      YEAR
                                                  NORMAL
..................................................................
TEMPERATURE (F)
 YESTERDAY
  MAXIMUM         27    407 PM  66    1923  40    -13       47
  MINIMUM         -4    630 AM -12    1930  19    -23       25
  AVERAGE         12                        30    -18       36

PRECIPITATION (IN)
  YESTERDAY        0.00          0.37 1960   0.03  -0.03     0.00
  MONTH TO DATE    0.80                      0.41   0.39     1.20
  SINCE DEC 1      1.11                      1.76  -0.65     2.25
  SINCE JAN 1      0.80                      0.41   0.39     1.20

SNOWFALL (IN)
  YESTERDAY        0.0           4.2  1987   0.1   -0.1      0.0
  MONTH TO DATE    2.4                       2.6   -0.2      2.2
  SINCE JAN 1      2.4                       2.6   -0.2      2.2
  SINCE JUL 1      4.5                       9.1   -4.6      5.3
  SNOW DEPTH       1

DEGREE DAYS
 HEATING
  YESTERDAY       53                        35     18       29
  MONTH TO DATE  726                       602    124      624
  SINCE DEC 1   1699                      1625     74     1683
  SINCE JUL 1   2522                      2619    -97     2256

 COOLING
  YESTERDAY        0                         0      0        0
  MONTH TO DATE    0                         0      0        0
  SINCE DEC 1      0                         0      0        0
  SINCE JAN 1      0                         0      0        0
..................................................................


WIND (MPH)
  HIGHEST WIND SPEED    14   HIGHEST WIND DIRECTION     S (180)
  HIGHEST GUST SPEED    18   HIGHEST GUST DIRECTION     S (180)
  AVERAGE WIND SPEED     5.2


SKY COVER
  AVERAGE SKY COVER 0.0


WEATHER CONDITIONS
 THE FOLLOWING WEATHER WAS RECORDED YESTERDAY.
  NO SIGNIFICANT WEATHER WAS OBSERVED.


RELATIVE HUMIDITY (PERCENT)
 HIGHEST    91          1200 AM
 LOWEST     50           200 PM
 AVERAGE    71

..........................................................


THE TOPEKA KS CLIMATE NORMALS FOR TODAY
                         NORMAL    RECORD    YEAR
 MAXIMUM TEMPERATURE (F)   40        71      1951
 MINIMUM TEMPERATURE (F)   19       -13      1930


SUNRISE AND SUNSET
JANUARY 18 2018.......SUNRISE   739 AM CST   SUNSET   528 PM CST
JANUARY 19 2018.......SUNRISE   738 AM CST   SUNSET   529 PM CST


-  INDICATES NEGATIVE NUMBERS.
R  INDICATES RECORD WAS SET OR TIED.
MM INDICATES DATA IS MISSING.
T  INDICATES TRACE AMOUNT.




$$
