000
CDUS43 KTOP 130635
CLITOP


CLIMATE REPORT
NATIONAL WEATHER SERVICE TOPEKA KS
135 AM CDT TUE SEP 13 2016


...................................

...THE TOPEKA KS CLIMATE SUMMARY FOR SEPTEMBER 12 2016...

CLIMATE NORMAL PERIOD 1981 TO 2010
CLIMATE RECORD PERIOD 1887 TO 2016


WEATHER ITEM   OBSERVED TIME   RECORD YEAR NORMAL DEPARTURE LAST
                VALUE   (LST)  VALUE       VALUE  FROM      YEAR
                                                  NORMAL
..................................................................
TEMPERATURE (F)
 YESTERDAY
  MAXIMUM         85    419 PM 103    1956  82      3       71
  MINIMUM         62    159 AM  41    1959  58      4       49
  AVERAGE         74                        70      4       60

PRECIPITATION (IN)
  YESTERDAY        0.00          2.58 1898   0.13  -0.13     T
  MONTH TO DATE    1.63                      1.48   0.15     6.74
  SINCE SEP 1      1.63                      1.48   0.15     6.74
  SINCE JAN 1     34.52                     28.05   6.47    39.98

SNOWFALL (IN)
  YESTERDAY        0.0           T    1930   0.0    0.0      0.0
  MONTH TO DATE    0.0                       0.0    0.0      0.0
  SINCE JAN 1      3.7                      11.3   -7.6      7.9
  SINCE JUL 1      T                         0.0    0.0      0.0
  SNOW DEPTH       0

DEGREE DAYS
 HEATING
  YESTERDAY        0                         1     -1        5
  MONTH TO DATE    0                         7     -7        7
  SINCE SEP 1      0                         7     -7        7
  SINCE JUL 1      0                         9     -9        7

 COOLING
  YESTERDAY        9                         6      3        0
  MONTH TO DATE  113                        93     20      153
  SINCE SEP 1    113                        93     20      153
  SINCE JAN 1   1514                      1321    193     1371
..................................................................


WIND (MPH)
  HIGHEST WIND SPEED    20   HIGHEST WIND DIRECTION     S (180)
  HIGHEST GUST SPEED    25   HIGHEST GUST DIRECTION     S (170)
  AVERAGE WIND SPEED     9.7


SKY COVER
  AVERAGE SKY COVER 0.0


WEATHER CONDITIONS
 THE FOLLOWING WEATHER WAS RECORDED YESTERDAY.
  NO SIGNIFICANT WEATHER WAS OBSERVED.


RELATIVE HUMIDITY (PERCENT)
 HIGHEST    84          1100 PM
 LOWEST     51           100 PM
 AVERAGE    68

..........................................................


THE TOPEKA KS CLIMATE NORMALS FOR TODAY
                         NORMAL    RECORD    YEAR
 MAXIMUM TEMPERATURE (F)   82       104      1893
 MINIMUM TEMPERATURE (F)   58        34      1890


SUNRISE AND SUNSET
SEPTEMBER 13 2016.....SUNRISE   703 AM CDT   SUNSET   733 PM CDT
SEPTEMBER 14 2016.....SUNRISE   703 AM CDT   SUNSET   732 PM CDT


-  INDICATES NEGATIVE NUMBERS.
R  INDICATES RECORD WAS SET OR TIED.
MM INDICATES DATA IS MISSING.
T  INDICATES TRACE AMOUNT.




$$
