000
CDUS43 KTOP 190632
CLITOP


CLIMATE REPORT
NATIONAL WEATHER SERVICE TOPEKA KS
131 AM CDT THU OCT 19 2017


...................................

...THE TOPEKA KS CLIMATE SUMMARY FOR OCTOBER 18 2017...

CLIMATE NORMAL PERIOD 1981 TO 2010
CLIMATE RECORD PERIOD 1887 TO 2017


WEATHER ITEM   OBSERVED TIME   RECORD YEAR NORMAL DEPARTURE LAST
                VALUE   (LST)  VALUE       VALUE  FROM      YEAR
                                                  NORMAL
..................................................................
TEMPERATURE (F)
 YESTERDAY
  MAXIMUM         78    342 PM  88    1945  68     10       75
  MINIMUM         51   1158 PM  24    1948  44      7       51
  AVERAGE         65                        56      9       63

PRECIPITATION (IN)
  YESTERDAY        0.00          1.83 1979   0.10  -0.10     0.00
  MONTH TO DATE    1.89                      1.87   0.02     0.89
  SINCE SEP 1      3.67                      5.53  -1.86     8.67
  SINCE JAN 1     37.14                     32.10   5.04    41.56

SNOWFALL (IN)
  YESTERDAY        0.0           T    2013   0.0    0.0      0.0
                                      1976
  MONTH TO DATE    0.0                       0.1   -0.1      0.0
  SINCE JAN 1      3.5                      11.4   -7.9      3.7
  SINCE JUL 1      T                         0.1   -0.1       T
  SNOW DEPTH       0

DEGREE DAYS
 HEATING
  YESTERDAY        0                        10    -10        2
  MONTH TO DATE   62                       135    -73       72
  SINCE SEP 1     75                       200   -125       92
  SINCE JUL 1     75                       202   -127       92

 COOLING
  YESTERDAY        0                         1     -1        0
  MONTH TO DATE   53                        24     29       40
  SINCE SEP 1    281                       189     92      284
  SINCE JAN 1   1471                      1417     54     1685
..................................................................


WIND (MPH)
  HIGHEST WIND SPEED    18   HIGHEST WIND DIRECTION     S (200)
  HIGHEST GUST SPEED    24   HIGHEST GUST DIRECTION     S (190)
  AVERAGE WIND SPEED     8.0


SKY COVER
  AVERAGE SKY COVER 0.0


WEATHER CONDITIONS
 THE FOLLOWING WEATHER WAS RECORDED YESTERDAY.
  NO SIGNIFICANT WEATHER WAS OBSERVED.


RELATIVE HUMIDITY (PERCENT)
 HIGHEST   100          1100 PM
 LOWEST     38           200 PM
 AVERAGE    69

..........................................................


THE TOPEKA KS CLIMATE NORMALS FOR TODAY
                         NORMAL    RECORD    YEAR
 MAXIMUM TEMPERATURE (F)   67        88      1963
 MINIMUM TEMPERATURE (F)   44        20      1972


SUNRISE AND SUNSET
OCTOBER 19 2017.......SUNRISE   736 AM CDT   SUNSET   638 PM CDT
OCTOBER 20 2017.......SUNRISE   737 AM CDT   SUNSET   636 PM CDT


-  INDICATES NEGATIVE NUMBERS.
R  INDICATES RECORD WAS SET OR TIED.
MM INDICATES DATA IS MISSING.
T  INDICATES TRACE AMOUNT.




$$
