000
CDUS43 KTOP 310638
CLITOP


CLIMATE REPORT
NATIONAL WEATHER SERVICE TOPEKA KS
135 AM CDT SUN AUG 31 2014


...................................

...THE TOPEKA KS CLIMATE SUMMARY FOR AUGUST 30 2014...

CLIMATE NORMAL PERIOD 1981 TO 2010
CLIMATE RECORD PERIOD 1887 TO 2014


WEATHER ITEM   OBSERVED TIME   RECORD YEAR NORMAL DEPARTURE LAST
                VALUE   (LST)  VALUE       VALUE  FROM      YEAR
                                                  NORMAL
..................................................................
TEMPERATURE (F)
 YESTERDAY
  MAXIMUM         92    333 PM 107    1947  86      6      100
                                      1939
  MINIMUM         68    622 AM  45    1915  63      5       72
  AVERAGE         80                        75      5       86

PRECIPITATION (IN)
  YESTERDAY        0.00          3.27 2003   0.14  -0.14     0.00
  MONTH TO DATE    4.25                      4.11   0.14     5.19
  SINCE JUN 1     11.43                     13.33  -1.90    10.12
  SINCE JAN 1     18.90                     26.44  -7.54    24.45

SNOWFALL (IN)
  YESTERDAY        0.0           0.0    MM   0.0    0.0      0.0
  MONTH TO DATE    T                         0.0    0.0      0.0
  SINCE JAN 1     23.1                      11.3   11.8     24.2
  SINCE JUL 1      T                         0.0    0.0      0.0
  SNOW DEPTH       0

DEGREE DAYS
 HEATING
  YESTERDAY        0                         0      0        0
  MONTH TO DATE    0                         0      0        0
  SINCE JUN 1      0                         8     -8        5
  SINCE JUL 1      0                         0      0        0

 COOLING
  YESTERDAY       15                        10      5       21
  MONTH TO DATE  469                       376     93      368
  SINCE JUN 1   1175                      1092     83     1129
  SINCE JAN 1   1392                      1218    174     1274
..................................................................


WIND (MPH)
  HIGHEST WIND SPEED     8   HIGHEST WIND DIRECTION     W (260)
  HIGHEST GUST SPEED    17   HIGHEST GUST DIRECTION    NE (50)
  AVERAGE WIND SPEED     3.3


SKY COVER
  AVERAGE SKY COVER 0.0


WEATHER CONDITIONS
 THE FOLLOWING WEATHER WAS RECORDED YESTERDAY.
  NO SIGNIFICANT WEATHER WAS OBSERVED.


RELATIVE HUMIDITY (PERCENT)
 HIGHEST    97           400 AM
 LOWEST     41           300 PM
 AVERAGE    69

..........................................................


THE TOPEKA KS CLIMATE NORMALS FOR TODAY
                         NORMAL    RECORD    YEAR
 MAXIMUM TEMPERATURE (F)   86       107      2000
                                             1947
 MINIMUM TEMPERATURE (F)   63        47      1967
                                             1915


SUNRISE AND SUNSET
AUGUST 31 2014........SUNRISE   650 AM CDT   SUNSET   755 PM CDT
SEPTEMBER  1 2014.....SUNRISE   651 AM CDT   SUNSET   753 PM CDT


-  INDICATES NEGATIVE NUMBERS.
R  INDICATES RECORD WAS SET OR TIED.
MM INDICATES DATA IS MISSING.
T  INDICATES TRACE AMOUNT.




$$
