000
CDUS43 KTOP 230635
CLITOP


CLIMATE REPORT
NATIONAL WEATHER SERVICE TOPEKA KS
133 AM CDT SUN JUL 23 2017


...................................

...THE TOPEKA KS CLIMATE SUMMARY FOR JULY 22 2017...

CLIMATE NORMAL PERIOD 1981 TO 2010
CLIMATE RECORD PERIOD 1887 TO 2017


WEATHER ITEM   OBSERVED TIME   RECORD YEAR NORMAL DEPARTURE LAST
                VALUE   (LST)  VALUE       VALUE  FROM      YEAR
                                                  NORMAL
..................................................................
TEMPERATURE (F)
 YESTERDAY
  MAXIMUM        103    208 PM 106    2011  90     13      100
                                      1901
  MINIMUM         73   1159 PM  51    1970  69      4       80
  AVERAGE         88                        79      9       90

PRECIPITATION (IN)
  YESTERDAY        1.61          2.67 1891   0.12   1.49     0.00
  MONTH TO DATE    3.82                      2.82   1.00     4.50
  SINCE JUN 1     10.41                      8.22   2.19     6.89
  SINCE JAN 1     25.56                     21.33   4.23    26.20

SNOWFALL (IN)
  YESTERDAY        T   R         0.0    MM   0.0    0.0      0.0
  MONTH TO DATE    T                         0.0    0.0      T
  SINCE JAN 1      3.5                      11.3   -7.8      3.7
  SINCE JUL 1      T                         0.0    0.0      T
  SNOW DEPTH       0

DEGREE DAYS
 HEATING
  YESTERDAY        0                         0      0        0
  MONTH TO DATE    0                         0      0        0
  SINCE JUN 1      0                         8     -8        0
  SINCE JUL 1      0                         0      0        0

 COOLING
  YESTERDAY       23                        14      9       25
  MONTH TO DATE  368                       303     65      339
  SINCE JUN 1    692                       587    105      778
  SINCE JAN 1    821                       713    108      870
..................................................................


WIND (MPH)
  HIGHEST WIND SPEED    46   HIGHEST WIND DIRECTION    NW (300)
  HIGHEST GUST SPEED    62   HIGHEST GUST DIRECTION     W (280)
  AVERAGE WIND SPEED     9.0


SKY COVER
  AVERAGE SKY COVER 0.1


WEATHER CONDITIONS
 THE FOLLOWING WEATHER WAS RECORDED YESTERDAY.
  THUNDERSTORM
  HEAVY RAIN
  RAIN
  LIGHT RAIN
  HAIL
  FOG


RELATIVE HUMIDITY (PERCENT)
 HIGHEST    94           800 PM
 LOWEST     42           200 PM
 AVERAGE    68

..........................................................


THE TOPEKA KS CLIMATE NORMALS FOR TODAY
                         NORMAL    RECORD    YEAR
 MAXIMUM TEMPERATURE (F)   90       106      2012
                                             2011
                                             1941
 MINIMUM TEMPERATURE (F)   69        54      1970


SUNRISE AND SUNSET
JULY 23 2017..........SUNRISE   616 AM CDT   SUNSET   842 PM CDT
JULY 24 2017..........SUNRISE   616 AM CDT   SUNSET   841 PM CDT


-  INDICATES NEGATIVE NUMBERS.
R  INDICATES RECORD WAS SET OR TIED.
MM INDICATES DATA IS MISSING.
T  INDICATES TRACE AMOUNT.




$$
