000
CXUS53 KTOP 011415
CLMTOP
CLIMATE REPORT
NATIONAL WEATHER SERVICE TOPEKA KS
915 AM CDT SAT JUL 01 2023
...................................
...THE TOPEKA KS CLIMATE SUMMARY FOR THE MONTH OF JUNE 2023...
CLIMATE NORMAL PERIOD 1991 TO 2020
CLIMATE RECORD PERIOD 1887 TO 2023
WEATHER OBSERVED NORMAL DEPART LAST YEAR`S
VALUE DATE(S) VALUE FROM VALUE DATE(S)
NORMAL
................................................................
TEMPERATURE (F)
RECORD
HIGH 109 06/19/1936
LOW 36 06/02/1888
HIGHEST 101 06/28 88 13 100
06/29
LOWEST 52 06/13 59 -7 52
AVG. MAXIMUM 89.6 85.8 3.8 88.5
AVG. MINIMUM 64.7 65.2 -0.5 67.0
MEAN 77.2 75.5 1.7 77.8
DAYS MAX >= 90 17 9.9 7.1 15
DAYS MAX <= 32 0 0.0 0.0 0
DAYS MIN <= 32 0 0.0 0.0 0
DAYS MIN <= 0 0 0.0 0.0 0
PRECIPITATION (INCHES)
RECORD
MAXIMUM 15.20 1967
MINIMUM 0.55 1911
TOTALS 1.83 4.92 -3.09 2.28
DAILY AVG. 0.06 0.16 -0.10 0.08
DAYS >= .01 8 10.9 -2.9 13
DAYS >= .10 6 6.6 -0.6 8
DAYS >= .50 1 3.1 -2.1 0
DAYS >= 1.00 0 1.8 -1.8 0
GREATEST
24 HR. TOTAL 2.48 05/31 TO 05/31 1.96
SNOWFALL (INCHES)
RECORDS
TOTAL T 2017
TOTALS 0.0 0.0 0.0 0.0
SINCE 7/1 6.1 17.1 -11.0 MM
SNOWDEPTH AVG. 0 0
DAYS >= 1.0 0 0.0 0.0 0
GREATEST
SNOW DEPTH 0 0 MM
24 HR TOTAL MM MM
DEGREE DAYS
HEATING TOTAL 0 5 -5 4
SINCE 7/1 4507 4857 -350 MM
COOLING TOTAL 372 320 52 392
SINCE 1/1 564 464 100 MM
................................................................
WIND (MPH)
AVERAGE WIND SPEED 5.0
HIGHEST WIND SPEED/DIRECTION 40/290 DATE 06/30
HIGHEST GUST SPEED/DIRECTION 62/300 DATE 06/30
SKY COVER
POSSIBLE SUNSHINE (PERCENT) MM
AVERAGE SKY COVER 0.14
NUMBER OF DAYS FAIR 27
NUMBER OF DAYS PC 2
NUMBER OF DAYS CLOUDY 1
AVERAGE RH (PERCENT) 63
WEATHER CONDITIONS. NUMBER OF DAYS WITH
THUNDERSTORM 8 MIXED PRECIP 0
HEAVY RAIN 5 RAIN 3
LIGHT RAIN 8 FREEZING RAIN 0
LT FREEZING RAIN 0 HAIL 0
HEAVY SNOW 0 SNOW 0
LIGHT SNOW 0 SLEET 0
FOG 13 FOG W/VIS <= 1/4 MILE 2
HAZE 2
- INDICATES NEGATIVE NUMBERS.
R INDICATES RECORD WAS SET OR TIED.
MM INDICATES DATA IS MISSING.
T INDICATES TRACE AMOUNT.
$$