000
CXUS52 KTBW 011136
CF6TPA
PRELIMINARY LOCAL CLIMATOLOGICAL DATA (WS FORM: F-6)
STATION: TAMPA
MONTH: JANUARY
YEAR: 2022
LATITUDE: 27 58 N
LONGITUDE: 82 32 W
TEMPERATURE IN F: :PCPN: SNOW: WIND :SUNSHINE: SKY :PK WND
================================================================================
1 2 3 4 5 6A 6B 7 8 9 10 11 12 13 14 15 16 17 18
12Z AVG MX 2MIN
DY MAX MIN AVG DEP HDD CDD WTR SNW DPTH SPD SPD DIR MIN PSBL S-S WX SPD DR
================================================================================
1 82 67 75 12 0 10 0.00 0.0 0 6.3 15 200 M M 5 12 20 220
2 82 71 77 15 0 12 0.00 0.0 0 9.9 16 180 M M 4 22 190
3 75 55 65 3 0 0 0.02 0.0 0 12.1 26 290 M M 4 1 38 280
4 76 50 63 1 2 0 0.00 0.0 0 5.9 12 20 M M 4 16 30
5 75 59 67 5 0 2 0.00 0.0 0 5.1 13 340 M M 6 20 300
6 74 56 65 3 0 0 T 0.0 0 3.4 12 200 M M 5 16 200
7 81 63 72 10 0 7 T 0.0 0 5.5 13 290 M M 4 25 280
8 81 58 70 8 0 5 0.00 0.0 0 6.5 15 90 M M 1 18 60
9 84 65 75 13 0 10 0.00 0.0 0 5.1 15 120 M M 4 23 110
10 81 64 73 11 0 8 0.00 0.0 0 6.4 15 20 M M 6 23 280
11 73 54 64 2 1 0 0.00 0.0 0 9.7 17 30 M M 4 26 40
12 77 54 66 4 0 1 0.00 0.0 0 6.5 13 30 M M 5 23 270
13 74 59 67 5 0 2 T 0.0 0 7.1 16 290 M M 4 30 290
14 72 55 64 2 1 0 0.00 0.0 0 7.3 14 330 M M 1 23 260
15 75 50 63 1 2 0 0.00 0.0 0 5.8 14 140 M M 3 22 140
16 71 62 67 5 0 2 0.68 0.0 0 17.1 26 260 M M 8 138 34 260
17 66 56 61 -1 4 0 0.00 0.0 0 10.7 23 330 M M 7 30 320
18 64 42 53 -9 12 0 0.00 0.0 0 6.9 14 360 M M 0 20 360
19 75 47 61 -1 4 0 0.00 0.0 0 4.5 12 150 M M 3 16 160
20 78 53 66 4 0 1 0.00 0.0 0 3.9 13 190 M M 1 16 190
21 76 60 68 6 0 3 0.00 0.0 0 4.6 14 20 M M 7 21 270
22 62 47 55 -7 10 0 0.01 0.0 0 8.1 14 20 M M 9 18 19 20
23 57 46 52 -10 13 0 T 0.0 0 7.5 15 330 M M 7 1 30 270
24 63 40 52 -10 13 0 0.00 0.0 0 4.1 12 260 M M 4 16 250
25 57 50 54 -8 11 0 0.67 0.0 0 5.3 15 150 M M 10 1 23 140
26 63 54 59 -3 6 0 0.08 0.0 0 7.0 13 30 M M 10 1 18 60
27 74 59 67 5 0 2 0.00 0.0 0 8.5 16 20 M M 9 23 20
28 67 54 61 -1 4 0 T 0.0 0 8.1 26 320 M M 9 36 310
29 55 41 48 -14 17 0 0.00 0.0 0 13.8 25 300 M M 2 37 320
30 58 36 47 -16 18 0 0.00 0.0 0 5.4 12 290 M M 0 21 270
31 69 39 54 -9 11 0 0.00 0.0 0 4.6 9 330 M M 1 13 260
================================================================================
SM 2217 1666 129 65 1.46 0.0 222.7 M 147
================================================================================
AV 71.5 53.7 7.2 FASTST M M 5 MAX(MPH)
MISC ----> # 26 290 38 280
================================================================================
NOTES:
# LAST OF SEVERAL OCCURRENCES
COLUMN 17 PEAK WIND IN M.P.H.
PRELIMINARY LOCAL CLIMATOLOGICAL DATA (WS FORM: F-6) , PAGE 2
STATION: TAMPA
MONTH: JANUARY
YEAR: 2022
LATITUDE: 27 58 N
LONGITUDE: 82 32 W
[TEMPERATURE DATA] [PRECIPITATION DATA] SYMBOLS USED IN COLUMN 16
AVERAGE MONTHLY: 62.6 TOTAL FOR MONTH: 1.46 1 = FOG OR MIST
DPTR FM NORMAL: 0.6 DPTR FM NORMAL: -1.19 2 = FOG REDUCING VISIBILITY
HIGHEST: 84 ON 9 GRTST 24HR 1.48 ON 16-16 TO 1/4 MILE OR LESS
LOWEST: 36 ON 30 3 = THUNDER
SNOW, ICE PELLETS, HAIL 4 = ICE PELLETS
TOTAL MONTH: 0.0 INCH 5 = HAIL
GRTST 24HR 0.0 6 = FREEZING RAIN OR DRIZZLE
GRTST DEPTH: 0 7 = DUSTSTORM OR SANDSTORM:
VSBY 1/2 MILE OR LESS
8 = SMOKE OR HAZE
[NO. OF DAYS WITH] [WEATHER - DAYS WITH] 9 = BLOWING SNOW
X = TORNADO
MAX 32 OR BELOW: 0 0.01 INCH OR MORE: 5
MAX 90 OR ABOVE: 0 0.10 INCH OR MORE: 2
MIN 32 OR BELOW: 0 0.50 INCH OR MORE: 2
MIN 0 OR BELOW: 0 1.00 INCH OR MORE: 0
[HDD (BASE 65) ]
TOTAL THIS MO. 129 CLEAR (SCALE 0-3) 9
DPTR FM NORMAL -23 PTCLDY (SCALE 4-7) 16
TOTAL FM JUL 1 162 CLOUDY (SCALE 8-10) 6
DPTR FM NORMAL -129
[CDD (BASE 65) ]
TOTAL THIS MO. 65
DPTR FM NORMAL 4 [PRESSURE DATA]
TOTAL FM JAN 1 65 HIGHEST SLP 30.39 ON 8
DPTR FM NORMAL 4 LOWEST SLP 29.69 ON 16
[REMARKS]
#FINAL-01-22#