000
CXUS52 KTBW 031620
CLMTPA
CLIMATE REPORT
NATIONAL WEATHER SERVICE TAMPA BAY FL
1220 PM EDT SUN SEP 03 2023
...................................
...THE TAMPA CLIMATE SUMMARY FOR THE MONTH OF AUGUST 2023...
CLIMATE NORMAL PERIOD: 1991 TO 2020
CLIMATE RECORD PERIOD: 1890 TO 2023
WEATHER OBSERVED NORMAL DEPART LAST YEAR`S
VALUE DATE(S) VALUE FROM VALUE DATE(S)
NORMAL
................................................................
TEMPERATURE (F)
ALL-TIME AUGUST RECORD
HIGH 98 08/01/2020
08/22/1975
07/23/1971
LOW 66 08/22/1911
08/30/1896
AUGUST 2023
HIGHEST 97 08/13 MM MM 96 08/05
08/07
08/20
LOWEST 75 08/17 MM MM 75 08/09
AVG. MAXIMUM 94.3R 91.2 3.1 92.6
AVG. MINIMUM 79.5R 76.8 2.7 78.6
MEAN 86.9R 84.0 2.9 85.6
DAYS MAX >= 90 30 22.4 7.6 29
DAYS MAX <= 32 0 0.0 0.0 0
DAYS MIN <= 32 0 0.0 0.0 0
DAYS MIN <= 0 0 0.0 0.0 0
PRECIPITATION (INCHES)
ALL-TIME AUGUST RECORD
MAXIMUM 18.59 1949
MINIMUM 0.78 1938
AUGUST 2023
TOTALS 9.97 9.03 0.94 6.51
DAILY AVG. 0.32 0.29 0.03 0.21
DAYS >= .01 13 16.2 -3.2 14
DAYS >= .10 10 11.2 -1.2 10
DAYS >= .50 5 5.8 -0.8 5
DAYS >= 1.00 4 2.9 1.1 2
GREATEST
24 HR. TOTAL 3.34 08/16 TO 08/17
DEGREE DAYS
HEATING TOTAL 0 0 0 0
SINCE 7/1 0 0 0 MM
COOLING TOTAL 690 589 101 647
SINCE 1/1 3257 2728 529 MM
................................................................
WIND (MPH)
AVERAGE WIND SPEED 5.9
HIGHEST WIND SPEED/DIRECTION 38/200 DATE 08/30
HIGHEST GUST SPEED/DIRECTION 58/190 DATE 08/30
SKY COVER
POSSIBLE SUNSHINE (PERCENT) MM
AVERAGE SKY COVER 0.51
NUMBER OF DAYS FAIR 5
NUMBER OF DAYS PC 24
NUMBER OF DAYS CLOUDY 2
AVERAGE RH (PERCENT) 73
WEATHER CONDITIONS. NUMBER OF DAYS WITH
THUNDERSTORM 25 MIXED PRECIP 0
HEAVY RAIN 7 RAIN 11
LIGHT RAIN 16 FREEZING RAIN 0
LT FREEZING RAIN 0 HAIL 0
HEAVY SNOW 0 SNOW 0
LIGHT SNOW 0 SLEET 0
FOG 10 FOG W/VIS <= 1/4 MILE 2
HAZE 4
- INDICATES NEGATIVE NUMBERS.
R INDICATES RECORD WAS SET OR TIED.
MM INDICATES DATA IS MISSING.
T INDICATES TRACE AMOUNT.
$$