000
CXUS55 KLKN 021822
CLSTPH
CLIMATE REPORT
NATIONAL WEATHER SERVICE ELKO, NV
1022 AM PST SAT DEC 02 2023
...................................
...THE TONOPAH AIRPORT NV CLIMATE SUMMARY FOR THE SEASON, FROM
9/1/2023 TO 11/30/2023...
CLIMATE NORMAL PERIOD 1991 TO 2020
CLIMATE RECORD PERIOD 1954 TO 2023
WEATHER OBSERVED NORMAL DEPART LAST YEAR`S
VALUE DATE(S) VALUE FROM VALUE DATE(S)
NORMAL
................................................................
TEMPERATURE (F)
RECORD
HIGH 101 09/06/2022
LOW 3 11/30/2019
HIGHEST 86 09/08 91 -5 101 09/06
LOWEST 13 11/28 13 0 14 11/20
AVG. MAXIMUM 67.0 68.3 -1.3 68.9
AVG. MINIMUM 37.9 38.5 -0.6 38.8
MEAN 52.5 53.4 -0.9 53.9
DAYS MAX >= 90 0 2.7 -2.7 9
DAYS MAX <= 32 0 0.6 -0.6 0
DAYS MIN <= 32 29 29.8 -0.8 33
DAYS MIN <= 0 0 0.0 0.0 0
PRECIPITATION (INCHES)
RECORD
MAXIMUM 3.38 2015
MINIMUM T 1955
TOTALS 1.69 1.11 0.58 0.75
DAILY AVG. 0.02 0.01 0.01 T
DAYS >= .01 9 6.3 2.7 4
DAYS >= .10 3 2.9 0.1 4
DAYS >= .50 1 0.4 0.6 0
DAYS >= 1.00 1 0.1 0.9 0
GREATEST
24 HR. TOTAL 1.22 0.40
DEGREE DAYS
HEATING TOTAL 1155 1148 7 1163
SINCE 7/1 1164 1152 12 MM
COOLING TOTAL 34 90 -56 173
SINCE 1/1 755 894 -139 MM
................................................................
WIND (MPH)
AVERAGE WIND SPEED 9.1
HIGHEST WIND SPEED/DIRECTION 45/310 DATE 11/19
HIGHEST GUST SPEED/DIRECTION 55/310 DATE 11/19
AVERAGE RH (PERCENT) 44
WEATHER CONDITIONS. NUMBER OF DAYS WITH
THUNDERSTORM 2 MIXED PRECIP 0
HEAVY RAIN 2 RAIN 2
LIGHT RAIN 8 FREEZING RAIN 0
LT FREEZING RAIN 0 HAIL 0
HEAVY SNOW 0 SNOW 0
LIGHT SNOW 0 SLEET 0
FOG 4 FOG W/VIS <= 1/4 MILE 0
HAZE 0
- INDICATES NEGATIVE NUMBERS.
R INDICATES RECORD WAS SET OR TIED.
MM INDICATES DATA IS MISSING.
T INDICATES TRACE AMOUNT.
=====================================================================
...COLDER THAN NORMAL METEORLOGICAL FALL IN TONOPAH...
...WETTER THAN NORMAL METEORLOGICAL FALL IN TONOPAH...
$$