000
CXUS54 KFWD 010141
CF6TPL
PRELIMINARY LOCAL CLIMATOLOGICAL DATA (WS FORM: F-6)
STATION: TEMPLE
MONTH: DECEMBER
YEAR: 2020
LATITUDE: 31 8 N
LONGITUDE: 97 25 W
TEMPERATURE IN F: :PCPN: SNOW: WIND :SUNSHINE: SKY :PK WND
================================================================================
1 2 3 4 5 6A 6B 7 8 9 10 11 12 13 14 15 16 17 18
12Z AVG MX 2MIN
DY MAX MIN AVG DEP HDD CDD WTR SNW DPTH SPD SPD DIR MIN PSBL S-S WX SPD DR
================================================================================
1 60 25 43 -9 22 0 0.00 M M 11.4 22 160 M M 0 18 31 170
2 60 39 50 -1 15 0 0.02 M M 9.0 20 320 M M 4 27 320
3 53 35 44 -7 21 0 0.00 M M 11.5 17 340 M M 3 28 330
4 56 28 42 -9 23 0 0.00 M M 4.0 9 320 M M 1 M M
5 58 28 43 -7 22 0 T M M 3.8 8 180 M M 4 M M
6 63 39 51 1 14 0 0.00 M M 7.2 16 320 M M 2 16 290
7 64 32 48 -2 17 0 0.00 M M 6.2 12 350 M M 0 1 M M
8 75 32 54 4 11 0 0.00 M M 2.7 12 310 M M 0 M M
9 80 33 57 8 8 0 0.00 M M 5.3 9 170 M M 0 M M
10 76 37 57 8 8 0 0.00 M M 12.7 24 170 M M 0 32 170
11 66 50 58 9 7 0 0.11 M M 6.3 13 170 M M 8 12 M M
12 57 38 48 -1 17 0 0.00 M M 7.6 14 360 M M 0 M M
13 50 39 45 -4 20 0 0.12 M M 11.7 26 310 M M 10 1 38 320
14 49 36 43 -5 22 0 0.00 M M 9.0 18 340 M M 5 22 320
15 47 35 41 -7 24 0 T M M 5.9 13 160 M M 8 1 M M
16 49 31 40 -8 25 0 0.00 M M 8.3 17 310 M M 0 22 310
17 62 25 44 -4 21 0 0.00 M M 5.9 12 160 M M 1 2 M M
18 64 32 48 0 17 0 0.00 M M 11.6 25 170 M M 5 30 170
19 64 38 51 3 14 0 0.41 M M 5.2 16 330 M M 6 1 20 330
20 67 31 49 1 16 0 0.00 M M 3.1 7 330 M M 0 1 M M
21 71 32 52 5 13 0 0.00 M M 4.6 13 170 M M 0 1 M M
22 71 41 56 9 9 0 0.00 M M 11.1 23 160 M M 4 12 30 160
23 79 41 60 13 5 0 0.00 M M 16.2 25 340 M M 3 37 350
24 55 28 42 -5 23 0 0.00 M M 12.5 24 340 M M 0 35 340
25 65 30 48 1 17 0 0.00 M M 5.1 9 190 M M 0 M M
26 69 34 52 5 13 0 0.00 M M 11.3 24 170 M M 0 31 170
27 77 47 62 15 3 0 0.00 M M 11.8 24 190 M M 0 31 190
28 61 46 54 7 11 0 0.01 M M 5.7 10 40 M M 8 1 M M
29 73 57 65 18 0 0 0.05 M M 16.5 25 150 M M 10 36 150
30 65 40 53 6 12 0 0.53 M M 15.3 25 360 M M 10 1 35 310
31 41 36 39 -8 26 0 2.01 M M 16.7 25 360 M M 10 13 38 360
================================================================================
SM 1947 1115 476 0 3.26 M 275.1 M 102
================================================================================
AV 62.8 36.0 8.9 FASTST M M 3 MAX(MPH)
MISC ----> 26 310 # 38 320
================================================================================
NOTES:
# LAST OF SEVERAL OCCURRENCES
COLUMN 17 PEAK WIND IN M.P.H.
PRELIMINARY LOCAL CLIMATOLOGICAL DATA (WS FORM: F-6) , PAGE 2
STATION: TEMPLE
MONTH: DECEMBER
YEAR: 2020
LATITUDE: 31 8 N
LONGITUDE: 97 25 W
[TEMPERATURE DATA] [PRECIPITATION DATA] SYMBOLS USED IN COLUMN 16
AVERAGE MONTHLY: 49.4 TOTAL FOR MONTH: 3.26 1 = FOG OR MIST
DPTR FM NORMAL: 0.9 DPTR FM NORMAL: 0.57 2 = FOG REDUCING VISIBILITY
HIGHEST: 80 ON 9 GRTST 24HR 2.01 ON 31-31 TO 1/4 MILE OR LESS
LOWEST: 25 ON 17, 1 3 = THUNDER
SNOW, ICE PELLETS, HAIL 4 = ICE PELLETS
TOTAL MONTH: M 5 = HAIL
GRTST 24HR M ON M 6 = FREEZING RAIN OR DRIZZLE
GRTST DEPTH: M ON M 7 = DUSTSTORM OR SANDSTORM:
VSBY 1/2 MILE OR LESS
8 = SMOKE OR HAZE
[NO. OF DAYS WITH] [WEATHER - DAYS WITH] 9 = BLOWING SNOW
X = TORNADO
MAX 32 OR BELOW: 0 0.01 INCH OR MORE: 8
MAX 90 OR ABOVE: 0 0.10 INCH OR MORE: 5
MIN 32 OR BELOW: 12 0.50 INCH OR MORE: 2
MIN 0 OR BELOW: 0 1.00 INCH OR MORE: 1
[HDD (BASE 65) ]
TOTAL THIS MO. 476 CLEAR (SCALE 0-3) 17
DPTR FM NORMAL -40 PTCLDY (SCALE 4-7) 9
TOTAL FM JUL 1 751 CLOUDY (SCALE 8-10) 5
DPTR FM NORMAL -103
[CDD (BASE 65) ]
TOTAL THIS MO. 0
DPTR FM NORMAL -5 [PRESSURE DATA]
TOTAL FM JAN 1 2817 HIGHEST SLP M ON M
DPTR FM NORMAL 315 LOWEST SLP M ON M
[REMARKS]
#FINAL-12-20#