000
CXUS53 KOAX 011030
CF6TQE
PRELIMINARY LOCAL CLIMATOLOGICAL DATA (WS FORM: F-6)
STATION: TEKAMAH NE
MONTH: JANUARY
YEAR: 2022
LATITUDE: 41 46 N
LONGITUDE: 96 11 W
TEMPERATURE IN F: :PCPN: SNOW: WIND :SUNSHINE: SKY :PK WND
================================================================================
1 2 3 4 5 6A 6B 7 8 9 10 11 12 13 14 15 16 17 18
12Z AVG MX 2MIN
DY MAX MIN AVG DEP HDD CDD WTR SNW DPTH SPD SPD DIR MIN PSBL S-S WX SPD DR
================================================================================
1 8 -2 3 -19 62 0 M M M 21.0 33 360 M M 7 8 41 350
2 16 -8 4 -18 61 0 0.00 M M 7.3 14 180 M M 0 17 180
3 44 5 25 3 40 0 0.00 M M 11.9 20 170 M M 0 24 180
4 47 12 30 8 35 0 T M M 21.5 43 320 M M 1 57 320
5 15 4 10 -12 55 0 0.00 M M 23.3 33 300 M M 1 46 310
6 9 -3 3 -19 62 0 0.00 M M 12.7 28 330 M M 0 34 330
7 24 2 13 -9 52 0 0.00 M M 16.2 26 170 M M 4 33 160
8 41 17 29 7 36 0 0.00 M M 17.5 33 350 M M 2 41 340
9 28 3 16 -6 49 0 0.00 M M 11.4 28 330 M M 0 36 330
10 31 9 20 -2 45 0 0.00 M M 6.8 20 260 M M 0 23 260
11 61 14 38 16 27 0 0.00 M M 7.7 18 260 M M 0 22 220
12 58 27 43 21 22 0 0.00 M M 8.0 21 310 M M 1 25 300
13 55 26 41 19 24 0 0.00 M M 9.4 18 320 M M 1 24 320
14 37 18 28 6 37 0 0.12 M M 14.7 38 340 M M 9 1689 48 360
15 19 -1 9 -13 56 0 T M M 14.2 33 360 M M 0 18 43 360
16 46 -2 22 0 43 0 0.00 M M 11.7 25 330 M M 2 32 330
17 42 19 31 9 34 0 0.00 M M 8.4 15 170 M M 2 18 160
18 63 20 42 20 23 0 0.00 M M 11.4 32 350 M M 1 1 42 340
19 25 4 15 -7 50 0 0.00 M M 18.8 31 350 M M 2 41 350
20 16 -3 7 -15 58 0 0.00 M M 5.6 12 340 M M 0 14 330
21 32 -2 15 -7 50 0 T M M 14.8 31 180 M M 3 37 180
22 48 18 33 11 32 0 T M M 11.8 28 240 M M 3 36 240
23 45 13 29 7 36 0 T M M 12.6 32 330 M M 7 42 330
24 41 4 23 1 42 0 0.00 M M 12.5 30 10 M M 5 37 360
25 23 -2 11 -11 54 0 0.00 M M 6.6 16 330 M M 1 19 320
26 41 -5 18 -4 47 0 0.00 M M 15.7 31 200 M M 2 40 190
27 45 8 27 5 38 0 T M M 14.7 28 350 M M 6 35 350
28 35 -2 17 -5 48 0 0.00 M M 6.2 15 180 M M 1 18 190
29 58 11 35 13 30 0 0.00 M M 8.7 21 310 M M 0 27 310
30 36 18 27 5 38 0 0.00 M M 8.7 15 10 M M 0 19 360
31 55 21 38 16 27 0 0.00 M M 9.1 18 160 M M 0 23 130
================================================================================
SM 1144 243 1313 0 0.12 M 380.9 M 61
================================================================================
AV 36.9 7.8 12.3 FASTST M M 2 MAX(MPH)
MISC ----> 43 320 57 320
================================================================================
NOTES:
# LAST OF SEVERAL OCCURRENCES
COLUMN 17 PEAK WIND IN M.P.H.
PRELIMINARY LOCAL CLIMATOLOGICAL DATA (WS FORM: F-6) , PAGE 2
STATION: TEKAMAH NE
MONTH: JANUARY
YEAR: 2022
LATITUDE: 41 46 N
LONGITUDE: 96 11 W
[TEMPERATURE DATA] [PRECIPITATION DATA] SYMBOLS USED IN COLUMN 16
AVERAGE MONTHLY: 22.4 TOTAL FOR MONTH: 0.12 1 = FOG OR MIST
DPTR FM NORMAL: 0.5 DPTR FM NORMAL: -0.39 2 = FOG REDUCING VISIBILITY
HIGHEST: 63 ON 18 GRTST 24HR 0.25 ON 14-15 TO 1/4 MILE OR LESS
LOWEST: -8 ON 2 3 = THUNDER
SNOW, ICE PELLETS, HAIL 4 = ICE PELLETS
TOTAL MONTH: M 5 = HAIL
GRTST 24HR M ON M 6 = FREEZING RAIN OR DRIZZLE
GRTST DEPTH: M ON M 7 = DUSTSTORM OR SANDSTORM:
VSBY 1/2 MILE OR LESS
8 = SMOKE OR HAZE
[NO. OF DAYS WITH] [WEATHER - DAYS WITH] 9 = BLOWING SNOW
X = TORNADO
MAX 32 OR BELOW: 12 0.01 INCH OR MORE: 1
MAX 90 OR ABOVE: 0 0.10 INCH OR MORE: 1
MIN 32 OR BELOW: 31 0.50 INCH OR MORE: 0
MIN 0 OR BELOW: 10 1.00 INCH OR MORE: 0
[HDD (BASE 65) ]
TOTAL THIS MO. 1313 CLEAR (SCALE 0-3) 24
DPTR FM NORMAL -23 PTCLDY (SCALE 4-7) 6
TOTAL FM JUL 1 3294 CLOUDY (SCALE 8-10) 1
DPTR FM NORMAL -597
[CDD (BASE 65) ]
TOTAL THIS MO. 0
DPTR FM NORMAL 0 [PRESSURE DATA]
TOTAL FM JAN 1 0 HIGHEST SLP 30.82 ON 20
DPTR FM NORMAL 0 LOWEST SLP 29.45 ON 4
[REMARKS]
#FINAL-01-22#