000
CXUS54 KTSA 311127
CF6TUL
PRELIMINARY LOCAL CLIMATOLOGICAL DATA (WS FORM: F-6)
STATION: TULSA OKLAHOMA
MONTH: JULY
YEAR: 2022
LATITUDE: 36 12 N
LONGITUDE: 95 54 W
TEMPERATURE IN F: :PCPN: SNOW: WIND :SUNSHINE: SKY :PK WND
================================================================================
1 2 3 4 5 6A 6B 7 8 9 10 11 12 13 14 15 16 17 18
12Z AVG MX 2MIN
DY MAX MIN AVG DEP HDD CDD WTR SNW DPTH SPD SPD DIR MIN PSBL S-S WX SPD DR
================================================================================
1 97 73 85 3 0 20 0.00 0.0 0 7.8 16 160 M M 3 26 130
2 97 78 88 6 0 23 0.00 0.0 0 7.6 16 130 M M 5 21 140
3 97 76 87 5 0 22 0.00 0.0 0 7.6 16 170 M M 5 22 170
4 101 79 90 8 0 25 0.00 0.0 0 12.1 22 180 M M 2 30 190
5 101 80 91 9 0 26 0.00 0.0 0 12.7 22 190 M M 3 30 190
6 103 82 93 11 0 28 0.00 0.0 0 12.6 20 190 M M 2 28 180
7 104 82 93 10 0 28 0.00 0.0 0 12.7 20 180 M M 4 28 180
8 104 84 94 11 0 29 0.00 0.0 0 8.9 16 360 M M 5 3 22 200
9 97 74 86 3 0 21 0.00 0.0 0 9.3 18 350 M M 4 25 350
10 98 71 85 2 0 20 0.00 0.0 0 4.8 10 170 M M 1 17 40
11 101 72 87 4 0 22 0.00 0.0 0 5.9 17 180 M M 1 23 200
12 92 74 83 0 0 18 T 0.0 0 8.6 21 40 M M 7 29 30
13 100 66 83 0 0 18 0.00 0.0 0 5.8 13 10 M M 2 18 360
14 102 67 85 2 0 20 0.00 0.0 0 6.4 14 170 M M 2 20 170
15 102 80 91 7 0 26 0.00 0.0 0 10.2 20 170 M M 2 30 150
16 101 81 91 7 0 26 0.00 0.0 0 10.7 18 180 M M 6 25 200
17 105 83 94 10 0 29 T 0.0 0 8.4 17 10 M M 6 24 10
18 101 74 88 4 0 23 0.00 0.0 0 7.7 15 10 M M 2 22 20
19 108 67 88 4 0 23 0.00 0.0 0 5.8 15 170 M M 2 19 180
20 107 81 94 10 0 29 0.01 0.0 0 7.0 17 180 M M 6 3 24 190
21 103 75 89 5 0 24 0.60 0.0 0 9.0 31 100 M M 7 3 70 70
22 98 73 86 2 0 21 0.00 0.0 0 9.1 26 170 M M 5 36 170
23 101 76 89 5 0 24 0.00 0.0 0 11.7 21 170 M M 4 29 190
24 104 82 93 9 0 28 0.00 0.0 0 11.1 20 190 M M 3 29 190
25 104 82 93 9 0 28 0.00 0.0 0 9.1 18 170 M M 5 28 180
26 106 85 96 12 0 31 0.00 0.0 0 12.7 21 180 M M 6 27 200
27 104 80 92 8 0 27 0.02 0.0 0 7.8 21 110 M M 6 3 29 240
28 96 73 85 1 0 20 1.10 0.0 0 5.4 22 40 M M 8 13 33 40
29 82 73 78 -6 0 13 0.95 0.0 0 5.0 14 270 M M 9 13 18 300
30 85 68 77 -7 0 12 0.05 0.0 0 6.1 22 310 M M 9 13 32 300
31 90 76 83 -1 0 18 0.10 0.0 0 7.7 16 170 M M 8 13 22 170
================================================================================
SM 3091 2367 0 722 2.83 0.0 267.3 M 140
================================================================================
AV 99.7 76.4 8.6 FASTST M M 5 MAX(MPH)
MISC ----> 31 100 70 70
================================================================================
NOTES:
# LAST OF SEVERAL OCCURRENCES
COLUMN 17 PEAK WIND IN M.P.H.
PRELIMINARY LOCAL CLIMATOLOGICAL DATA (WS FORM: F-6) , PAGE 2
STATION: TULSA OKLAHOMA
MONTH: JULY
YEAR: 2022
LATITUDE: 36 12 N
LONGITUDE: 95 54 W
[TEMPERATURE DATA] [PRECIPITATION DATA] SYMBOLS USED IN COLUMN 16
AVERAGE MONTHLY: 88.0 TOTAL FOR MONTH: 2.83 1 = FOG OR MIST
DPTR FM NORMAL: 4.6 DPTR FM NORMAL: -0.93 2 = FOG REDUCING VISIBILITY
HIGHEST: 108 ON 19 GRTST 24HR 1.99 ON 28-29 TO 1/4 MILE OR LESS
LOWEST: 66 ON 13 3 = THUNDER
SNOW, ICE PELLETS, HAIL 4 = ICE PELLETS
TOTAL MONTH: 0.0 INCH 5 = HAIL
GRTST 24HR 0.0 6 = FREEZING RAIN OR DRIZZLE
GRTST DEPTH: 0 7 = DUSTSTORM OR SANDSTORM:
VSBY 1/2 MILE OR LESS
8 = SMOKE OR HAZE
[NO. OF DAYS WITH] [WEATHER - DAYS WITH] 9 = BLOWING SNOW
X = TORNADO
MAX 32 OR BELOW: 0 0.01 INCH OR MORE: 7
MAX 90 OR ABOVE: 29 0.10 INCH OR MORE: 4
MIN 32 OR BELOW: 0 0.50 INCH OR MORE: 3
MIN 0 OR BELOW: 0 1.00 INCH OR MORE: 1
[HDD (BASE 65) ]
TOTAL THIS MO. 0 CLEAR (SCALE 0-3) 12
DPTR FM NORMAL 0 PTCLDY (SCALE 4-7) 17
TOTAL FM JUL 1 0 CLOUDY (SCALE 8-10) 2
DPTR FM NORMAL 0
[CDD (BASE 65) ]
TOTAL THIS MO. 722
DPTR FM NORMAL 153 [PRESSURE DATA]
TOTAL FM JAN 1 1502 HIGHEST SLP 30.14 ON 30
DPTR FM NORMAL 273 LOWEST SLP 29.66 ON 19
[REMARKS]
#FINAL-07-22#