456
CXUS54 KMEG 010640
CF6TUP
PRELIMINARY LOCAL CLIMATOLOGICAL DATA (WS FORM: F-6)
STATION: TUPELO
MONTH: APRIL
YEAR: 2020
LATITUDE: 34 16 N
LONGITUDE: 88 46 W
TEMPERATURE IN F: :PCPN: SNOW: WIND :SUNSHINE: SKY :PK WND
================================================================================
1 2 3 4 5 6A 6B 7 8 9 10 11 12 13 14 15 16 17 18
12Z AVG MX 2MIN
DY MAX MIN AVG DEP HDD CDD WTR SNW DPTH SPD SPD DIR MIN PSBL S-S WX SPD DR
================================================================================
1 69 43 56 -2 9 0 0.00 0.0 0 5.2 15 20 M M 1 18 20
2 73 42 58 0 7 0 0.00 0.0 0 2.5 12 70 M M 0 14 90
3 77 49 63 4 2 0 T 0.0 0 3.5 12 240 M M 3 8 17 240
4 77 53 65 6 0 0 0.00 0.0 0 4.6 13 20 M M 0 21 40
5 82 58 70 11 0 5 0.00 0.0 0 5.0 13 10 M M 2 16 10
6 84 55 70 10 0 5 0.00 0.0 0 3.6 14 200 M M 1 17 190
7 73 64 69 9 0 4 0.41 0.0 0 8.0 16 180 M M 9 1 20 180
8 82 65 74 14 0 9 0.04 0.0 0 6.6 17 20 M M 6 128 21 250
9 73 60 67 7 0 2 0.12 0.0 0 9.0 31 10 M M 3 13 42 10
10 62 43 53 -8 12 0 0.00 0.0 0 9.9 26 20 M M 0 33 10
11 72 40 56 -5 9 0 T 0.0 0 4.9 15 180 M M 0 19 190
12 69 55 62 1 3 0 1.63 0.0 0 7.9 31 250 M M 9 13 45 250
13 61 43 52 -9 13 0 0.00 0.0 0 8.7 21 250 M M 6 33 240
14 59 40 50 -12 15 0 0.00 0.0 0 11.7 22 360 M M 1 29 10
15 63 35 49 -13 16 0 0.00 0.0 0 4.7 14 10 M M 0 19 10
16 72 38 55 -7 10 0 0.00 0.0 0 2.4 12 180 M M 0 1 15 190
17 77 44 61 -1 4 0 0.04 0.0 0 8.0 21 340 M M 3 13 27 320
18 65 45 55 -8 10 0 0.10 0.0 0 6.8 21 20 M M 4 13 25 340
19 63 52 58 -5 7 0 1.67 0.0 0 4.9 13 330 M M 7 13 17 330
20 75 53 64 1 1 0 0.02 0.0 0 5.7 17 350 M M 2 23 350
21 80 54 67 3 0 2 0.00 0.0 0 6.6 16 330 M M 0 24 330
22 65 51 58 -6 7 0 0.91 0.0 0 6.6 22 140 M M 6 1 29 150
23 77 56 67 3 0 2 0.26 0.0 0 9.8 18 260 M M 9 13 26 250
24 78 53 66 2 0 1 T 0.0 0 3.9 13 10 M M 1 1 14 10
25 71 56 64 -1 1 0 0.20 0.0 0 8.3 23 250 M M 8 1 37 260
26 70 48 59 -6 6 0 0.00 0.0 0 8.1 21 340 M M 0 29 360
27 76 45 61 -4 4 0 0.00 0.0 0 2.5 8 180 M M 0 11 210
28 78 54 66 0 0 1 0.09 0.0 0 7.1 20 180 M M 3 13 24 170
29 74 56 65 -1 0 0 0.10 0.0 0 8.5 24 140 M M 5 3 31 140
30 74 54 64 -2 1 0 0.00 0.0 0 7.3 18 340 M M 2 27 340
================================================================================
SM 2171 1504 137 31 5.59 0.0 192.3 M 91
================================================================================
AV 72.4 50.1 6.4 FASTST M M 3 MAX(MPH)
MISC ----> # 31 10 # 45 250
================================================================================
NOTES:
# LAST OF SEVERAL OCCURRENCES
COLUMN 17 PEAK WIND IN M.P.H.
PRELIMINARY LOCAL CLIMATOLOGICAL DATA (WS FORM: F-6) , PAGE 2
STATION: TUPELO
MONTH: APRIL
YEAR: 2020
LATITUDE: 34 16 N
LONGITUDE: 88 46 W
[TEMPERATURE DATA] [PRECIPITATION DATA] SYMBOLS USED IN COLUMN 16
AVERAGE MONTHLY: 61.3 TOTAL FOR MONTH: 5.59 1 = FOG OR MIST
DPTR FM NORMAL: -0.8 DPTR FM NORMAL: 0.81 2 = FOG REDUCING VISIBILITY
HIGHEST: 84 ON 6 GRTST 24HR 1.67 ON 19-19 TO 1/4 MILE OR LESS
LOWEST: 35 ON 15 3 = THUNDER
SNOW, ICE PELLETS, HAIL 4 = ICE PELLETS
TOTAL MONTH: 0.0 INCH 5 = HAIL
GRTST 24HR 0.0 6 = FREEZING RAIN OR DRIZZLE
GRTST DEPTH: 0 7 = DUSTSTORM OR SANDSTORM:
VSBY 1/2 MILE OR LESS
8 = SMOKE OR HAZE
[NO. OF DAYS WITH] [WEATHER - DAYS WITH] 9 = BLOWING SNOW
X = TORNADO
MAX 32 OR BELOW: 0 0.01 INCH OR MORE: 13
MAX 90 OR ABOVE: 0 0.10 INCH OR MORE: 9
MIN 32 OR BELOW: 0 0.50 INCH OR MORE: 3
MIN 0 OR BELOW: 0 1.00 INCH OR MORE: 2
[HDD (BASE 65) ]
TOTAL THIS MO. 137 CLEAR (SCALE 0-3) 20
DPTR FM NORMAL -9 PTCLDY (SCALE 4-7) 7
TOTAL FM JUL 1 2348 CLOUDY (SCALE 8-10) 3
DPTR FM NORMAL -584
[CDD (BASE 65) ]
TOTAL THIS MO. 31
DPTR FM NORMAL -29 [PRESSURE DATA]
TOTAL FM JAN 1 87 HIGHEST SLP M ON M
DPTR FM NORMAL 11 LOWEST SLP 29.37 ON 12
[REMARKS]
#FINAL-04-20#