000
CXUS55 KBOI 011002
CF6TWF
PRELIMINARY LOCAL CLIMATOLOGICAL DATA (WS FORM: F-6)
STATION: TWIN FALLS ID
MONTH: SEPTEMBER
YEAR: 2023
LATITUDE: 42 28 N
LONGITUDE: 114 29 W
TEMPERATURE IN F: :PCPN: SNOW: WIND :SUNSHINE: SKY :PK WND
================================================================================
1 2 3 4 5 6A 6B 7 8 9 10 11 12 13 14 15 16 17 18
12Z AVG MX 2MIN
DY MAX MIN AVG DEP HDD CDD WTR SNW DPTH SPD SPD DIR MIN PSBL S-S WX SPD DR
================================================================================
1 82 53 68 1 0 3 0.02 M M 10.3 33 160 M M 1 3 46 160
2 76 60 68 2 0 3 0.10 M M 8.7 25 180 M M 5 8 37 180
3 65 55 60 -6 5 0 0.17 M M 7.9 18 260 M M 7 13 28 260
4 72 53 63 -3 2 0 0.01 M M 17.3 32 280 M M 5 41 280
5 80 49 65 -1 0 0 0.08 M M 9.3 33 240 M M 2 3 45 250
6 80 47 64 -1 1 0 0.03 M M 8.0 25 230 M M 1 3 41 230
7 86 50 68 3 0 3 0.00 M M 7.6 15 200 M M 1 22 210
8 82 58 70 5 0 5 0.00 M M 9.2 15 230 M M 1 21 220
9 86 51 69 5 0 4 0.00 M M 7.4 14 260 M M 0 20 310
10 86 48 67 3 0 2 0.00 M M 6.8 14 210 M M 0 22 240
11 88 51 70 6 0 5 0.00 M M 7.0 25 190 M M 0 37 190
12 83 57 70 7 0 5 0.00 M M 9.3 26 200 M M 2 3 40 190
13 78 56 67 4 0 2 0.00 M M 13.3 21 280 M M 0 28 290
14 79 52 66 4 0 1 0.00 M M 7.9 15 210 M M 0 23 210
15 82 43 63 1 2 0 0.00 M M 7.9 14 200 M M 0 19 50
16 87 45 66 4 0 1 0.00 M M 8.4 17 180 M M 0 24 180
17 88 48 68 7 0 3 0.00 M M 6.6 16 190 M M 0 21 200
18 83 52 68 7 0 3 0.00 M M 9.7 16 320 M M 0 21 320
19 77 54 66 5 0 1 T M M 9.9 16 260 M M 1 20 260
20 70 45 58 -2 7 0 T M M 10.7 20 250 M M 1 3 27 260
21 63 39 51 -9 14 0 T M M 8.1 17 230 M M 2 3 24 230
22 65 44 55 -4 10 0 0.10 M M 10.6 25 280 M M 6 1 34 290
23 73 34 54 -5 11 0 0.00 M M 7.3 16 70 M M 0 21 70
24 78 37 58 -1 7 0 0.00 M M 7.7 15 190 M M 0 21 190
25 85 42 64 6 1 0 0.00 M M 10.6 20 180 M M 0 30 180
26 80 48 64 6 1 0 0.00 M M 9.0 18 210 M M 0 26 210
27 75 45 60 3 5 0 0.00 M M 10.0 23 310 M M 0 29 310
28 66 45 56 -1 9 0 0.00 M M 9.2 15 280 M M 1 20 300
29 73 38 56 0 9 0 T M M 8.4 15 70 M M 1 22 50
30 63 47 55 -1 10 0 0.00 M M 9.4 16 300 M M 3 24 330
================================================================================
SM 2331 1446 94 41 0.51 M 273.5 M 40
================================================================================
AV 77.7 48.2 9.1 FASTST M M 1 MAX(MPH)
MISC ----> # 33 160 46 160
================================================================================
NOTES:
# LAST OF SEVERAL OCCURRENCES
COLUMN 17 PEAK WIND IN M.P.H.
PRELIMINARY LOCAL CLIMATOLOGICAL DATA (WS FORM: F-6) , PAGE 2
STATION: TWIN FALLS ID
MONTH: SEPTEMBER
YEAR: 2023
LATITUDE: 42 28 N
LONGITUDE: 114 29 W
[TEMPERATURE DATA] [PRECIPITATION DATA] SYMBOLS USED IN COLUMN 16
AVERAGE MONTHLY: 63.0 TOTAL FOR MONTH: 0.51 1 = FOG OR MIST
DPTR FM NORMAL: 1.1 DPTR FM NORMAL: -0.02 2 = FOG REDUCING VISIBILITY
HIGHEST: 88 ON 17,11 GRTST 24HR 0.19 ON 2- 3 TO 1/4 MILE OR LESS
LOWEST: 34 ON 23 3 = THUNDER
SNOW, ICE PELLETS, HAIL 4 = ICE PELLETS
TOTAL MONTH: M 5 = HAIL
GRTST 24HR M ON M 6 = FREEZING RAIN OR DRIZZLE
GRTST DEPTH: M ON M 7 = DUSTSTORM OR SANDSTORM:
VSBY 1/2 MILE OR LESS
8 = SMOKE OR HAZE
[NO. OF DAYS WITH] [WEATHER - DAYS WITH] 9 = BLOWING SNOW
X = TORNADO
MAX 32 OR BELOW: 0 0.01 INCH OR MORE: 7
MAX 90 OR ABOVE: 0 0.10 INCH OR MORE: 3
MIN 32 OR BELOW: 0 0.50 INCH OR MORE: 0
MIN 0 OR BELOW: 0 1.00 INCH OR MORE: 0
[HDD (BASE 65) ]
TOTAL THIS MO. 94 CLEAR (SCALE 0-3) 25
DPTR FM NORMAL -57 PTCLDY (SCALE 4-7) 5
TOTAL FM JUL 1 96 CLOUDY (SCALE 8-10) 0
DPTR FM NORMAL -82
[CDD (BASE 65) ]
TOTAL THIS MO. 41
DPTR FM NORMAL -12 [PRESSURE DATA]
TOTAL FM JAN 1 722 HIGHEST SLP 30.13 ON 15
DPTR FM NORMAL 109 LOWEST SLP 29.58 ON 30
[REMARKS]
#FINAL-09-23#