000
CXUS54 KSHV 171300
CF6TYR
PRELIMINARY LOCAL CLIMATOLOGICAL DATA (WS FORM: F-6)
STATION: TYLER
MONTH: APRIL
YEAR: 2024
LATITUDE: 32 22 N
LONGITUDE: 95 24 W
TEMPERATURE IN F: :PCPN: SNOW: WIND :SUNSHINE: SKY :PK WND
================================================================================
1 2 3 4 5 6A 6B 7 8 9 10 11 12 13 14 15 16 17 18
12Z AVG MX 2MIN
DY MAX MIN AVG DEP HDD CDD WTR SNW DPTH SPD SPD DIR MIN PSBL S-S WX SPD DR
================================================================================
1 83 69 76 13 0 11 0.03 0.0 0 13.4 24 180 M M 6 18 34 200
2 72 50 61 -2 4 0 T 0.0 0 11.0 24 320 M M 5 33 340
3 72 43 58 -5 7 0 0.00 0.0 0 9.2 25 330 M M 0 38 320
4 81 43 62 -1 3 0 0.00 0.0 0 4.0 15 250 M M 0 8 18 250
5 85 56 71 7 0 6 0.00 0.0 0 8.1 17 130 M M 0 22 130
6 85 58 72 8 0 7 0.00 0.0 0 13.8 24 180 M M 2 36 180
7 80 59 70 6 0 5 T 0.0 0 7.4 16 310 M M 4 23 160
8 84 60 72 8 0 7 2.91 0.0 0 9.2 31 170 M M 7 138 46 180
9 70 62 66 2 0 1 1.70 0.0 0 11.4 28 80 M M 10 13 42 70
10 67 56 62 -2 3 0 0.93 0.0 0 9.2 33 300 M M 10 13 51 280
11 74 51 63 -2 2 0 0.00 0.0 0 10.4 22 310 M M 0 31 320
12 81 46 64 -1 1 0 0.00 0.0 0 5.0 13 200 M M 0 17 220
13 85 54 70 5 0 5 0.00 0.0 0 13.1 26 190 M M 0 36 180
14 80 62 71 6 0 6 0.00 0.0 0 12.2 20 200 M M 4 27 210
15 80 66 73 7 0 8 0.00 0.0 0 11.6 24 150 M M 7 18 31 160
16 76 68 72 6 0 7 0.12 0.0 0 9.9 21 160 M M 8 13 29 170
================================================================================
SM 1255 903 20 63 5.69 0.0 158.9 M 63
================================================================================
AV 78.4 56.4 9.9 FASTST M M 4 MAX(MPH)
MISC ----> 33 300 51 280
================================================================================
NOTES:
# LAST OF SEVERAL OCCURRENCES
COLUMN 17 PEAK WIND IN M.P.H.
PRELIMINARY LOCAL CLIMATOLOGICAL DATA (WS FORM: F-6) , PAGE 2
STATION: TYLER
MONTH: APRIL
YEAR: 2024
LATITUDE: 32 22 N
LONGITUDE: 95 24 W
[TEMPERATURE DATA] [PRECIPITATION DATA] SYMBOLS USED IN COLUMN 16
AVERAGE MONTHLY: 67.4 TOTAL FOR MONTH: 5.69 1 = FOG OR MIST
DPTR FM NORMAL: 3.2 DPTR FM NORMAL: 3.95 2 = FOG REDUCING VISIBILITY
HIGHEST: 85 ON 13, 6 GRTST 24HR 4.60 ON 8- 9 TO 1/4 MILE OR LESS
LOWEST: 43 ON 4, 3 3 = THUNDER
SNOW, ICE PELLETS, HAIL 4 = ICE PELLETS
TOTAL MONTH: 0.0 INCH 5 = HAIL
GRTST 24HR 0.0 6 = FREEZING RAIN OR DRIZZLE
GRTST DEPTH: 0 7 = DUSTSTORM OR SANDSTORM:
VSBY 1/2 MILE OR LESS
8 = SMOKE OR HAZE
[NO. OF DAYS WITH] [WEATHER - DAYS WITH] 9 = BLOWING SNOW
X = TORNADO
MAX 32 OR BELOW: 0 0.01 INCH OR MORE: 5
MAX 90 OR ABOVE: 0 0.10 INCH OR MORE: 4
MIN 32 OR BELOW: 0 0.50 INCH OR MORE: 3
MIN 0 OR BELOW: 0 1.00 INCH OR MORE: 2
[HDD (BASE 65) ]
TOTAL THIS MO. 20 CLEAR (SCALE 0-3) 7
DPTR FM NORMAL -37 PTCLDY (SCALE 4-7) 7
TOTAL FM JUL 1 1709 CLOUDY (SCALE 8-10) 2
DPTR FM NORMAL -332
[CDD (BASE 65) ]
TOTAL THIS MO. 63
DPTR FM NORMAL 21 [PRESSURE DATA]
TOTAL FM JAN 1 162 HIGHEST SLP M ON M
DPTR FM NORMAL 65 LOWEST SLP 29.53 ON 1
[REMARKS]