000
CXUS54 KSHV 022228
CF6TYR
PRELIMINARY LOCAL CLIMATOLOGICAL DATA (WS FORM: F-6)
STATION: TYLER
MONTH: APRIL
YEAR: 2021
LATITUDE: 32 22 N
LONGITUDE: 95 24 W
TEMPERATURE IN F: :PCPN: SNOW: WIND :SUNSHINE: SKY :PK WND
================================================================================
1 2 3 4 5 6A 6B 7 8 9 10 11 12 13 14 15 16 17 18
12Z AVG MX 2MIN
DY MAX MIN AVG DEP HDD CDD WTR SNW DPTH SPD SPD DIR MIN PSBL S-S WX SPD DR
================================================================================
1 69 40 55 -5 10 0 0.00 0.0 0 5.3 18 340 M M 0 24 330
2 68 42 55 -6 10 0 0.00 0.0 0 8.6 18 130 M M 0 23 130
3 67 52 60 -1 5 0 T 0.0 0 8.7 16 170 M M 9 3 20 160
4 77 55 66 5 0 1 0.00 0.0 0 5.3 13 210 M M 7 17 200
5 77 54 66 5 0 1 0.00 0.0 0 9.8 20 200 M M 6 1 28 180
6 82 61 72 10 0 7 T 0.0 0 15.0 26 170 M M 6 35 180
7 78 53 66 4 0 1 0.13 0.0 0 11.5 23 200 M M 5 138 30 150
8 83 48 66 4 0 1 0.01 0.0 0 6.1 15 180 M M 1 3 19 180
9 77 64 71 9 0 6 0.13 0.0 0 12.2 23 180 M M 6 38 31 310
10 73 49 61 -2 4 0 T 0.0 0 9.0 20 320 M M 0 3 24 330
11 84 45 65 2 0 0 0.00 0.0 0 6.3 14 160 M M 0 17 160
12 87 54 71 8 0 6 0.00 0.0 0 7.5 16 190 M M 0 22 190
13 86 62 74 10 0 9 T 0.0 0 7.7 21 130 M M 3 3 27 120
14 70 59 65 1 0 0 0.29 0.0 0 7.9 22 150 M M 10 138 25 140
15 67 56 62 -2 3 0 0.52 0.0 0 9.6 20 50 M M 8 1 23 50
16 58 54 56 -8 9 0 1.15 0.0 0 8.4 26 120 M M 10 13 31 120
17 59 51 55 -10 10 0 0.00 0.0 0 9.4 17 350 M M 7 26 10
18 68 43 56 -9 9 0 0.00 0.0 0 5.8 21 10 M M 2 29 330
19 72 42 57 -8 8 0 0.00 0.0 0 3.5 9 170 M M 0 12 250
20 74 42 58 -8 7 0 0.00 0.0 0 10.8 23 350 M M 0 29 350
21 63 35 49 -17 16 0 0.00 0.0 0 5.6 15 40 M M 2 21 30
22 70 45 58 -8 7 0 0.00 0.0 0 7.9 17 130 M M 8 22 140
23 75 62 69 2 0 4 0.08 0.0 0 11.6 18 150 M M 10 13 27 160
24 77 56 67 0 0 2 0.11 0.0 0 8.4 32 350 M M 4 1 41 350
25 82 52 67 0 0 2 0.00 0.0 0 7.9 17 140 M M 0 22 130
26 83 59 71 3 0 6 0.00 0.0 0 12.1 21 190 M M 0 27 200
27 77 66 72 4 0 7 T 0.0 0 12.2 22 170 M M 6 29 160
28 90 74 82 14 0 17 0.01 0.0 0 14.5 26 170 M M 8 3 36 170
29 87 69 78 10 0 13 0.02 0.0 0 8.3 15 20 M M 7 18 20 20
30 70 64 67 -2 0 2 0.63 0.0 0 9.6 23 130 M M 10 1 31 130
================================================================================
SM 2250 1608 98 85 3.08 0.0 266.5 M 135
================================================================================
AV 75.0 53.6 8.9 FASTST M M 5 MAX(MPH)
MISC ----> 32 350 41 350
================================================================================
NOTES:
# LAST OF SEVERAL OCCURRENCES
COLUMN 17 PEAK WIND IN M.P.H.
PRELIMINARY LOCAL CLIMATOLOGICAL DATA (WS FORM: F-6) , PAGE 2
STATION: TYLER
MONTH: APRIL
YEAR: 2021
LATITUDE: 32 22 N
LONGITUDE: 95 24 W
[TEMPERATURE DATA] [PRECIPITATION DATA] SYMBOLS USED IN COLUMN 16
AVERAGE MONTHLY: 64.3 TOTAL FOR MONTH: 3.08 1 = FOG OR MIST
DPTR FM NORMAL: -0.1 DPTR FM NORMAL: -0.09 2 = FOG REDUCING VISIBILITY
HIGHEST: 90 ON 28 GRTST 24HR 1.15 ON 16-17 TO 1/4 MILE OR LESS
LOWEST: 35 ON 21 3 = THUNDER
SNOW, ICE PELLETS, HAIL 4 = ICE PELLETS
TOTAL MONTH: 0.0 INCH 5 = HAIL
GRTST 24HR 0.0 6 = FREEZING RAIN OR DRIZZLE
GRTST DEPTH: 0 7 = DUSTSTORM OR SANDSTORM:
VSBY 1/2 MILE OR LESS
8 = SMOKE OR HAZE
[NO. OF DAYS WITH] [WEATHER - DAYS WITH] 9 = BLOWING SNOW
X = TORNADO
MAX 32 OR BELOW: 0 0.01 INCH OR MORE: 11
MAX 90 OR ABOVE: 1 0.10 INCH OR MORE: 7
MIN 32 OR BELOW: 0 0.50 INCH OR MORE: 3
MIN 0 OR BELOW: 0 1.00 INCH OR MORE: 1
[HDD (BASE 65) ]
TOTAL THIS MO. 98 CLEAR (SCALE 0-3) 13
DPTR FM NORMAL 1 PTCLDY (SCALE 4-7) 12
TOTAL FM JUL 1 2111 CLOUDY (SCALE 8-10) 5
DPTR FM NORMAL -151
[CDD (BASE 65) ]
TOTAL THIS MO. 85
DPTR FM NORMAL 6 [PRESSURE DATA]
TOTAL FM JAN 1 131 HIGHEST SLP 30.56 ON 1
DPTR FM NORMAL 19 LOWEST SLP 29.56 ON 9
[REMARKS]
#FINAL-04-21#