000
CXUS54 KSHV 011400
CF6TYR
PRELIMINARY LOCAL CLIMATOLOGICAL DATA (WS FORM: F-6)
STATION: TYLER
MONTH: DECEMBER
YEAR: 2023
LATITUDE: 32 22 N
LONGITUDE: 95 24 W
TEMPERATURE IN F: :PCPN: SNOW: WIND :SUNSHINE: SKY :PK WND
================================================================================
1 2 3 4 5 6A 6B 7 8 9 10 11 12 13 14 15 16 17 18
12Z AVG MX 2MIN
DY MAX MIN AVG DEP HDD CDD WTR SNW DPTH SPD SPD DIR MIN PSBL S-S WX SPD DR
================================================================================
1 66 45 56 4 9 0 0.00 0.0 0 6.1 15 310 M M 2 12 19 310
2 64 43 54 2 11 0 0.00 0.0 0 5.1 13 310 M M 1 17 310
3 70 40 55 3 10 0 0.00 0.0 0 7.7 18 200 M M 0 22 190
4 65 41 53 1 12 0 0.00 0.0 0 5.0 16 360 M M 0 8 21 340
5 71 37 54 3 11 0 0.00 0.0 0 4.3 13 310 M M 0 17 330
6 64 42 53 2 12 0 0.00 0.0 0 5.3 13 120 M M 0 17 110
7 68 42 55 4 10 0 0.00 0.0 0 12.4 23 180 M M 0 33 180
8 76 59 68 17 0 3 0.00 0.0 0 13.5 22 190 M M 8 8 29 200
9 72 48 60 10 5 0 0.00 0.0 0 13.7 23 350 M M 5 36 330
10 55 32 44 -6 21 0 0.00 0.0 0 7.2 16 320 M M 0 8 22 330
11 63 30 47 -3 18 0 0.00 0.0 0 6.6 12 220 M M 0 16 210
12 65 37 51 1 14 0 0.00 0.0 0 5.6 12 110 M M 0 14 130
13 60 40 50 0 15 0 T 0.0 0 6.4 15 100 M M 2 19 100
14 68 44 56 7 9 0 0.00 0.0 0 8.9 16 110 M M 1 22 110
15 60 50 55 6 10 0 0.65 0.0 0 7.1 16 130 M M 7 1 23 140
16 59 41 50 1 15 0 0.00 0.0 0 6.4 17 320 M M 1 1 22 300
17 66 33 50 1 15 0 0.00 0.0 0 2.7 10 200 M M 0 1 14 200
18 65 41 53 4 12 0 0.00 0.0 0 7.0 16 10 M M 0 24 360
19 59 35 47 -1 18 0 0.00 0.0 0 7.5 18 140 M M 0 26 130
20 69 44 57 9 8 0 0.00 0.0 0 10.4 17 140 M M 1 21 150
21 61 56 59 11 6 0 T 0.0 0 6.9 13 150 M M 9 19 150
22 64 55 60 12 5 0 T 0.0 0 6.1 13 180 M M 9 128 17 170
23 68 55 62 14 3 0 0.13 0.0 0 8.4 22 140 M M 10 12 32 140
24 63 50 57 9 8 0 1.72 0.0 0 8.7 22 300 M M 8 1 33 140
25 51 36 44 -4 21 0 0.00 0.0 0 9.7 23 320 M M 5 33 310
26 58 29 44 -4 21 0 0.00 0.0 0 6.9 15 150 M M 1 19 170
27 53 36 45 -3 20 0 0.00 0.0 0 8.5 20 310 M M 0 26 310
28 49 33 41 -7 24 0 0.00 0.0 0 7.6 21 330 M M 4 27 340
29 55 31 43 -4 22 0 0.00 0.0 0 8.0 18 270 M M 0 26 260
30 61 28 45 -2 20 0 0.00 0.0 0 5.1 12 250 M M 0 16 230
31 68 38 53 6 12 0 0.00 0.0 0 6.9 14 210 M M 0 18 190
================================================================================
SM 1956 1271 397 3 2.50 0.0 231.7 M 74
================================================================================
AV 63.1 41.0 7.5 FASTST M M 2 MAX(MPH)
MISC ----> # 23 180 36 330
================================================================================
NOTES:
# LAST OF SEVERAL OCCURRENCES
COLUMN 17 PEAK WIND IN M.P.H.
PRELIMINARY LOCAL CLIMATOLOGICAL DATA (WS FORM: F-6) , PAGE 2
STATION: TYLER
MONTH: DECEMBER
YEAR: 2023
LATITUDE: 32 22 N
LONGITUDE: 95 24 W
[TEMPERATURE DATA] [PRECIPITATION DATA] SYMBOLS USED IN COLUMN 16
AVERAGE MONTHLY: 52.0 TOTAL FOR MONTH: 2.50 1 = FOG OR MIST
DPTR FM NORMAL: 2.7 DPTR FM NORMAL: -1.53 2 = FOG REDUCING VISIBILITY
HIGHEST: 76 ON 8 GRTST 24HR 1.84 ON 23-24 TO 1/4 MILE OR LESS
LOWEST: 28 ON 30 3 = THUNDER
SNOW, ICE PELLETS, HAIL 4 = ICE PELLETS
TOTAL MONTH: 0.0 INCH 5 = HAIL
GRTST 24HR 0.0 6 = FREEZING RAIN OR DRIZZLE
GRTST DEPTH: 0 7 = DUSTSTORM OR SANDSTORM:
VSBY 1/2 MILE OR LESS
8 = SMOKE OR HAZE
[NO. OF DAYS WITH] [WEATHER - DAYS WITH] 9 = BLOWING SNOW
X = TORNADO
MAX 32 OR BELOW: 0 0.01 INCH OR MORE: 3
MAX 90 OR ABOVE: 0 0.10 INCH OR MORE: 3
MIN 32 OR BELOW: 5 0.50 INCH OR MORE: 2
MIN 0 OR BELOW: 0 1.00 INCH OR MORE: 1
[HDD (BASE 65) ]
TOTAL THIS MO. 397 CLEAR (SCALE 0-3) 22
DPTR FM NORMAL -98 PTCLDY (SCALE 4-7) 6
TOTAL FM JUL 1 708 CLOUDY (SCALE 8-10) 3
DPTR FM NORMAL -121
[CDD (BASE 65) ]
TOTAL THIS MO. 3
DPTR FM NORMAL -5 [PRESSURE DATA]
TOTAL FM JAN 1 3359 HIGHEST SLP 30.53 ON 13
DPTR FM NORMAL 675 LOWEST SLP 29.68 ON 24
[REMARKS]
#FINAL-12-23#