000
CXUS56 KEKA 011230
CF6UKI
PRELIMINARY LOCAL CLIMATOLOGICAL DATA (WS FORM: F-6)
STATION: UKIAH CA
MONTH: JUNE
YEAR: 2022
LATITUDE: 39 7 N
LONGITUDE: 123 12 W
TEMPERATURE IN F: :PCPN: SNOW: WIND :SUNSHINE: SKY :PK WND
================================================================================
1 2 3 4 5 6A 6B 7 8 9 10 11 12 13 14 15 16 17 18
12Z AVG MX 2MIN
DY MAX MIN AVG DEP HDD CDD WTR SNW DPTH SPD SPD DIR MIN PSBL S-S WX SPD DR
================================================================================
1 88 47 68 2 0 3 0.00 M M 4.1 15 340 M M 0 23 350
2 85 52 69 3 0 4 0.00 M M 5.8 18 340 M M 0 26 340
3 80 54 67 1 0 2 T M M 4.6 15 360 M M 3 24 340
4 73 56 65 -1 0 0 0.43 M M 5.6 14 130 M M 9 1 22 140
5 77 56 67 1 0 2 0.03 M M 6.3 14 260 M M 8 18 25 210
6 80 51 66 -1 0 1 0.00 M M 4.5 15 330 M M 1 21 320
7 88 51 70 3 0 5 0.00 M M 3.8 17 360 M M 0 25 360
8 85 55 70 3 0 5 0.00 M M 5.5 15 340 M M 0 23 340
9 90 54 72 5 0 7 0.00 M M 5.6 17 310 M M 0 26 10
10 95 57 76 8 0 11 0.00 M M 6.0 18 280 M M 0 28 290
11 88 59 74 6 0 9 0.00 M M 5.0 16 330 M M 0 22 350
12 70 55 63 -5 2 0 0.02 M M 6.5 20 310 M M 5 18 31 300
13 74 50 62 -6 3 0 0.00 M M 8.1 18 320 M M 0 30 330
14 84 48 66 -2 0 1 0.00 M M 3.6 14 320 M M 0 20 330
15 88 50 69 0 0 4 0.00 M M 6.1 17 350 M M 0 26 360
16 74 49 62 -7 3 0 0.00 M M 7.0 18 340 M M 1 26 340
17 71 46 59 -10 6 0 0.00 M M 6.7 17 290 M M 2 26 270
18 73 45 59 -10 6 0 0.00 M M 4.5 18 320 M M 0 26 330
19 83 46 65 -5 0 0 0.00 M M 4.9 20 310 M M 0 31 320
20 91 49 70 0 0 5 0.00 M M 3.3 15 320 M M 0 24 310
21 102 55 79 9 0 14 0.00 M M 2.5 14 170 M M 0 19 150
22 106 58 82 12 0 17 0.00 M M 3.5 18 150 M M 0 26 170
23 98 58 78 7 0 13 0.00 M M 3.8 14 270 M M 0 18 270
24 101 57 79 8 0 14 0.00 M M 2.5 15 270 M M 0 23 230
25 98 53 76 5 0 11 0.00 M M 4.4 16 140 M M 0 24 140
26 100 56 78 6 0 13 0.00 M M 4.0 14 140 M M 0 21 140
27 100 54 77 5 0 12 0.00 M M 3.4 13 330 M M 0 19 340
28 90 54 72 0 0 7 0.00 M M 5.4 15 350 M M 0 22 10
29 95 52 74 2 0 9 0.00 M M 3.0 13 270 M M 0 21 210
30 93 54 74 2 0 9 0.00 M M 4.2 14 350 M M 0 21 350
================================================================================
SM 2620 1581 20 178 0.48 M 144.2 M 29
================================================================================
AV 87.3 52.7 4.8 FASTST M M 1 MAX(MPH)
MISC ----> # 20 310 # 31 300
================================================================================
NOTES:
# LAST OF SEVERAL OCCURRENCES
COLUMN 17 PEAK WIND IN M.P.H.
PRELIMINARY LOCAL CLIMATOLOGICAL DATA (WS FORM: F-6) , PAGE 2
STATION: UKIAH CA
MONTH: JUNE
YEAR: 2022
LATITUDE: 39 7 N
LONGITUDE: 123 12 W
[TEMPERATURE DATA] [PRECIPITATION DATA] SYMBOLS USED IN COLUMN 16
AVERAGE MONTHLY: 70.0 TOTAL FOR MONTH: 0.48 1 = FOG OR MIST
DPTR FM NORMAL: 1.1 DPTR FM NORMAL: 0.14 2 = FOG REDUCING VISIBILITY
HIGHEST: 106 ON 22 GRTST 24HR 0.46 ON 4- 5 TO 1/4 MILE OR LESS
LOWEST: 45 ON 18 3 = THUNDER
SNOW, ICE PELLETS, HAIL 4 = ICE PELLETS
TOTAL MONTH: M 5 = HAIL
GRTST 24HR M ON M 6 = FREEZING RAIN OR DRIZZLE
GRTST DEPTH: M ON M 7 = DUSTSTORM OR SANDSTORM:
VSBY 1/2 MILE OR LESS
8 = SMOKE OR HAZE
[NO. OF DAYS WITH] [WEATHER - DAYS WITH] 9 = BLOWING SNOW
X = TORNADO
MAX 32 OR BELOW: 0 0.01 INCH OR MORE: 3
MAX 90 OR ABOVE: 13 0.10 INCH OR MORE: 1
MIN 32 OR BELOW: 0 0.50 INCH OR MORE: 0
MIN 0 OR BELOW: 0 1.00 INCH OR MORE: 0
[HDD (BASE 65) ]
TOTAL THIS MO. 20 CLEAR (SCALE 0-3) 27
DPTR FM NORMAL -9 PTCLDY (SCALE 4-7) 2
TOTAL FM JUL 1 2678 CLOUDY (SCALE 8-10) 1
DPTR FM NORMAL -202
[CDD (BASE 65) ]
TOTAL THIS MO. 178
DPTR FM NORMAL 30 [PRESSURE DATA]
TOTAL FM JAN 1 220 HIGHEST SLP 30.11 ON 19
DPTR FM NORMAL 14 LOWEST SLP 29.76 ON 24
[REMARKS]
#FINAL-06-22#