000
CXUS54 KHGX 012238
CF6UTS
PRELIMINARY LOCAL CLIMATOLOGICAL DATA (WS FORM: F-6)
STATION: HUNTSVILLE
MONTH: AUGUST
YEAR: 2023
LATITUDE: 30 45 N
LONGITUDE: 95 35 W
TEMPERATURE IN F: :PCPN: SNOW: WIND :SUNSHINE: SKY :PK WND
================================================================================
1 2 3 4 5 6A 6B 7 8 9 10 11 12 13 14 15 16 17 18
12Z AVG MX 2MIN
DY MAX MIN AVG DEP HDD CDD WTR SNW DPTH SPD SPD DIR MIN PSBL S-S WX SPD DR
================================================================================
1 107 83 95 9 0 30 0.00 0.0 0 3.0 12 190 M M 1 17 160
2 107 82 95 9 0 30 0.00 0.0 0 5.7 15 190 M M 0 8 25 200
3 104 81 93 7 0 28 0.00 0.0 0 6.7 13 200 M M 0 8 21 160
4 104 82 93 7 0 28 0.00 0.0 0 6.8 14 200 M M 1 24 230
5 105 84 95 9 0 30 0.00 0.0 0 8.1 16 190 M M 1 26 190
6 104 84 94 8 0 29 0.00 0.0 0 8.8 15 190 M M 1 22 200
7 105 84 95 9 0 30 0.00 0.0 0 9.0 17 190 M M 3 25 190
8 104 83 94 8 0 29 0.00 0.0 0 8.6 15 180 M M 1 23 210
9 106 84 95 9 0 30 0.00 0.0 0 12.2 21 190 M M 2 31 190
10 106 84 95 9 0 30 0.00 0.0 0 10.9 18 200 M M 2 28 190
11 106 85 96 10 0 31 0.00 0.0 0 10.3 17 190 M M 3 26 200
12 106 84 95 10 0 30 0.00 0.0 0 9.4 17 190 M M 3 28 160
13 105 83 94 9 0 29 0.00 0.0 0 7.7 15 190 M M 2 23 190
14 107 83 95 10 0 30 0.00 0.0 0 5.8 16 230 M M 1 23 200
15 103 80 92 7 0 27 0.00 0.0 0 4.6 14 320 M M 0 8 19 350
16 101 68 85 0 0 20 0.00 0.0 0 1.7 9 330 M M 0 18 10
17 109 76 93 8 0 28 0.00 0.0 0 5.3 18 320 M M 0 8 27 310
18 108 80 94 9 0 29 0.00 0.0 0 5.9 12 190 M M 0 18 190
19 107 82 95 10 0 30 0.00 0.0 0 5.8 12 200 M M 1 18 230
20 112 82 97 12 0 32 0.00 0.0 0 4.6 15 300 M M 0 24 60
21 106 86 96 11 0 31 0.00 0.0 0 4.0 12 170 M M 1 26 120
22 105 82 94 10 0 29 0.00 0.0 0 4.2 10 80 M M 0 8 23 70
23 106 80 93 9 0 28 0.00 0.0 0 2.4 9 200 M M 1 14 170
24 111 82 97 13 0 32 0.00 0.0 0 4.1 10 290 M M 1 38 15 50
25 109 85 97 13 0 32 0.00 0.0 0 6.0 14 170 M M 0 23 180
26 109 81 95 11 0 30 0.00 0.0 0 4.2 10 180 M M 1 15 210
27 112 76 94 10 0 29 T 0.0 0 5.1 17 70 M M 2 13 37 50
28 94 75 85 1 0 20 0.00 0.0 0 2.0 10 60 M M 3 18 19 40
29 100 76 88 5 0 23 0.00 0.0 0 3.6 13 360 M M 3 23 60
30 102 69 86 3 0 21 0.00 0.0 0 2.5 10 320 M M 2 8 18 340
31 100 72 86 3 0 21 0.00 0.0 0 2.1 8 60 M M 0 8 16 60
================================================================================
SM 3270 2498 0 876 T 0.0 181.1 M 36
================================================================================
AV105.5 80.6 5.8 FASTST M M 1 MAX(MPH)
MISC ----> 21 190 37 50
================================================================================
NOTES:
# LAST OF SEVERAL OCCURRENCES
COLUMN 17 PEAK WIND IN M.P.H.
PRELIMINARY LOCAL CLIMATOLOGICAL DATA (WS FORM: F-6) , PAGE 2
STATION: HUNTSVILLE
MONTH: AUGUST
YEAR: 2023
LATITUDE: 30 45 N
LONGITUDE: 95 35 W
[TEMPERATURE DATA] [PRECIPITATION DATA] SYMBOLS USED IN COLUMN 16
AVERAGE MONTHLY: 93.0 TOTAL FOR MONTH: T 1 = FOG OR MIST
DPTR FM NORMAL: 8.2 DPTR FM NORMAL: -3.24 2 = FOG REDUCING VISIBILITY
HIGHEST: 112 ON 27,20 GRTST 24HR T ON 27-27 TO 1/4 MILE OR LESS
LOWEST: 68 ON 16 3 = THUNDER
SNOW, ICE PELLETS, HAIL 4 = ICE PELLETS
TOTAL MONTH: 0.0 INCH 5 = HAIL
GRTST 24HR 0.0 6 = FREEZING RAIN OR DRIZZLE
GRTST DEPTH: 0 7 = DUSTSTORM OR SANDSTORM:
VSBY 1/2 MILE OR LESS
8 = SMOKE OR HAZE
[NO. OF DAYS WITH] [WEATHER - DAYS WITH] 9 = BLOWING SNOW
X = TORNADO
MAX 32 OR BELOW: 0 0.01 INCH OR MORE: 0
MAX 90 OR ABOVE: 31 0.10 INCH OR MORE: 0
MIN 32 OR BELOW: 0 0.50 INCH OR MORE: 0
MIN 0 OR BELOW: 0 1.00 INCH OR MORE: 0
[HDD (BASE 65) ]
TOTAL THIS MO. 0 CLEAR (SCALE 0-3) 31
DPTR FM NORMAL 0 PTCLDY (SCALE 4-7) 0
TOTAL FM JUL 1 0 CLOUDY (SCALE 8-10) 0
DPTR FM NORMAL 0
[CDD (BASE 65) ]
TOTAL THIS MO. 876
DPTR FM NORMAL 262 [PRESSURE DATA]
TOTAL FM JAN 1 3063 HIGHEST SLP 30.09 ON 15
DPTR FM NORMAL 739 LOWEST SLP 29.66 ON 27
[REMARKS]
#FINAL-08-23#