000
CXUS54 KEWX 011011
CF6UVA
PRELIMINARY LOCAL CLIMATOLOGICAL DATA (WS FORM: F-6)
STATION: UVALDE
MONTH: MARCH
YEAR: 2020
LATITUDE: 29 12 N
LONGITUDE: 99 44 W
TEMPERATURE IN F: :PCPN: SNOW: WIND :SUNSHINE: SKY :PK WND
================================================================================
1 2 3 4 5 6A 6B 7 8 9 10 11 12 13 14 15 16 17 18
12Z AVG MX 2MIN
DY MAX MIN AVG DEP HDD CDD WTR SNW DPTH SPD SPD DIR MIN PSBL S-S WX SPD DR
================================================================================
1 80 54 67 M 0 2 0.00 M M 5.1 9 120 M M 4 M M
2 69 57 63 M 2 0 0.00 M M 5.3 10 60 M M 5 1 M M
3 74 61 68 M 0 3 0.00 M M 8.3 16 100 M M 6 1 21 100
4 73 52 63 M 2 0 0.06 M M 13.1 21 330 M M 5 29 300
5 75 43 59 M 6 0 0.00 M M 6.1 12 310 M M 0 M M
6 74 46 60 M 5 0 0.00 M M 7.5 17 90 M M 0 27 90
7 73 50 62 M 3 0 0.00 M M 10.0 20 140 M M 2 25 150
8 73 55 64 M 1 0 0.00 M M 12.3 21 150 M M 4 24 150
9 69 62 66 M 0 1 0.07 M M 5.9 15 130 M M 5 21 130
10 79 60 70 M 0 5 0.00 M M 5.7 12 170 M M 6 12 M M
11 88 60 74 M 0 9 0.00 M M 7.0 14 130 M M 2 12 18 130
12 87 61 74 M 0 9 0.00 M M 7.0 13 120 M M 3 1 M M
13 83 65 74 M 0 9 0.00 M M 8.6 15 110 M M 5 22 110
14 84 69 77 M 0 12 0.00 M M 8.0 14 110 M M 8 1 20 120
15 83 67 75 M 0 10 0.00 M M 11.0 17 150 M M 8 1 23 150
16 79 65 72 M 0 7 0.00 M M 8.6 15 110 M M 6 21 50
17 87 67 77 M 0 12 0.10 M M 11.3 18 130 M M 6 1 27 130
18 85 67 76 M 0 11 0.04 M M 8.3 14 130 M M 6 23 110
19 83 65 74 M 0 9 0.01 M M 8.0 12 100 M M 5 1 22 100
20 70 57 64 M 1 0 0.01 M M 10.6 17 50 M M 9 25 30
21 58 52 55 M 10 0 0.28 M M 5.6 12 60 M M 10 1 M M
22 65 52 59 M 6 0 0.01 M M 2.6 8 60 M M 10 1 M M
23 81 61 71 M 0 6 0.00 M M 6.0 13 160 M M 7 1 18 160
24 92 62 77 M 0 12 0.00 M M 5.5 10 350 M M 3 18 M M
25 94 58 76 M 0 11 0.00 M M 6.5 12 130 M M 0 M M
26 94 66 80 M 0 15 0.00 M M 8.5 15 170 M M 4 1 20 170
27 87 65 76 M 0 11 0.00 M M 7.0 14 100 M M 4 18 100
28 81 54 68 M 0 3 0.00 M M 8.5 18 340 M M 2 1 28 350
29 80 49 65 M 0 0 0.00 M M 7.1 16 130 M M 6 21 130
30 76 62 69 M 0 4 0.00 M M 4.1 7 140 M M 7 1 M M
31 86 50 68 M 0 3 0.00 M M 5.0 9 90 M M 2 1 M M
================================================================================
SM 2462 1814 36 164 0.58 M 234.1 M 150
================================================================================
AV 79.4 58.5 7.6 FASTST M M 5 MAX(MPH)
MISC ----> # 21 330 # 29 300
================================================================================
NOTES:
# LAST OF SEVERAL OCCURRENCES
COLUMN 17 PEAK WIND IN M.P.H.
PRELIMINARY LOCAL CLIMATOLOGICAL DATA (WS FORM: F-6) , PAGE 2
STATION: UVALDE
MONTH: MARCH
YEAR: 2020
LATITUDE: 29 12 N
LONGITUDE: 99 44 W
[TEMPERATURE DATA] [PRECIPITATION DATA] SYMBOLS USED IN COLUMN 16
AVERAGE MONTHLY: 69.0 TOTAL FOR MONTH: 0.58 1 = FOG OR MIST
DPTR FM NORMAL: M DPTR FM NORMAL: M 2 = FOG REDUCING VISIBILITY
HIGHEST: 94 ON 26,25 GRTST 24HR 0.28 ON 21-21 TO 1/4 MILE OR LESS
LOWEST: 43 ON 5 3 = THUNDER
SNOW, ICE PELLETS, HAIL 4 = ICE PELLETS
TOTAL MONTH: M 5 = HAIL
GRTST 24HR M ON M 6 = FREEZING RAIN OR DRIZZLE
GRTST DEPTH: M ON M 7 = DUSTSTORM OR SANDSTORM:
VSBY 1/2 MILE OR LESS
8 = SMOKE OR HAZE
[NO. OF DAYS WITH] [WEATHER - DAYS WITH] 9 = BLOWING SNOW
X = TORNADO
MAX 32 OR BELOW: 0 0.01 INCH OR MORE: 8
MAX 90 OR ABOVE: 3 0.10 INCH OR MORE: 2
MIN 32 OR BELOW: 0 0.50 INCH OR MORE: 0
MIN 0 OR BELOW: 0 1.00 INCH OR MORE: 0
[HDD (BASE 65) ]
TOTAL THIS MO. 36 CLEAR (SCALE 0-3) 9
DPTR FM NORMAL M PTCLDY (SCALE 4-7) 17
TOTAL FM JUL 1 1243 CLOUDY (SCALE 8-10) 5
DPTR FM NORMAL M
[CDD (BASE 65) ]
TOTAL THIS MO. 164
DPTR FM NORMAL M [PRESSURE DATA]
TOTAL FM JAN 1 191 HIGHEST SLP M ON M
DPTR FM NORMAL M LOWEST SLP M ON M
[REMARKS]
#FINAL-03-20#