000
CXUS56 KSTO 170107
CF6VCB
PRELIMINARY LOCAL CLIMATOLOGICAL DATA (WS FORM: F-6)
STATION: VACAVILLE
MONTH: FEBRUARY
YEAR: 2022
LATITUDE: 38 22 N
LONGITUDE: 121-58 E
TEMPERATURE IN F: :PCPN: SNOW: WIND :SUNSHINE: SKY :PK WND
================================================================================
1 2 3 4 5 6A 6B 7 8 9 10 11 12 13 14 15 16 17 18
12Z AVG MX 2MIN
DY MAX MIN AVG DEP HDD CDD WTR SNW DPTH SPD SPD DIR MIN PSBL S-S WX SPD DR
================================================================================
1 61 49 55 6 10 0 0.00 0.0 M 21.7 39 350 M M 0 49 350
2 62 48 55 6 10 0 0.00 M M 15.4 31 360 M M 0 40 360
3 66 34 50 0 15 0 0.00 M M 2.2 12 330 M M 0 15 330
4 66 33 50 0 15 0 0.00 0.0 M 2.1 8 350 M M 0 10 340
5 68 36 52 2 13 0 0.00 0.0 M 2.7 14 20 M M 0 18 20
6 72 31 52 2 13 0 0.00 0.0 M 2.2 8 360 M M 0 10 350
7 81 40 61 11 4 0 0.00 M M 3.7 12 350 M M 0 14 10
8 M 40 M M M M 0.00 M M 3.6 12 30 M M 0 17 30
9 M 42 M M M M 0.00 M M 4.3 16 10 M M 0 24 30
10 M 47 M M M M 0.00 M M 4.9 15 20 M M 0 19 360
11 82 47 65 14 0 0 0.00 0.0 M 1.4 9 350 M M 0 12 350
12 77 41 59 8 6 0 0.00 0.0 M 2.4 9 350 M M 0 12 10
13 79 40 60 9 5 0 0.00 0.0 M 2.8 10 360 M M 0 13 10
14 65 40 53 2 12 0 0.00 M M 10.1 31 270 M M 0 40 270
15 64 48 56 4 9 0 0.00 M M 17.0 30 350 M M 0 41 360
16 73 52 63 11 2 0 0.00 M M 15.9 26 350 M M 0 35 350
17 70 40 55 3 10 0 0.00 0.0 M 8.9 21 10 M M 0 28 350
18 72 36 54 2 11 0 0.00 0.0 M 2.2 8 20 M M 0 10 30
19 74 36 55 3 10 0 0.00 0.0 M 2.5 9 180 M M 0 12 170
20 68 41 55 3 10 0 0.00 M M 5.3 21 210 M M 0 26 210
21 63 38 51 -2 14 0 0.00 0.0 M 9.1 24 240 M M 1 29 240
22 56 33 45 -8 20 0 T M M 5.2 18 280 M M 2 27 290
23 58 31 45 -8 20 0 0.00 M M 10.5 24 350 M M 0 34 360
24 60 25 43 -10 22 0 0.00 M M 3.2 13 220 M M 0 16 210
25 64 28 46 -7 19 0 0.00 0.0 M 3.2 13 360 M M 0 18 360
26 61 29 45 -8 20 0 0.00 0.0 M 2.2 9 20 M M 0 12 10
27 73 36 55 1 10 0 0.00 0.0 M 3.4 10 360 M M 0 13 360
28 77 37 57 3 8 0 0.00 0.0 M 2.2 9 210 M M 0 13 210
================================================================================
SM 1712 1078 288 0 T 0.0 170.3 M 3
================================================================================
AV 68.5 38.5 6.1 FASTST M M 0 MAX(MPH)
MISC ----> 39 350 49 350
================================================================================
NOTES:
# LAST OF SEVERAL OCCURRENCES
COLUMN 17 PEAK WIND IN M.P.H.
PRELIMINARY LOCAL CLIMATOLOGICAL DATA (WS FORM: F-6) , PAGE 2
STATION: VACAVILLE
MONTH: FEBRUARY
YEAR: 2022
LATITUDE: 38 22 N
LONGITUDE: 121-58 E
[TEMPERATURE DATA] [PRECIPITATION DATA] SYMBOLS USED IN COLUMN 16
AVERAGE MONTHLY: 53.5 TOTAL FOR MONTH: T 1 = FOG OR MIST
DPTR FM NORMAL: 2.0 DPTR FM NORMAL: -5.06 2 = FOG REDUCING VISIBILITY
HIGHEST: 82 ON 11 GRTST 24HR T ON 22-22 TO 1/4 MILE OR LESS
LOWEST: 25 ON 24 3 = THUNDER
SNOW, ICE PELLETS, HAIL 4 = ICE PELLETS
TOTAL MONTH: 0.0 INCH 5 = HAIL
GRTST 24HR 0.0 6 = FREEZING RAIN OR DRIZZLE
GRTST DEPTH: M ON M 7 = DUSTSTORM OR SANDSTORM:
VSBY 1/2 MILE OR LESS
8 = SMOKE OR HAZE
[NO. OF DAYS WITH] [WEATHER - DAYS WITH] 9 = BLOWING SNOW
X = TORNADO
MAX 32 OR BELOW: 0 0.01 INCH OR MORE: 0
MAX 90 OR ABOVE: 0 0.10 INCH OR MORE: 0
MIN 32 OR BELOW: 5 0.50 INCH OR MORE: 0
MIN 0 OR BELOW: 0 1.00 INCH OR MORE: 0
[HDD (BASE 65) ]
TOTAL THIS MO. 288 CLEAR (SCALE 0-3) 28
DPTR FM NORMAL -92 PTCLDY (SCALE 4-7) 0
TOTAL FM JUL 1 1771 CLOUDY (SCALE 8-10) 0
DPTR FM NORMAL -112
[CDD (BASE 65) ]
TOTAL THIS MO. 0
DPTR FM NORMAL 0 [PRESSURE DATA]
TOTAL FM JAN 1 0 HIGHEST SLP 30.48 ON 4
DPTR FM NORMAL 0 LOWEST SLP 29.81 ON 20
[REMARKS]
#FINAL-02-22#