000
CXUS54 KCRP 011808
CLMVCT
CLIMATE REPORT
NATIONAL WEATHER SERVICE CORPUS CHRISTI TX
1238 PM CDT WED NOV 01 2023
...................................
...THE VICTORIA CLIMATE SUMMARY FOR THE MONTH OF OCTOBER 2023...
CLIMATE NORMAL PERIOD 1991 TO 2020
CLIMATE RECORD PERIOD 1893 TO 2023
WEATHER OBSERVED NORMAL DEPART LAST YEAR`S
VALUE DATE(S) VALUE FROM VALUE DATE(S)
NORMAL
................................................................
TEMPERATURE (F)
RECORD
HIGH 109 10/11/1926
LOW 31 10/31/1993
HIGHEST 95 10/03 88 7 97 10/12
10/20 83 12
LOWEST 39 10/31 56 -17 42 10/19
AVG. MAXIMUM 82.9 84.1 -1.2 86.4
AVG. MINIMUM 62.5 61.0 1.5 57.5
MEAN 72.7 72.6 0.1 71.9
DAYS MAX >= 90 7 7.3 -0.3 12
DAYS MAX <= 32 0 0.0 0.0 0
DAYS MIN <= 32 0 0.1 -0.1 0
DAYS MIN <= 0 0 0.0 0.0 0
PRECIPITATION (INCHES)
RECORD
MAXIMUM 17.25 1960
MINIMUM 0.00 1921
1917
1893
TOTALS 5.66 3.97 1.69 1.62
DAILY AVG. 0.18 0.13 0.05 0.05
DAYS >= .01 13 7.3 5.7 6
DAYS >= .10 7 4.4 2.6 3
DAYS >= .50 2 2.2 -0.2 2
DAYS >= 1.00 2 1.3 0.7 0
GREATEST
24 HR. TOTAL 2.54 10/27 TO 10/27 0.77 10/24 TO 10/25
SNOWFALL (INCHES)
RECORDS
TOTAL 0.0 MM
24 HR TOTAL 0.0 MM
TOTALS 0.0 MM MM 0.0
SINCE 7/1 0.0 MM MM MM
SNOWDEPTH AVG. 0 0
DAYS >= 1.0 0 MM MM 0
GREATEST
SNOW DEPTH 0 0
24 HR TOTAL 0.0 0.0
DEGREE DAYS
HEATING TOTAL 42 23 19 12
SINCE 7/1 42 20 22 MM
COOLING TOTAL 288 257 31 235
SINCE 1/1 3967 3180 787 MM
................................................................
WIND (MPH)
AVERAGE WIND SPEED 8.4
HIGHEST WIND SPEED/DIRECTION 39/350 DATE 10/05
HIGHEST GUST SPEED/DIRECTION 60/320 DATE 10/05
SKY COVER
AVERAGE SKY COVER 0.36
AVERAGE RH (PERCENT) 72
WEATHER CONDITIONS. NUMBER OF DAYS WITH
THUNDERSTORM 2 MIXED PRECIP 0
HEAVY RAIN 3 RAIN 5
LIGHT RAIN 16 FREEZING RAIN 0
LT FREEZING RAIN 0 HAIL 0
HEAVY SNOW 0 SNOW 0
LIGHT SNOW 0 SLEET 0
FOG 19 FOG W/VIS <= 1/4 MILE 3
HAZE 5
- INDICATES NEGATIVE NUMBERS.
R INDICATES RECORD WAS SET OR TIED.
MM INDICATES DATA IS MISSING.
T INDICATES TRACE AMOUNT.
$$