000
CXUS55 KGJT 011753
CF6VEL
PRELIMINARY LOCAL CLIMATOLOGICAL DATA (WS FORM: F-6)
STATION: VERNAL UT
MONTH: MARCH
YEAR: 2023
LATITUDE: 40 27 N
LONGITUDE: 109 31 W
TEMPERATURE IN F: :PCPN: SNOW: WIND :SUNSHINE: SKY :PK WND
================================================================================
1 2 3 4 5 6A 6B 7 8 9 10 11 12 13 14 15 16 17 18
12Z AVG MX 2MIN
DY MAX MIN AVG DEP HDD CDD WTR SNW DPTH SPD SPD DIR MIN PSBL S-S WX SPD DR
================================================================================
1 27 4 16 -18 49 0 T M M 2.9 7 140 M M 7 12 9 90
2 25 3 14 -21 51 0 0.00 M M 1.7 8 60 M M 6 12 10 180
3 31 3 17 -18 48 0 0.00 M M 1.8 8 50 M M 4 1 10 60
4 22 3 13 -23 52 0 T M M 3.1 8 90 M M 5 1 10 100
5 29 7 18 -18 47 0 0.03 M M 2.0 9 340 M M 9 12 11 340
6 30 11 21 -15 44 0 T M M 3.3 9 10 M M 9 12 12 40
7 33 15 24 -13 41 0 T M M 3.0 7 330 M M 9 1 10 60
8 27 11 19 -19 46 0 0.02 M M 3.4 10 50 M M 4 1 15 280
9 31 14 23 -15 42 0 T M M 2.7 7 350 M M 4 12 9 80
10 32 19 26 -12 39 0 0.13 M M 4.1 15 300 M M 10 1 19 290
11 38 19 29 -10 36 0 0.05 M M 3.3 14 40 M M 3 12 20 40
12 34 16 25 -14 40 0 T M M 2.5 8 80 M M 7 10 80
13 32 22 27 -13 38 0 0.00 M M 1.1 7 200 M M 8 1 10 70
14 32 25 29 -11 36 0 T M M 1.5 6 90 M M 10 1 8 100
15 37 28 33 -7 32 0 0.02 M M 2.6 14 10 M M 10 126 20 20
16 31 12 22 -19 43 0 0.00 M M 11.4 23 30 M M 2 32 30
17 32 6 19 -22 46 0 0.00 M M 4.1 9 310 M M 0 11 310
18 30 3 17 -24 48 0 0.00 M M 1.8 9 250 M M 0 11 250
19 32 4 18 -24 47 0 0.00 M M 2.5 7 70 M M 1 9 100
20 34 25 30 -12 35 0 0.02 M M 3.4 9 160 M M 10 12 13 160
21 37 19 28 -14 37 0 T M M 1.7 9 340 M M 6 12 10 350
22 35 29 32 -11 33 0 0.03 M M 4.3 22 270 M M 9 1 29 270
23 38 21 30 -13 35 0 0.15 M M 3.5 17 340 M M 7 12 24 320
24 34 19 27 -16 38 0 0.02 M M 5.2 28 230 M M 7 12 37 240
25 30 9 20 -23 45 0 T M M 4.9 20 220 M M 2 25 220
26 28 9 19 -25 46 0 T M M 4.9 22 20 M M 2 1 33 20
27 30 10 20 -24 45 0 0.00 M M 4.6 10 20 M M 2 17 360
28 38 10 24 -20 41 0 0.00 M M 1.9 9 70 M M 1 12 50
29 46 24 35 -9 30 0 0.00 M M 2.8 9 310 M M 1 10 310
30 41 28 35 -9 30 0 T M M 7.0 28 290 M M 8 1 35 290
31 45 23 34 -11 31 0 0.00 M M 6.2 23 250 M M 3 29 250
================================================================================
SM 1021 451 1271 0 0.47 M 109.2 M 166
================================================================================
AV 32.9 14.5 3.5 FASTST M M 5 MAX(MPH)
MISC ----> # 28 230 37 240
================================================================================
NOTES:
# LAST OF SEVERAL OCCURRENCES
COLUMN 17 PEAK WIND IN M.P.H.
PRELIMINARY LOCAL CLIMATOLOGICAL DATA (WS FORM: F-6) , PAGE 2
STATION: VERNAL UT
MONTH: MARCH
YEAR: 2023
LATITUDE: 40 27 N
LONGITUDE: 109 31 W
[TEMPERATURE DATA] [PRECIPITATION DATA] SYMBOLS USED IN COLUMN 16
AVERAGE MONTHLY: 23.7 TOTAL FOR MONTH: 0.47 1 = FOG OR MIST
DPTR FM NORMAL: -16.5 DPTR FM NORMAL: -0.25 2 = FOG REDUCING VISIBILITY
HIGHEST: 46 ON 29 GRTST 24HR 0.17 ON 23-24 TO 1/4 MILE OR LESS
LOWEST: 3 ON 18, 4 3 = THUNDER
SNOW, ICE PELLETS, HAIL 4 = ICE PELLETS
TOTAL MONTH: M 5 = HAIL
GRTST 24HR M ON M 6 = FREEZING RAIN OR DRIZZLE
GRTST DEPTH: M ON M 7 = DUSTSTORM OR SANDSTORM:
VSBY 1/2 MILE OR LESS
8 = SMOKE OR HAZE
[NO. OF DAYS WITH] [WEATHER - DAYS WITH] 9 = BLOWING SNOW
X = TORNADO
MAX 32 OR BELOW: 18 0.01 INCH OR MORE: 9
MAX 90 OR ABOVE: 0 0.10 INCH OR MORE: 2
MIN 32 OR BELOW: 31 0.50 INCH OR MORE: 0
MIN 0 OR BELOW: 0 1.00 INCH OR MORE: 0
[HDD (BASE 65) ]
TOTAL THIS MO. 1271 CLEAR (SCALE 0-3) 10
DPTR FM NORMAL 502 PTCLDY (SCALE 4-7) 13
TOTAL FM JUL 1 7616 CLOUDY (SCALE 8-10) 8
DPTR FM NORMAL 1523
[CDD (BASE 65) ]
TOTAL THIS MO. 0
DPTR FM NORMAL 0 [PRESSURE DATA]
TOTAL FM JAN 1 0 HIGHEST SLP 30.61 ON 18
DPTR FM NORMAL 0 LOWEST SLP 29.53 ON 30
[REMARKS]
#FINAL-03-23#