000
CXUS55 KGJT 011211
CF6VEL
PRELIMINARY LOCAL CLIMATOLOGICAL DATA (WS FORM: F-6)
STATION: VERNAL UT
MONTH: AUGUST
YEAR: 2020
LATITUDE: 40 27 N
LONGITUDE: 109 31 W
TEMPERATURE IN F: :PCPN: SNOW: WIND :SUNSHINE: SKY :PK WND
================================================================================
1 2 3 4 5 6A 6B 7 8 9 10 11 12 13 14 15 16 17 18
12Z AVG MX 2MIN
DY MAX MIN AVG DEP HDD CDD WTR SNW DPTH SPD SPD DIR MIN PSBL S-S WX SPD DR
================================================================================
1 97 61 79 6 0 14 0.00 M M 6.2 25 300 M M 0 35 290
2 99 64 82 9 0 17 0.00 M M 4.8 12 230 M M 0 15 230
3 101 60 81 8 0 16 0.00 M M 6.5 21 260 M M 0 28 260
4 97 63 80 7 0 15 0.00 M M 5.9 16 350 M M 0 8 22 340
5 96 63 80 8 0 15 0.00 M M 5.6 21 200 M M 0 8 29 210
6 94 59 77 5 0 12 0.00 M M 6.4 21 200 M M 0 31 190
7 92 52 72 0 0 7 0.00 M M 5.1 15 230 M M 0 20 260
8 94 55 75 3 0 10 0.00 M M 5.2 22 220 M M 0 30 230
9 95 51 73 1 0 8 0.00 M M 6.1 22 220 M M 0 31 210
10 94 53 74 2 0 9 0.00 M M 5.7 18 220 M M 0 32 200
11 95 56 76 4 0 11 0.00 M M 5.0 18 210 M M 0 28 210
12 94 57 76 5 0 11 0.00 M M 7.4 24 200 M M 0 8 32 190
13 95 55 75 4 0 10 0.00 M M 5.4 22 190 M M 0 8 32 190
14 96 54 75 4 0 10 0.00 M M 5.6 16 260 M M 0 22 260
15 92 53 73 2 0 8 0.00 M M 4.5 13 350 M M 0 19 20
16 95 56 76 5 0 11 0.00 M M 5.8 15 60 M M 0 22 60
17 97 54 76 6 0 11 0.00 M M 4.4 12 300 M M 0 17 180
18 100 54 77 7 0 12 0.00 M M 5.0 22 310 M M 0 33 300
19 97 60 79 9 0 14 0.00 M M 4.6 28 350 M M 0 8 43 330
20 94 61 78 8 0 13 T M M 5.9 23 350 M M 0 38 36 350
21 93 54 74 5 0 9 0.00 M M 2.7 8 280 M M 0 11 320
22 97 58 78 9 0 13 0.00 M M 4.0 14 350 M M 0 8 24 10
23 94 59 77 8 0 12 0.00 M M 5.8 21 260 M M 0 29 300
24 95 65 80 12 0 15 0.00 M M 4.4 14 10 M M 0 20 10
25 95 65 80 12 0 15 T M M 4.8 17 270 M M 1 8 24 290
26 94 63 79 11 0 14 T M M 5.5 26 220 M M 0 8 49 210
27 95 62 79 11 0 14 T M M 5.1 20 200 M M 0 27 200
28 93 58 76 9 0 11 T M M 6.3 15 220 M M 0 20 220
29 91 60 76 9 0 11 0.00 M M 7.7 23 220 M M 0 8 32 200
30 91 53 72 5 0 7 0.00 M M 8.3 31 240 M M 0 40 270
31 82 49 66 0 0 1 T M M 9.1 32 320 M M 2 8 50 310
================================================================================
SM 2934 1787 0 356 T M 174.8 M 3
================================================================================
AV 94.7 57.7 5.6 FASTST M M 0 MAX(MPH)
MISC ----> # 32 320 # 50 310
================================================================================
NOTES:
# LAST OF SEVERAL OCCURRENCES
COLUMN 17 PEAK WIND IN M.P.H.
PRELIMINARY LOCAL CLIMATOLOGICAL DATA (WS FORM: F-6) , PAGE 2
STATION: VERNAL UT
MONTH: AUGUST
YEAR: 2020
LATITUDE: 40 27 N
LONGITUDE: 109 31 W
[TEMPERATURE DATA] [PRECIPITATION DATA] SYMBOLS USED IN COLUMN 16
AVERAGE MONTHLY: 76.2 TOTAL FOR MONTH: T 1 = FOG OR MIST
DPTR FM NORMAL: 5.9 DPTR FM NORMAL: -0.76 2 = FOG REDUCING VISIBILITY
HIGHEST: 101 ON 3 GRTST 24HR T ON 31-31 TO 1/4 MILE OR LESS
LOWEST: 49 ON 31 3 = THUNDER
SNOW, ICE PELLETS, HAIL 4 = ICE PELLETS
TOTAL MONTH: M 5 = HAIL
GRTST 24HR M ON M 6 = FREEZING RAIN OR DRIZZLE
GRTST DEPTH: M ON M 7 = DUSTSTORM OR SANDSTORM:
VSBY 1/2 MILE OR LESS
8 = SMOKE OR HAZE
[NO. OF DAYS WITH] [WEATHER - DAYS WITH] 9 = BLOWING SNOW
X = TORNADO
MAX 32 OR BELOW: 0 0.01 INCH OR MORE: 0
MAX 90 OR ABOVE: 30 0.10 INCH OR MORE: 0
MIN 32 OR BELOW: 0 0.50 INCH OR MORE: 0
MIN 0 OR BELOW: 0 1.00 INCH OR MORE: 0
[HDD (BASE 65) ]
TOTAL THIS MO. 0 CLEAR (SCALE 0-3) 31
DPTR FM NORMAL -10 PTCLDY (SCALE 4-7) 0
TOTAL FM JUL 1 0 CLOUDY (SCALE 8-10) 0
DPTR FM NORMAL -16
[CDD (BASE 65) ]
TOTAL THIS MO. 356
DPTR FM NORMAL 185 [PRESSURE DATA]
TOTAL FM JAN 1 837 HIGHEST SLP 30.18 ON 17
DPTR FM NORMAL 348 LOWEST SLP 29.56 ON 31
[REMARKS]
#FINAL-08-20#