861
CXUS55 KVEF 010910
CF6VGT
PRELIMINARY LOCAL CLIMATOLOGICAL DATA (WS FORM: F-6)
STATION: NORTH_LAS_VEGAS NV
MONTH: SEPTEMBER
YEAR: 2020
LATITUDE: 36 12 N
LONGITUDE: 115 12 W
TEMPERATURE IN F: :PCPN: SNOW: WIND :SUNSHINE: SKY :PK WND
================================================================================
1 2 3 4 5 6A 6B 7 8 9 10 11 12 13 14 15 16 17 18
12Z AVG MX 2MIN
DY MAX MIN AVG DEP HDD CDD WTR SNW DPTH SPD SPD DIR MIN PSBL S-S WX SPD DR
================================================================================
1 99 81 90 4 0 25 0.00 M M 5.5 18 320 M M 0 21 320
2 105 75 90 4 0 25 0.00 M M 3.7 9 340 M M 0 12 80
3 109 78 94 8 0 29 0.00 M M 4.8 14 320 M M 0 16 320
4 110 80 95 10 0 30 0.00 M M 4.6 10 330 M M 0 13 170
5 114 81 98 13 0 33 0.00 M M 5.3 13 310 M M 0 15 310
6 116 87 102 17 0 37 0.00 M M 9.5 22 320 M M 0 27 320
7 107 86 97 13 0 32 0.00 M M 12.0 21 320 M M 0 27 330
8 92 67 80 -4 0 15 T M M 21.6 40 310 M M 0 8 52 310
9 83 65 74 -10 0 9 T M M 8.8 24 70 M M 0 8 30 80
10 86 62 74 -9 0 9 0.00 M M 3.5 12 70 M M 0 15 80
11 91 64 78 -5 0 13 0.00 M M 3.5 12 340 M M 0 14 340
12 98 68 83 0 0 18 0.00 M M 4.0 14 340 M M 0 18 350
13 101 69 85 3 0 20 0.00 M M 5.1 10 130 M M 0 14 130
14 101 71 86 4 0 21 0.00 M M 4.9 16 150 M M 0 21 150
15 102 76 89 7 0 24 0.00 M M 5.6 14 300 M M 0 19 130
16 103 80 92 11 0 27 0.00 M M 7.4 14 320 M M 0 18 330
17 104 75 90 9 0 25 0.00 M M 6.6 16 130 M M 0 18 130
18 105 75 90 10 0 25 0.00 M M 6.6 26 230 M M 0 34 220
19 101 79 90 10 0 25 0.00 M M 10.4 22 230 M M 0 28 220
20 100 72 86 6 0 21 0.00 M M 5.1 13 310 M M 0 17 120
21 102 74 88 9 0 23 T M M 7.5 26 140 M M 0 31 140
22 100 74 87 8 0 22 0.00 M M 6.9 22 180 M M 0 28 180
23 99 72 86 8 0 21 0.00 M M 4.6 12 130 M M 0 15 130
24 102 74 88 10 0 23 0.00 M M 6.5 17 150 M M 0 21 150
25 101 70 86 9 0 21 0.00 M M 5.4 17 160 M M 0 8 23 160
26 100 67 84 7 0 19 0.00 M M 4.6 10 90 M M 0 8 13 80
27 97 74 86 10 0 21 0.00 M M 6.3 18 70 M M 0 8 24 60
28 93 74 84 8 0 19 0.00 M M 8.6 20 340 M M 0 26 350
29 93 66 80 4 0 15 0.00 M M 4.8 14 310 M M 0 17 310
30 98 69 84 9 0 19 0.00 M 0 4.5 12 310 M M 0 14 320
================================================================================
SM 3012 2205 0 666 T M 198.2 M 0
================================================================================
AV100.4 73.5 6.6 FASTST M M 0 MAX(MPH)
MISC ----> 40 310 52 310
================================================================================
NOTES:
# LAST OF SEVERAL OCCURRENCES
COLUMN 17 PEAK WIND IN M.P.H.
PRELIMINARY LOCAL CLIMATOLOGICAL DATA (WS FORM: F-6) , PAGE 2
STATION: NORTH_LAS_VEGAS NV
MONTH: SEPTEMBER
YEAR: 2020
LATITUDE: 36 12 N
LONGITUDE: 115 12 W
[TEMPERATURE DATA] [PRECIPITATION DATA] SYMBOLS USED IN COLUMN 16
AVERAGE MONTHLY: 87.0 TOTAL FOR MONTH: T 1 = FOG OR MIST
DPTR FM NORMAL: 5.8 DPTR FM NORMAL: -0.36 2 = FOG REDUCING VISIBILITY
HIGHEST: 116 ON 6 GRTST 24HR T ON 8- 8 TO 1/4 MILE OR LESS
LOWEST: 62 ON 10 3 = THUNDER
SNOW, ICE PELLETS, HAIL 4 = ICE PELLETS
TOTAL MONTH: M 5 = HAIL
GRTST 24HR M ON M 6 = FREEZING RAIN OR DRIZZLE
GRTST DEPTH: 0 7 = DUSTSTORM OR SANDSTORM:
VSBY 1/2 MILE OR LESS
8 = SMOKE OR HAZE
[NO. OF DAYS WITH] [WEATHER - DAYS WITH] 9 = BLOWING SNOW
X = TORNADO
MAX 32 OR BELOW: 0 0.01 INCH OR MORE: 0
MAX 90 OR ABOVE: 28 0.10 INCH OR MORE: 0
MIN 32 OR BELOW: 0 0.50 INCH OR MORE: 0
MIN 0 OR BELOW: 0 1.00 INCH OR MORE: 0
[HDD (BASE 65) ]
TOTAL THIS MO. 0 CLEAR (SCALE 0-3) 30
DPTR FM NORMAL -1 PTCLDY (SCALE 4-7) 0
TOTAL FM JUL 1 0 CLOUDY (SCALE 8-10) 0
DPTR FM NORMAL 0
[CDD (BASE 65) ]
TOTAL THIS MO. 666
DPTR FM NORMAL 182 [PRESSURE DATA]
TOTAL FM JAN 1 3916 HIGHEST SLP M ON M
DPTR FM NORMAL 786 LOWEST SLP 29.47 ON 8
[REMARKS]
#FINAL-09-20#