215
CXUS53 KSGF 011510
CF6VIH
PRELIMINARY LOCAL CLIMATOLOGICAL DATA (WS FORM: F-6)
STATION: VICHY-ROLLA MO
MONTH: JANUARY
YEAR: 2021
LATITUDE: 38 7 N
LONGITUDE: 91 46 W
TEMPERATURE IN F: :PCPN: SNOW: WIND :SUNSHINE: SKY :PK WND
================================================================================
1 2 3 4 5 6A 6B 7 8 9 10 11 12 13 14 15 16 17 18
12Z AVG MX 2MIN
DY MAX MIN AVG DEP HDD CDD WTR SNW DPTH SPD SPD DIR MIN PSBL S-S WX SPD DR
================================================================================
1 32 29 31 0 34 0 0.64 M M 9.8 24 50 M M 10 16 37 50
2 32 29 31 0 34 0 0.07 M M 4.1 9 280 M M 10 1 14 270
3 33 27 30 -1 35 0 0.00 M M 7.0 14 240 M M 10 12 17 230
4 43 28 36 5 29 0 0.00 M M 6.8 21 300 M M 8 12 27 300
5 50 25 38 7 27 0 0.00 M M 5.8 12 140 M M 0 12 16 130
6 48 36 42 11 23 0 0.00 M M 10.8 18 120 M M 2 25 110
7 36 31 34 3 31 0 0.00 M M 11.0 16 40 M M 10 22 70
8 34 30 32 1 33 0 0.00 M M 8.6 14 340 M M 10 18 18 340
9 30 28 29 -2 36 0 0.00 M M 5.5 10 320 M M 10 8 14 320
10 32 21 27 -4 38 0 0.00 M M 4.5 10 340 M M 7 18 15 330
11 34 23 29 -2 36 0 0.00 M M 6.9 13 210 M M 7 18 16 210
12 52 25 39 8 26 0 0.00 M M 11.6 18 220 M M 0 24 230
13 52 30 41 10 24 0 0.00 M M 12.2 18 190 M M 0 25 180
14 47 31 39 8 26 0 0.08 M M 13.5 26 280 M M 6 1 38 280
15 33 31 32 1 33 0 0.03 M M 14.7 21 260 M M 8 1 31 270
16 34 31 33 2 32 0 0.01 M M 11.2 18 260 M M 10 1 25 310
17 36 25 31 0 34 0 T M M 9.8 21 300 M M 8 1 29 290
18 42 24 33 2 32 0 0.00 M M 6.3 12 60 M M 6 14 70
19 41 30 36 5 29 0 0.00 M M 8.1 16 260 M M 7 12 22 270
20 50 19 35 4 30 0 0.00 M M 10.4 22 200 M M 3 28 200
21 52 35 44 13 21 0 0.00 M M 7.1 16 250 M M 0 1 28 250
22 39 22 31 0 34 0 T M M 7.0 14 350 M M 0 19 350
23 43 19 31 0 34 0 T M M 10.4 20 170 M M 5 26 130
24 42 33 38 7 27 0 0.17 M M 5.9 17 190 M M 10 1 23 190
25 43 36 40 9 25 0 1.63 M M 11.6 23 100 M M 10 13 33 90
26 42 28 35 3 30 0 0.00 M M 9.9 18 300 M M 10 18 26 280
27 31 25 28 -4 37 0 0.21 M M 7.5 14 40 M M 10 128 18 90
28 35 21 28 -4 37 0 0.00 M M 5.2 12 140 M M 5 1 16 120
29 45 24 35 3 30 0 0.00 M M 11.6 20 170 M M 0 27 170
30 49 39 44 12 21 0 1.28 M M 14.6 24 140 M M 9 1 35 280
31 45 32 39 7 26 0 T M M 16.5 25 300 M M 10 18 35 290
================================================================================
SM 1257 867 944 0 4.12 M 285.9 M 201
================================================================================
AV 40.5 28.0 9.2 FASTST M M 6 MAX(MPH)
MISC ----> 26 280 38 280
================================================================================
NOTES:
# LAST OF SEVERAL OCCURRENCES
COLUMN 17 PEAK WIND IN M.P.H.
PRELIMINARY LOCAL CLIMATOLOGICAL DATA (WS FORM: F-6) , PAGE 2
STATION: VICHY-ROLLA MO
MONTH: JANUARY
YEAR: 2021
LATITUDE: 38 7 N
LONGITUDE: 91 46 W
[TEMPERATURE DATA] [PRECIPITATION DATA] SYMBOLS USED IN COLUMN 16
AVERAGE MONTHLY: 34.3 TOTAL FOR MONTH: 4.12 1 = FOG OR MIST
DPTR FM NORMAL: 3.2 DPTR FM NORMAL: 1.95 2 = FOG REDUCING VISIBILITY
HIGHEST: 52 ON 13,12 GRTST 24HR 1.79 ON 24-25 TO 1/4 MILE OR LESS
LOWEST: 19 ON 23,20 3 = THUNDER
SNOW, ICE PELLETS, HAIL 4 = ICE PELLETS
TOTAL MONTH: M 5 = HAIL
GRTST 24HR M ON M 6 = FREEZING RAIN OR DRIZZLE
GRTST DEPTH: M ON M 7 = DUSTSTORM OR SANDSTORM:
VSBY 1/2 MILE OR LESS
8 = SMOKE OR HAZE
[NO. OF DAYS WITH] [WEATHER - DAYS WITH] 9 = BLOWING SNOW
X = TORNADO
MAX 32 OR BELOW: 5 0.01 INCH OR MORE: 9
MAX 90 OR ABOVE: 0 0.10 INCH OR MORE: 5
MIN 32 OR BELOW: 26 0.50 INCH OR MORE: 3
MIN 0 OR BELOW: 0 1.00 INCH OR MORE: 2
[HDD (BASE 65) ]
TOTAL THIS MO. 944 CLEAR (SCALE 0-3) 8
DPTR FM NORMAL -107 PTCLDY (SCALE 4-7) 7
TOTAL FM JUL 1 2669 CLOUDY (SCALE 8-10) 16
DPTR FM NORMAL -296
[CDD (BASE 65) ]
TOTAL THIS MO. 0
DPTR FM NORMAL 0 [PRESSURE DATA]
TOTAL FM JAN 1 0 HIGHEST SLP 30.72 ON 28
DPTR FM NORMAL 0 LOWEST SLP 29.50 ON 15
[REMARKS]
#FINAL-01-21#