000
CXUS53 KSGF 012042
CF6VIH
PRELIMINARY LOCAL CLIMATOLOGICAL DATA (WS FORM: F-6)
STATION: VICHY-ROLLA MO
MONTH: DECEMBER
YEAR: 2020
LATITUDE: 38 7 N
LONGITUDE: 91 46 W
TEMPERATURE IN F: :PCPN: SNOW: WIND :SUNSHINE: SKY :PK WND
================================================================================
1 2 3 4 5 6A 6B 7 8 9 10 11 12 13 14 15 16 17 18
12Z AVG MX 2MIN
DY MAX MIN AVG DEP HDD CDD WTR SNW DPTH SPD SPD DIR MIN PSBL S-S WX SPD DR
================================================================================
1 49 16 33 -5 32 0 0.00 M M 4.3 10 110 M M 0 12 100
2 52 24 38 0 27 0 T M M 5.6 12 130 M M 1 17 130
3 43 37 40 3 25 0 0.09 M M 3.2 16 200 M M 10 1 22 200
4 50 34 42 5 23 0 0.00 M M 8.6 17 270 M M 4 1 23 270
5 57 28 43 7 22 0 0.00 M M 4.7 9 300 M M 0 14 290
6 50 31 41 5 24 0 0.00 M M 5.4 13 330 M M 4 17 330
7 42 26 34 -2 31 0 0.00 M M 4.7 9 270 M M 5 18 13 240
8 50 23 37 1 28 0 0.00 M M 4.2 13 210 M M 1 128 16 210
9 69 35 52 17 13 0 0.00 M M 7.2 14 210 M M 0 18 210
10 71 35 53 18 12 0 0.00 M M 7.3 14 190 M M 0 19 170
11 55 46 51 17 14 0 0.65 M M 10.8 20 260 M M 6 1 26 280
12 46 35 41 7 24 0 T M M 12.7 26 250 M M 10 1 36 250
13 36 29 33 -1 32 0 T M M 5.9 16 340 M M 10 1 23 350
14 38 22 30 -4 35 0 0.00 M M 7.2 21 330 M M 2 18 28 330
15 33 23 28 -5 37 0 T M M 8.0 16 60 M M 5 18 22 60
16 32 18 25 -8 40 0 T M M 7.2 14 270 M M 7 18 19 290
17 40 19 30 -3 35 0 0.00 M M 7.4 14 190 M M 3 18 19 190
18 48 27 38 5 27 0 0.00 M M 13.1 22 170 M M 0 18 31 200
19 49 30 40 7 25 0 0.00 M M 8.7 20 190 M M 6 18 26 190
20 53 27 40 8 25 0 0.00 M M 8.0 15 240 M M 4 12 19 240
21 58 38 48 16 17 0 0.00 M M 12.5 23 280 M M 1 32 290
22 60 26 43 11 22 0 0.00 M M 11.3 23 170 M M 0 35 150
23 61 25 43 11 22 0 0.17 M M 19.4 32 290 M M 7 1 48 300
24 27 14 21 -11 44 0 T M M 15.3 28 300 M M 2 39 310
25 29 8 19 -13 46 0 0.00 M M 10.5 18 310 M M 0 24 300
26 59 26 43 11 22 0 0.00 M M 9.3 16 180 M M 0 23 180
27 58 35 47 16 18 0 0.00 M M 14.4 28 220 M M 2 38 210
28 39 23 31 0 34 0 0.00 M M 5.9 17 310 M M 5 26 310
29 45 28 37 6 28 0 T M M 13.4 22 160 M M 9 1 31 150
30 47 26 37 6 28 0 0.31 M M 9.4 21 290 M M 7 1 32 200
31 32 22 27 -4 38 0 0.04 M M 9.2 20 60 M M 1 16 27 70
================================================================================
SM 1478 836 850 0 1.26 M 274.8 M 112
================================================================================
AV 47.7 27.0 8.9 FASTST M M 4 MAX(MPH)
MISC ----> 32 290 48 300
================================================================================
NOTES:
# LAST OF SEVERAL OCCURRENCES
COLUMN 17 PEAK WIND IN M.P.H.
PRELIMINARY LOCAL CLIMATOLOGICAL DATA (WS FORM: F-6) , PAGE 2
STATION: VICHY-ROLLA MO
MONTH: DECEMBER
YEAR: 2020
LATITUDE: 38 7 N
LONGITUDE: 91 46 W
[TEMPERATURE DATA] [PRECIPITATION DATA] SYMBOLS USED IN COLUMN 16
AVERAGE MONTHLY: 37.3 TOTAL FOR MONTH: 1.26 1 = FOG OR MIST
DPTR FM NORMAL: 3.6 DPTR FM NORMAL: -1.38 2 = FOG REDUCING VISIBILITY
HIGHEST: 71 ON 10 GRTST 24HR 0.65 ON 11-11 TO 1/4 MILE OR LESS
LOWEST: 8 ON 25 3 = THUNDER
SNOW, ICE PELLETS, HAIL 4 = ICE PELLETS
TOTAL MONTH: M 5 = HAIL
GRTST 24HR M ON M 6 = FREEZING RAIN OR DRIZZLE
GRTST DEPTH: M ON M 7 = DUSTSTORM OR SANDSTORM:
VSBY 1/2 MILE OR LESS
8 = SMOKE OR HAZE
[NO. OF DAYS WITH] [WEATHER - DAYS WITH] 9 = BLOWING SNOW
X = TORNADO
MAX 32 OR BELOW: 4 0.01 INCH OR MORE: 5
MAX 90 OR ABOVE: 0 0.10 INCH OR MORE: 3
MIN 32 OR BELOW: 23 0.50 INCH OR MORE: 1
MIN 0 OR BELOW: 0 1.00 INCH OR MORE: 0
[HDD (BASE 65) ]
TOTAL THIS MO. 850 CLEAR (SCALE 0-3) 16
DPTR FM NORMAL -120 PTCLDY (SCALE 4-7) 11
TOTAL FM JUL 1 1725 CLOUDY (SCALE 8-10) 4
DPTR FM NORMAL -192
[CDD (BASE 65) ]
TOTAL THIS MO. 0
DPTR FM NORMAL 0 [PRESSURE DATA]
TOTAL FM JAN 1 1294 HIGHEST SLP 30.49 ON 29
DPTR FM NORMAL 48 LOWEST SLP 29.56 ON 23
[REMARKS]
#FINAL-12-20#