000
CXUS55 KLBF 011510
CF6VTN
PRELIMINARY LOCAL CLIMATOLOGICAL DATA (WS FORM: F-6)
STATION: VALENTINE
MONTH: FEBRUARY
YEAR: 2022
LATITUDE: 42 52 N
LONGITUDE: 100 33 W
TEMPERATURE IN F: :PCPN: SNOW: WIND :SUNSHINE: SKY :PK WND
================================================================================
1 2 3 4 5 6A 6B 7 8 9 10 11 12 13 14 15 16 17 18
12Z AVG MX 2MIN
DY MAX MIN AVG DEP HDD CDD WTR SNW DPTH SPD SPD DIR MIN PSBL S-S WX SPD DR
================================================================================
1 39 8 24 -1 41 0 0.00 0.0 0 15.7 29 320 M M 0 40 310
2 11 -2 5 -20 60 0 T T 0 6.6 16 10 M M 6 8 21 10
3 30 -3 14 -11 51 0 0.00 0.0 0 10.6 24 200 M M 1 33 190
4 30 9 20 -5 45 0 T T 0 7.4 17 340 M M 5 22 340
5 59 20 40 14 25 0 0.00 0.0 0 10.2 22 320 M M 3 31 340
6 46 29 38 12 27 0 0.00 0.0 0 12.5 28 320 M M 8 44 310
7 62 29 46 20 19 0 0.00 0.0 0 11.0 21 290 M M 2 30 280
8 56 31 44 18 21 0 0.00 0.0 0 15.1 39 320 M M 1 52 320
9 50 24 37 11 28 0 0.00 0.0 0 11.4 26 320 M M 3 35 320
10 63 25 44 18 21 0 T 0.0 0 14.1 32 260 M M 9 12 43 270
11 43 15 29 3 36 0 0.06 0.3 0 16.2 28 350 M M 9 8 40 350
12 40 14 27 0 38 0 T T 0 9.0 22 290 M M 6 30 290
13 60 12 36 9 29 0 0.00 0.0 0 10.0 23 260 M M 5 29 260
14 48 19 34 7 31 0 0.00 0.0 0 9.3 21 160 M M 0 27 150
15 64 29 47 20 18 0 0.00 0.0 0 11.2 23 190 M M 0 33 190
16 31 19 25 -3 40 0 T T 0 13.3 22 10 M M 10 8 32 360
17 43 1 22 -6 43 0 0.00 0.0 0 11.1 23 230 M M 1 28 220
18 56 22 39 11 26 0 0.01 0.3 0 15.2 31 280 M M 7 43 280
19 62 19 41 13 24 0 0.00 0.0 T 15.9 35 220 M M 4 43 220
20 59 23 41 12 24 0 0.00 0.0 0 10.0 21 70 M M 0 26 60
21 23 -6 9 -20 56 0 T T T 19.8 31 360 M M 10 8 41 340
22 1 -11 -5 -34 70 0 0.03 0.4 T 17.8 29 330 M M 0 8 40 350
23 7 -12 -2 -32 67 0 0.00 0.0 T 5.4 13 80 M M 3 16 80
24 13 -9 2 -28 63 0 0.04 1.0 1 4.9 10 150 M M 9 8 12 150
25 31 -11 10 -20 55 0 0.00 0.0 0 6.2 15 290 M M 0 19 270
26 41 3 22 -9 43 0 0.00 0.0 0 9.2 24 270 M M 0 32 260
27 60 12 36 5 29 0 0.00 0.0 0 10.1 20 260 M M 0 26 290
28 67 24 46 15 19 0 0.00 0.0 0 10.6 25 250 M M 0 33 270
================================================================================
SM 1195 333 1049 0 0.14 2.0 319.8 M 102
================================================================================
AV 42.7 11.9 11.4 FASTST M M 4 MAX(MPH)
MISC ----> 39 320 52 320
================================================================================
NOTES:
# LAST OF SEVERAL OCCURRENCES
COLUMN 17 PEAK WIND IN M.P.H.
PRELIMINARY LOCAL CLIMATOLOGICAL DATA (WS FORM: F-6) , PAGE 2
STATION: VALENTINE
MONTH: FEBRUARY
YEAR: 2022
LATITUDE: 42 52 N
LONGITUDE: 100 33 W
[TEMPERATURE DATA] [PRECIPITATION DATA] SYMBOLS USED IN COLUMN 16
AVERAGE MONTHLY: 27.3 TOTAL FOR MONTH: 0.14 1 = FOG OR MIST
DPTR FM NORMAL: -0.3 DPTR FM NORMAL: -0.47 2 = FOG REDUCING VISIBILITY
HIGHEST: 67 ON 28 GRTST 24HR 0.06 ON 10-11 TO 1/4 MILE OR LESS
LOWEST: -12 ON 23 3 = THUNDER
SNOW, ICE PELLETS, HAIL 4 = ICE PELLETS
TOTAL MONTH: 2.0 INCHES 5 = HAIL
GRTST 24HR 1.0 ON 24-24 6 = FREEZING RAIN OR DRIZZLE
GRTST DEPTH: 1 ON 24 7 = DUSTSTORM OR SANDSTORM:
VSBY 1/2 MILE OR LESS
8 = SMOKE OR HAZE
[NO. OF DAYS WITH] [WEATHER - DAYS WITH] 9 = BLOWING SNOW
X = TORNADO
MAX 32 OR BELOW: 9 0.01 INCH OR MORE: 4
MAX 90 OR ABOVE: 0 0.10 INCH OR MORE: 0
MIN 32 OR BELOW: 28 0.50 INCH OR MORE: 0
MIN 0 OR BELOW: 7 1.00 INCH OR MORE: 0
[HDD (BASE 65) ]
TOTAL THIS MO. 1049 CLEAR (SCALE 0-3) 16
DPTR FM NORMAL 1 PTCLDY (SCALE 4-7) 7
TOTAL FM JUL 1 4264 CLOUDY (SCALE 8-10) 5
DPTR FM NORMAL -743
[CDD (BASE 65) ]
TOTAL THIS MO. 0
DPTR FM NORMAL 0 [PRESSURE DATA]
TOTAL FM JAN 1 0 HIGHEST SLP 33.85 ON 23
DPTR FM NORMAL 0 LOWEST SLP 29.54 ON 15
[REMARKS]
#FINAL-02-22#