000
CXUS53 KLBF 011510
CF6VTN
PRELIMINARY LOCAL CLIMATOLOGICAL DATA (WS FORM: F-6)
STATION: VALENTINE
MONTH: JANUARY
YEAR: 2024
LATITUDE: 42 52 N
LONGITUDE: 100 33 W
TEMPERATURE IN F: :PCPN: SNOW: WIND :SUNSHINE: SKY :PK WND
================================================================================
1 2 3 4 5 6A 6B 7 8 9 10 11 12 13 14 15 16 17 18
12Z AVG MX 2MIN
DY MAX MIN AVG DEP HDD CDD WTR SNW DPTH SPD SPD DIR MIN PSBL S-S WX SPD DR
================================================================================
1 43 9 26 2 39 0 0.00 0.0 3 4.8 12 300 M M 0 16 310
2 39 18 29 5 36 0 0.00 0.0 2 5.7 13 330 M M 0 16 330
3 24 13 19 -5 46 0 0.00 0.0 2 7.0 13 140 M M 5 1 16 330
4 33 19 26 2 39 0 T T 2 10.4 20 190 M M 10 1 25 190
5 39 31 35 11 30 0 0.04 0.5 2 7.7 15 190 M M 10 18 19 190
6 34 4 19 -5 46 0 0.01 T 3 11.4 26 340 M M 7 1 35 340
7 28 1 15 -9 50 0 0.02 0.3 2 5.7 14 80 M M 2 1 18 90
8 23 14 19 -5 46 0 0.01 0.2 3 15.4 25 340 M M 10 18 38 340
9 32 0 16 -8 49 0 T T 3 6.5 18 340 M M 4 18 26 330
10 37 16 27 3 38 0 0.07 0.8 2 8.1 21 320 M M 6 18 30 320
11 16 2 9 -15 56 0 0.20 1.8 3 11.8 23 360 M M 10 18 29 360
12 2 -9 -3 -27 68 0 0.08 0.7 5 14.4 25 340 M M 8 18 36 340
13 -9 -20 -14 -38 79 0 T 0.3 6 18.5 31 320 M M 5 8 46 330
14 -7 -23 -15 -39 80 0 0.00 0.0 6 9.1 16 270 M M 1 21 300
15 -3 -15 -9 -33 74 0 0.00 0.0 5 13.2 26 300 M M 4 8 36 330
16 20 -18 1 -23 64 0 0.00 0.0 5 8.8 16 270 M M 2 20 270
17 28 4 16 -8 49 0 T T 4 4.6 12 230 M M 8 8 14 230
18 19 -3 8 -16 57 0 0.05 1.6 4 15.4 31 350 M M 6 1289 43 360
19 9 -16 -3 -27 68 0 0.00 0.0 5 8.7 24 320 M M 0 8 37 320
20 17 -19 -1 -25 66 0 0.00 0.0 5 12.1 28 200 M M 0 38 190
21 41 16 29 5 36 0 0.00 0.0 5 13.4 29 200 M M 0 37 200
22 41 15 28 3 37 0 0.00 0.0 4 5.0 13 60 M M 0 1 14 60
23 32 12 22 -3 43 0 0.00 0.0 3 5.9 17 190 M M 7 128 22 180
24 46 17 32 7 33 0 0.00 0.0 3 5.1 13 230 M M 2 1 15 220
25 48 23 36 11 29 0 0.00 0.0 3 3.5 9 220 M M 1 1 12 220
26 47 18 33 8 32 0 0.00 0.0 2 5.7 12 290 M M 1 1 15 300
27 49 20 35 10 30 0 0.00 0.0 T 4.4 9 260 M M 0 11 250
28 53 20 37 12 28 0 0.00 0.0 T 6.3 14 280 M M 0 19 300
29 56 30 43 18 22 0 0.00 0.0 T 7.7 16 320 M M 0 24 320
30 59 27 43 18 22 0 0.00 0.0 0 6.0 12 220 M M 0 13 220
31 64 29 47 22 18 0 0.00 0.0 0 6.8 13 220 M M 0 16 220
================================================================================
SM 960 235 1410 0 0.48 6.2 269.1 M 109
================================================================================
AV 31.0 7.6 8.7 FASTST M M 4 MAX(MPH)
MISC ----> # 31 320 46 330
================================================================================
NOTES:
# LAST OF SEVERAL OCCURRENCES
COLUMN 17 PEAK WIND IN M.P.H.
PRELIMINARY LOCAL CLIMATOLOGICAL DATA (WS FORM: F-6) , PAGE 2
STATION: VALENTINE
MONTH: JANUARY
YEAR: 2024
LATITUDE: 42 52 N
LONGITUDE: 100 33 W
[TEMPERATURE DATA] [PRECIPITATION DATA] SYMBOLS USED IN COLUMN 16
AVERAGE MONTHLY: 19.3 TOTAL FOR MONTH: 0.48 1 = FOG OR MIST
DPTR FM NORMAL: -5.2 DPTR FM NORMAL: 0.16 2 = FOG REDUCING VISIBILITY
HIGHEST: 64 ON 31 GRTST 24HR 0.20 ON 11-11 TO 1/4 MILE OR LESS
LOWEST: -23 ON 14 3 = THUNDER
SNOW, ICE PELLETS, HAIL 4 = ICE PELLETS
TOTAL MONTH: 6.2 INCHES 5 = HAIL
GRTST 24HR 1.8 ON 11-11 6 = FREEZING RAIN OR DRIZZLE
GRTST DEPTH: 6 ON 14,13 7 = DUSTSTORM OR SANDSTORM:
VSBY 1/2 MILE OR LESS
8 = SMOKE OR HAZE
[NO. OF DAYS WITH] [WEATHER - DAYS WITH] 9 = BLOWING SNOW
X = TORNADO
MAX 32 OR BELOW: 15 0.01 INCH OR MORE: 8
MAX 90 OR ABOVE: 0 0.10 INCH OR MORE: 1
MIN 32 OR BELOW: 31 0.50 INCH OR MORE: 0
MIN 0 OR BELOW: 9 1.00 INCH OR MORE: 0
[HDD (BASE 65) ]
TOTAL THIS MO. 1410 CLEAR (SCALE 0-3) 17
DPTR FM NORMAL 155 PTCLDY (SCALE 4-7) 10
TOTAL FM JUL 1 3777 CLOUDY (SCALE 8-10) 4
DPTR FM NORMAL -181
[CDD (BASE 65) ]
TOTAL THIS MO. 0
DPTR FM NORMAL 0 [PRESSURE DATA]
TOTAL FM JAN 1 0 HIGHEST SLP 33.76 ON 19
DPTR FM NORMAL 0 LOWEST SLP 29.38 ON 10
[REMARKS]
#FINAL-01-24#