000
CXUS56 KPQR 011201
CF6VUO
PRELIMINARY LOCAL CLIMATOLOGICAL DATA (WS FORM: F-6)
STATION: VANCOUVER WA
MONTH: MAY
YEAR: 2023
LATITUDE: 45 37 N
LONGITUDE: 122 39 W
TEMPERATURE IN F: :PCPN: SNOW: WIND :SUNSHINE: SKY :PK WND
================================================================================
1 2 3 4 5 6A 6B 7 8 9 10 11 12 13 14 15 16 17 18
12Z AVG MX 2MIN
DY MAX MIN AVG DEP HDD CDD WTR SNW DPTH SPD SPD DIR MIN PSBL S-S WX SPD DR
================================================================================
1 59 52 56 1 9 0 0.00 M M 3.9 14 20 M M M 10 310
2 67 52 60 5 5 0 0.00 M M 2.9 9 150 M M M 12 150
3 73 45 59 3 6 0 T M M 4.2 13 260 M M M 16 260
4 55 50 53 -3 12 0 0.49 M M 2.9 9 260 M M M 3 13 170
5 59 50 55 -1 10 0 0.09 M M 2.5 8 210 M M M 11 160
6 64 51 58 2 7 0 0.14 M M 2.6 15 300 M M M 18 280
7 65 50 58 2 7 0 0.00 M M 3.2 12 320 M M M 18 320
8 66 42 54 -3 11 0 0.22 M M 3.3 12 260 M M M 14 240
9 67 42 55 -2 10 0 0.00 M M 4.2 10 300 M M M 14 270
10 75 43 59 2 6 0 0.00 M M 4.3 12 330 M M M 17 300
11 77 49 63 6 2 0 0.00 M M 3.0 10 250 M M M 16 310
12 90 50 70 12 0 5 0.00 M M 4.2 12 280 M M M 16 80
13 93 51 72 14 0 7 0.00 M M 5.9 22 100 M M M 30 80
14 91 58 75 17 0 10 0.00 M M 7.6 24 80 M M M 38 80
15 92 59 76 18 0 11 M M M M M M M M M M M
16 84 58 71 13 0 6 0.00 M M M M M M M M M M
17 91 59 75 16 0 10 0.00 M M M 10 290 M M M 13 320
18 83 58 71 12 0 6 0.00 M M 4.8 13 320 M M 0 18 340
19 82 57 70 11 0 5 0.00 M M 6.5 15 300 M M 2 22 300
20 81 57 69 10 0 4 0.00 M M 6.6 16 300 M M 2 22 310
21 65 50 58 -1 7 0 0.00 M M 7.2 17 310 M M 7 24 310
22 65 50 58 -2 7 0 0.00 M M 6.0 15 310 M M 8 21 310
23 66 43 55 -5 10 0 0.00 M M 3.1 14 290 M M 5 23 360
24 74 46 60 0 5 0 0.00 M M 6.5 17 300 M M 3 24 300
25 82 53 68 8 0 3 0.00 M M 6.0 15 310 M M 0 21 290
26 85 54 70 10 0 5 0.00 M M 5.4 16 300 M M 1 23 310
27 74 53 64 4 1 0 0.00 M M 5.3 15 300 M M 4 19 290
28 72 50 61 1 4 0 0.00 M M 5.7 12 320 M M 3 19 310
29 78 51 65 5 0 0 0.00 M M 6.4 13 320 M M 2 19 310
30 68 50 59 -2 6 0 0.00 M M 7.2 15 300 M M 2 21 290
31 65 45 55 -6 10 0 0.00 M M 5.3 13 310 M M 5 19 320
================================================================================
SM 2308 1578 135 72 0.94 M 136.7 M 44
================================================================================
AV 74.5 50.9 4.9 FASTST M M 3 MAX(MPH)
MISC ----> 24 80 38 80
================================================================================
NOTES:
# LAST OF SEVERAL OCCURRENCES
COLUMN 17 PEAK WIND IN M.P.H.
PRELIMINARY LOCAL CLIMATOLOGICAL DATA (WS FORM: F-6) , PAGE 2
STATION: VANCOUVER WA
MONTH: MAY
YEAR: 2023
LATITUDE: 45 37 N
LONGITUDE: 122 39 W
[TEMPERATURE DATA] [PRECIPITATION DATA] SYMBOLS USED IN COLUMN 16
AVERAGE MONTHLY: 62.7 TOTAL FOR MONTH: 0.94 1 = FOG OR MIST
DPTR FM NORMAL: 4.4 DPTR FM NORMAL: -1.57 2 = FOG REDUCING VISIBILITY
HIGHEST: 93 ON 13 GRTST 24HR 0.49 ON 4- 4 TO 1/4 MILE OR LESS
LOWEST: 42 ON 9, 8 3 = THUNDER
SNOW, ICE PELLETS, HAIL 4 = ICE PELLETS
TOTAL MONTH: M 5 = HAIL
GRTST 24HR M ON M 6 = FREEZING RAIN OR DRIZZLE
GRTST DEPTH: M ON M 7 = DUSTSTORM OR SANDSTORM:
VSBY 1/2 MILE OR LESS
8 = SMOKE OR HAZE
[NO. OF DAYS WITH] [WEATHER - DAYS WITH] 9 = BLOWING SNOW
X = TORNADO
MAX 32 OR BELOW: 0 0.01 INCH OR MORE: 4
MAX 90 OR ABOVE: 5 0.10 INCH OR MORE: 3
MIN 32 OR BELOW: 0 0.50 INCH OR MORE: 0
MIN 0 OR BELOW: 0 1.00 INCH OR MORE: 0
[HDD (BASE 65) ]
TOTAL THIS MO. 135 CLEAR (SCALE 0-3) 9
DPTR FM NORMAL -88 PTCLDY (SCALE 4-7) 5
TOTAL FM JUL 1 4283 CLOUDY (SCALE 8-10) 17
DPTR FM NORMAL -22
[CDD (BASE 65) ]
TOTAL THIS MO. 72
DPTR FM NORMAL 58 [PRESSURE DATA]
TOTAL FM JAN 1 80 HIGHEST SLP 30.28 ON 22
DPTR FM NORMAL 65 LOWEST SLP 29.72 ON 3
[REMARKS]
#FINAL-05-23#